74.7.242.19 - - [17/Mar/2026:12:20:57 -0600] "GET /316?p=Ahome1Aimmorth6Amail HTTP/1.1" 200 5729 "https://www.event.acesolutions-ksa.com/316?p=Ahome1Aimmorth6" "Mozilla/5.0 AppleWebKit/537.36 (KHTML, like Gecko; compatible; GPTBot/1.3; +https://openai.com/gptbot)" www.event.acesolutions-ksa.com 74.220.219.162
74.7.242.19 - - [17/Mar/2026:12:20:57 -0600] "GET /316?p=Ahome1Aimmorth6Amail HTTP/2.0" 200 5729 "https://www.event.acesolutions-ksa.com/316?p=Ahome1Aimmorth6" "Mozilla/5.0 AppleWebKit/537.36 (KHTML, like Gecko; compatible; GPTBot/1.3; +https://openai.com/gptbot)" www.event.acesolutions-ksa.com 74.220.219.162
74.7.242.19 - - [17/Mar/2026:12:21:08 -0600] "GET /299?p=Ahome1Aimmorth6Amail HTTP/1.1" 200 5729 "https://www.event.acesolutions-ksa.com/299?p=Ahome1Aimmorth6" "Mozilla/5.0 AppleWebKit/537.36 (KHTML, like Gecko; compatible; GPTBot/1.3; +https://openai.com/gptbot)" www.event.acesolutions-ksa.com 74.220.219.162
74.7.242.19 - - [17/Mar/2026:12:21:08 -0600] "GET /299?p=Ahome1Aimmorth6Amail HTTP/2.0" 200 5729 "https://www.event.acesolutions-ksa.com/299?p=Ahome1Aimmorth6" "Mozilla/5.0 AppleWebKit/537.36 (KHTML, like Gecko; compatible; GPTBot/1.3; +https://openai.com/gptbot)" www.event.acesolutions-ksa.com 74.220.219.162
74.7.242.19 - - [17/Mar/2026:12:21:18 -0600] "GET /649?p=Ahome1Aimmorth6Amail HTTP/1.1" 200 5729 "https://www.event.acesolutions-ksa.com/649?p=Ahome1Aimmorth6" "Mozilla/5.0 AppleWebKit/537.36 (KHTML, like Gecko; compatible; GPTBot/1.3; +https://openai.com/gptbot)" www.event.acesolutions-ksa.com 74.220.219.162
74.7.242.19 - - [17/Mar/2026:12:21:18 -0600] "GET /649?p=Ahome1Aimmorth6Amail HTTP/2.0" 200 5729 "https://www.event.acesolutions-ksa.com/649?p=Ahome1Aimmorth6" "Mozilla/5.0 AppleWebKit/537.36 (KHTML, like Gecko; compatible; GPTBot/1.3; +https://openai.com/gptbot)" www.event.acesolutions-ksa.com 74.220.219.162
74.7.242.19 - - [17/Mar/2026:12:21:28 -0600] "GET /299?p=Ahome1Aimmorth6Alogs HTTP/1.1" 200 1223 "https://www.event.acesolutions-ksa.com/299?p=Ahome1Aimmorth6" "Mozilla/5.0 AppleWebKit/537.36 (KHTML, like Gecko; compatible; GPTBot/1.3; +https://openai.com/gptbot)" www.event.acesolutions-ksa.com 74.220.219.162
74.7.242.19 - - [17/Mar/2026:12:21:28 -0600] "GET /299?p=Ahome1Aimmorth6Alogs HTTP/2.0" 200 1223 "https://www.event.acesolutions-ksa.com/299?p=Ahome1Aimmorth6" "Mozilla/5.0 AppleWebKit/537.36 (KHTML, like Gecko; compatible; GPTBot/1.3; +https://openai.com/gptbot)" www.event.acesolutions-ksa.com 74.220.219.162
74.7.227.146 - - [17/Mar/2026:12:21:38 -0600] "GET /267/wp-blog-header.php HTTP/2.0" 409 83 "https://event.acesolutions-ksa.com/267/mail_ohcc_sa_cfbc1_7a1ab_1767328272_116fee33b140580a137a09a2b6398fdd.crt?p=Ahome1Aimmorth6Apublic_htmlAwebsite_efd5428f" "Mozilla/5.0 AppleWebKit/537.36 (KHTML, like Gecko; compatible; GPTBot/1.3; +https://openai.com/gptbot)" event.acesolutions-ksa.com 74.220.219.162
74.220.219.162 - - [17/Mar/2026:12:21:39 -0600] "POST /wp-cron.php?doing_wp_cron=1773771699.1979110240936279296875 HTTP/2.0" 200 - "-" "WordPress/6.9; https://event.acesolutions-ksa.com" event.acesolutions-ksa.com 74.220.219.162
74.7.242.19 - - [17/Mar/2026:12:21:38 -0600] "GET /299?p=Ahome1Aimmorth6AIpki HTTP/1.1" 200 1165 "https://www.event.acesolutions-ksa.com/299?p=Ahome1Aimmorth6" "Mozilla/5.0 AppleWebKit/537.36 (KHTML, like Gecko; compatible; GPTBot/1.3; +https://openai.com/gptbot)" www.event.acesolutions-ksa.com 74.220.219.162
74.7.242.19 - - [17/Mar/2026:12:21:38 -0600] "GET /299?p=Ahome1Aimmorth6AIpki HTTP/2.0" 200 1165 "https://www.event.acesolutions-ksa.com/299?p=Ahome1Aimmorth6" "Mozilla/5.0 AppleWebKit/537.36 (KHTML, like Gecko; compatible; GPTBot/1.3; +https://openai.com/gptbot)" www.event.acesolutions-ksa.com 74.220.219.162
74.7.242.19 - - [17/Mar/2026:12:21:49 -0600] "GET /649?p=Ahome1Aimmorth6AIpki HTTP/1.1" 200 1165 "https://www.event.acesolutions-ksa.com/649?p=Ahome1Aimmorth6" "Mozilla/5.0 AppleWebKit/537.36 (KHTML, like Gecko; compatible; GPTBot/1.3; +https://openai.com/gptbot)" www.event.acesolutions-ksa.com 74.220.219.162
74.7.242.19 - - [17/Mar/2026:12:21:49 -0600] "GET /649?p=Ahome1Aimmorth6AIpki HTTP/2.0" 200 1165 "https://www.event.acesolutions-ksa.com/649?p=Ahome1Aimmorth6" "Mozilla/5.0 AppleWebKit/537.36 (KHTML, like Gecko; compatible; GPTBot/1.3; +https://openai.com/gptbot)" www.event.acesolutions-ksa.com 74.220.219.162
74.7.242.19 - - [17/Mar/2026:12:22:00 -0600] "GET /390?p=Ahome1Aimmorth6AmailAImarketing%40tajra_store HTTP/1.1" 200 3194 "https://www.event.acesolutions-ksa.com/390?p=Ahome1Aimmorth6Amail" "Mozilla/5.0 AppleWebKit/537.36 (KHTML, like Gecko; compatible; GPTBot/1.3; +https://openai.com/gptbot)" www.event.acesolutions-ksa.com 74.220.219.162
74.7.242.19 - - [17/Mar/2026:12:22:00 -0600] "GET /390?p=Ahome1Aimmorth6AmailAImarketing%40tajra_store HTTP/2.0" 200 3194 "https://www.event.acesolutions-ksa.com/390?p=Ahome1Aimmorth6Amail" "Mozilla/5.0 AppleWebKit/537.36 (KHTML, like Gecko; compatible; GPTBot/1.3; +https://openai.com/gptbot)" www.event.acesolutions-ksa.com 74.220.219.162
74.7.227.146 - - [17/Mar/2026:12:22:09 -0600] "GET /ar/267/www_ohcc_sa_ea892_fc21f_1767414711_f3c92eb427cb0385a30b53a83e5acc3f.crt/endurance-page-cache.php HTTP/2.0" 409 83 "https://event.acesolutions-ksa.com/ar/267/www_ohcc_sa_ea892_fc21f_1767414711_f3c92eb427cb0385a30b53a83e5acc3f.crt/" "Mozilla/5.0 AppleWebKit/537.36 (KHTML, like Gecko; compatible; GPTBot/1.3; +https://openai.com/gptbot)" event.acesolutions-ksa.com 74.220.219.162
74.7.242.19 - - [17/Mar/2026:12:22:11 -0600] "GET /390?p=Ahome1Aimmorth6AmailAimmortal-techInet HTTP/1.1" 200 1598 "https://www.event.acesolutions-ksa.com/390?p=Ahome1Aimmorth6Amail" "Mozilla/5.0 AppleWebKit/537.36 (KHTML, like Gecko; compatible; GPTBot/1.3; +https://openai.com/gptbot)" www.event.acesolutions-ksa.com 74.220.219.162
74.7.242.19 - - [17/Mar/2026:12:22:11 -0600] "GET /390?p=Ahome1Aimmorth6AmailAimmortal-techInet HTTP/2.0" 200 1598 "https://www.event.acesolutions-ksa.com/390?p=Ahome1Aimmorth6Amail" "Mozilla/5.0 AppleWebKit/537.36 (KHTML, like Gecko; compatible; GPTBot/1.3; +https://openai.com/gptbot)" www.event.acesolutions-ksa.com 74.220.219.162
74.7.242.19 - - [17/Mar/2026:12:22:21 -0600] "GET /390?p=Ahome1Aimmorth6AmailAtmp HTTP/1.1" 200 910 "https://www.event.acesolutions-ksa.com/390?p=Ahome1Aimmorth6Amail" "Mozilla/5.0 AppleWebKit/537.36 (KHTML, like Gecko; compatible; GPTBot/1.3; +https://openai.com/gptbot)" www.event.acesolutions-ksa.com 74.220.219.162
74.7.242.19 - - [17/Mar/2026:12:22:21 -0600] "GET /390?p=Ahome1Aimmorth6AmailAtmp HTTP/2.0" 200 910 "https://www.event.acesolutions-ksa.com/390?p=Ahome1Aimmorth6Amail" "Mozilla/5.0 AppleWebKit/537.36 (KHTML, like Gecko; compatible; GPTBot/1.3; +https://openai.com/gptbot)" www.event.acesolutions-ksa.com 74.220.219.162
74.7.242.19 - - [17/Mar/2026:12:22:32 -0600] "GET /390?p=Ahome1Aimmorth6AmailAnew HTTP/1.1" 200 3863422 "https://www.event.acesolutions-ksa.com/390?p=Ahome1Aimmorth6Amail" "Mozilla/5.0 AppleWebKit/537.36 (KHTML, like Gecko; compatible; GPTBot/1.3; +https://openai.com/gptbot)" www.event.acesolutions-ksa.com 74.220.219.162
74.7.242.19 - - [17/Mar/2026:12:22:32 -0600] "GET /390?p=Ahome1Aimmorth6AmailAnew HTTP/2.0" 200 3863422 "https://www.event.acesolutions-ksa.com/390?p=Ahome1Aimmorth6Amail" "Mozilla/5.0 AppleWebKit/537.36 (KHTML, like Gecko; compatible; GPTBot/1.3; +https://openai.com/gptbot)" www.event.acesolutions-ksa.com 74.220.219.162
74.7.242.19 - - [17/Mar/2026:12:22:43 -0600] "GET /390?p=Ahome1Aimmorth6AmailAcur HTTP/1.1" 200 318069 "https://www.event.acesolutions-ksa.com/390?p=Ahome1Aimmorth6Amail" "Mozilla/5.0 AppleWebKit/537.36 (KHTML, like Gecko; compatible; GPTBot/1.3; +https://openai.com/gptbot)" www.event.acesolutions-ksa.com 74.220.219.162
74.7.242.19 - - [17/Mar/2026:12:22:43 -0600] "GET /390?p=Ahome1Aimmorth6AmailAcur HTTP/2.0" 200 318069 "https://www.event.acesolutions-ksa.com/390?p=Ahome1Aimmorth6Amail" "Mozilla/5.0 AppleWebKit/537.36 (KHTML, like Gecko; compatible; GPTBot/1.3; +https://openai.com/gptbot)" www.event.acesolutions-ksa.com 74.220.219.162
74.7.242.19 - - [17/Mar/2026:12:22:53 -0600] "GET /316?p=Ahome1Aimmorth6AmailAIkhaled%40luqta-app_com HTTP/1.1" 200 3297 "https://www.event.acesolutions-ksa.com/316?p=Ahome1Aimmorth6Amail" "Mozilla/5.0 AppleWebKit/537.36 (KHTML, like Gecko; compatible; GPTBot/1.3; +https://openai.com/gptbot)" www.event.acesolutions-ksa.com 74.220.219.162
74.7.242.19 - - [17/Mar/2026:12:22:53 -0600] "GET /316?p=Ahome1Aimmorth6AmailAIkhaled%40luqta-app_com HTTP/2.0" 200 3297 "https://www.event.acesolutions-ksa.com/316?p=Ahome1Aimmorth6Amail" "Mozilla/5.0 AppleWebKit/537.36 (KHTML, like Gecko; compatible; GPTBot/1.3; +https://openai.com/gptbot)" www.event.acesolutions-ksa.com 74.220.219.162
74.7.242.19 - - [17/Mar/2026:12:23:04 -0600] "GET /299?p=Ahome1Aimmorth6AmailAcur HTTP/1.1" 200 318069 "https://www.event.acesolutions-ksa.com/299?p=Ahome1Aimmorth6Amail" "Mozilla/5.0 AppleWebKit/537.36 (KHTML, like Gecko; compatible; GPTBot/1.3; +https://openai.com/gptbot)" www.event.acesolutions-ksa.com 74.220.219.162
74.7.242.19 - - [17/Mar/2026:12:23:04 -0600] "GET /299?p=Ahome1Aimmorth6AmailAcur HTTP/2.0" 200 318069 "https://www.event.acesolutions-ksa.com/299?p=Ahome1Aimmorth6Amail" "Mozilla/5.0 AppleWebKit/537.36 (KHTML, like Gecko; compatible; GPTBot/1.3; +https://openai.com/gptbot)" www.event.acesolutions-ksa.com 74.220.219.162
74.7.227.146 - - [17/Mar/2026:12:23:08 -0600] "GET /ar/267/www_test_ovochi_com_aca41_c576f_1773034327_8d7ff1fcd26cf304b6ea66e4144d3223.crt/endurance-page-cache.php HTTP/2.0" 409 83 "https://event.acesolutions-ksa.com/ar/267/www_test_ovochi_com_aca41_c576f_1773034327_8d7ff1fcd26cf304b6ea66e4144d3223.crt/" "Mozilla/5.0 AppleWebKit/537.36 (KHTML, like Gecko; compatible; GPTBot/1.3; +https://openai.com/gptbot)" event.acesolutions-ksa.com 74.220.219.162
74.7.242.19 - - [17/Mar/2026:12:23:14 -0600] "GET /649?edit=dovecot-uidvalidity&p=Ahome1Aimmorth6Amail HTTP/1.1" 200 704 "https://www.event.acesolutions-ksa.com/649?p=Ahome1Aimmorth6Amail" "Mozilla/5.0 AppleWebKit/537.36 (KHTML, like Gecko; compatible; GPTBot/1.3; +https://openai.com/gptbot)" www.event.acesolutions-ksa.com 74.220.219.162
74.7.242.19 - - [17/Mar/2026:12:23:14 -0600] "GET /649?edit=dovecot-uidvalidity&p=Ahome1Aimmorth6Amail HTTP/2.0" 200 704 "https://www.event.acesolutions-ksa.com/649?p=Ahome1Aimmorth6Amail" "Mozilla/5.0 AppleWebKit/537.36 (KHTML, like Gecko; compatible; GPTBot/1.3; +https://openai.com/gptbot)" www.event.acesolutions-ksa.com 74.220.219.162
74.7.242.19 - - [17/Mar/2026:12:23:25 -0600] "GET /649?edit=dovecot.index.log&p=Ahome1Aimmorth6Amail HTTP/2.0" 200 1063 "https://www.event.acesolutions-ksa.com/649?p=Ahome1Aimmorth6Amail" "Mozilla/5.0 AppleWebKit/537.36 (KHTML, like Gecko; compatible; GPTBot/1.3; +https://openai.com/gptbot)" www.event.acesolutions-ksa.com 74.220.219.162
74.7.242.19 - - [17/Mar/2026:12:23:36 -0600] "GET /299?p=Ahome1Aimmorth6AmailAtmp HTTP/1.1" 200 910 "https://www.event.acesolutions-ksa.com/299?p=Ahome1Aimmorth6Amail" "Mozilla/5.0 AppleWebKit/537.36 (KHTML, like Gecko; compatible; GPTBot/1.3; +https://openai.com/gptbot)" www.event.acesolutions-ksa.com 74.220.219.162
74.7.242.19 - - [17/Mar/2026:12:23:36 -0600] "GET /299?p=Ahome1Aimmorth6AmailAtmp HTTP/2.0" 200 910 "https://www.event.acesolutions-ksa.com/299?p=Ahome1Aimmorth6Amail" "Mozilla/5.0 AppleWebKit/537.36 (KHTML, like Gecko; compatible; GPTBot/1.3; +https://openai.com/gptbot)" www.event.acesolutions-ksa.com 74.220.219.162
74.220.219.162 - - [17/Mar/2026:12:23:47 -0600] "POST /wp-cron.php?doing_wp_cron=1773771827.6843659877777099609375 HTTP/2.0" 200 - "-" "WordPress/6.9; https://event.acesolutions-ksa.com" event.acesolutions-ksa.com 74.220.219.162
74.7.242.19 - - [17/Mar/2026:12:23:47 -0600] "GET /316?p=Ahome1Aimmorth6AmailAtmp HTTP/1.1" 200 910 "https://www.event.acesolutions-ksa.com/316?p=Ahome1Aimmorth6Amail" "Mozilla/5.0 AppleWebKit/537.36 (KHTML, like Gecko; compatible; GPTBot/1.3; +https://openai.com/gptbot)" www.event.acesolutions-ksa.com 74.220.219.162
74.7.242.19 - - [17/Mar/2026:12:23:47 -0600] "GET /316?p=Ahome1Aimmorth6AmailAtmp HTTP/2.0" 200 910 "https://www.event.acesolutions-ksa.com/316?p=Ahome1Aimmorth6Amail" "Mozilla/5.0 AppleWebKit/537.36 (KHTML, like Gecko; compatible; GPTBot/1.3; +https://openai.com/gptbot)" www.event.acesolutions-ksa.com 74.220.219.162
74.7.242.19 - - [17/Mar/2026:12:23:57 -0600] "GET /dovecot-uidvalidity.69903e81 HTTP/1.1" 200 1635 "https://www.event.acesolutions-ksa.com/390?p=Ahome1Aimmorth6AmailAImarketing%40tajra_store" "Mozilla/5.0 AppleWebKit/537.36 (KHTML, like Gecko; compatible; GPTBot/1.3; +https://openai.com/gptbot)" www.event.acesolutions-ksa.com 74.220.219.162
74.7.242.19 - - [17/Mar/2026:12:23:57 -0600] "GET /dovecot-uidvalidity.69903e81 HTTP/2.0" 200 1635 "https://www.event.acesolutions-ksa.com/390?p=Ahome1Aimmorth6AmailAImarketing%40tajra_store" "Mozilla/5.0 AppleWebKit/537.36 (KHTML, like Gecko; compatible; GPTBot/1.3; +https://openai.com/gptbot)" www.event.acesolutions-ksa.com 74.220.219.162
74.7.242.19 - - [17/Mar/2026:12:24:08 -0600] "GET /316?p=Ahome1Aimmorth6AmailAnew HTTP/1.1" 200 3863422 "https://www.event.acesolutions-ksa.com/316?p=Ahome1Aimmorth6Amail" "Mozilla/5.0 AppleWebKit/537.36 (KHTML, like Gecko; compatible; GPTBot/1.3; +https://openai.com/gptbot)" www.event.acesolutions-ksa.com 74.220.219.162
74.7.242.19 - - [17/Mar/2026:12:24:07 -0600] "GET /316?p=Ahome1Aimmorth6AmailAnew HTTP/2.0" 200 3863422 "https://www.event.acesolutions-ksa.com/316?p=Ahome1Aimmorth6Amail" "Mozilla/5.0 AppleWebKit/537.36 (KHTML, like Gecko; compatible; GPTBot/1.3; +https://openai.com/gptbot)" www.event.acesolutions-ksa.com 74.220.219.162
216.73.216.97 - - [17/Mar/2026:12:24:10 -0600] "GET /robots.txt HTTP/1.1" 200 66 "-" "Mozilla/5.0 AppleWebKit/537.36 (KHTML, like Gecko; compatible; ClaudeBot/1.0; +claudebot@anthropic.com)" www.event.acesolutions-ksa.com 74.220.219.162
216.73.216.97 - - [17/Mar/2026:12:24:10 -0600] "GET /robots.txt HTTP/2.0" 200 66 "-" "Mozilla/5.0 AppleWebKit/537.36 (KHTML, like Gecko; compatible; ClaudeBot/1.0; +claudebot@anthropic.com)" www.event.acesolutions-ksa.com 74.220.219.162
74.7.242.19 - - [17/Mar/2026:12:24:18 -0600] "GET /649?p=Ahome1Aimmorth6AmailAcur HTTP/1.1" 200 318069 "https://www.event.acesolutions-ksa.com/649?p=Ahome1Aimmorth6Amail" "Mozilla/5.0 AppleWebKit/537.36 (KHTML, like Gecko; compatible; GPTBot/1.3; +https://openai.com/gptbot)" www.event.acesolutions-ksa.com 74.220.219.162
74.7.242.19 - - [17/Mar/2026:12:24:18 -0600] "GET /649?p=Ahome1Aimmorth6AmailAcur HTTP/2.0" 200 318069 "https://www.event.acesolutions-ksa.com/649?p=Ahome1Aimmorth6Amail" "Mozilla/5.0 AppleWebKit/537.36 (KHTML, like Gecko; compatible; GPTBot/1.3; +https://openai.com/gptbot)" www.event.acesolutions-ksa.com 74.220.219.162
74.7.227.146 - - [17/Mar/2026:12:24:18 -0600] "GET /267/.htaccess.nfd-backup HTTP/2.0" 200 54287 "https://event.acesolutions-ksa.com/267/mail_ohcc_sa_cfbc1_7a1ab_1767328272_116fee33b140580a137a09a2b6398fdd.crt?p=Ahome1Aimmorth6Apublic_htmlAwebsite_efd5428f" "Mozilla/5.0 AppleWebKit/537.36 (KHTML, like Gecko; compatible; GPTBot/1.3; +https://openai.com/gptbot)" event.acesolutions-ksa.com 74.220.219.162
74.7.242.19 - - [17/Mar/2026:12:24:28 -0600] "GET /649?p=Ahome1Aimmorth6AmailAnew HTTP/1.1" 200 3863422 "https://www.event.acesolutions-ksa.com/649?p=Ahome1Aimmorth6Amail" "Mozilla/5.0 AppleWebKit/537.36 (KHTML, like Gecko; compatible; GPTBot/1.3; +https://openai.com/gptbot)" www.event.acesolutions-ksa.com 74.220.219.162
74.7.242.19 - - [17/Mar/2026:12:24:28 -0600] "GET /649?p=Ahome1Aimmorth6AmailAnew HTTP/2.0" 200 3863422 "https://www.event.acesolutions-ksa.com/649?p=Ahome1Aimmorth6Amail" "Mozilla/5.0 AppleWebKit/537.36 (KHTML, like Gecko; compatible; GPTBot/1.3; +https://openai.com/gptbot)" www.event.acesolutions-ksa.com 74.220.219.162
74.7.242.19 - - [17/Mar/2026:12:24:39 -0600] "GET /390?edit=1773025968.M55584P435617.box2010.bluehost.com%2CS%3D2348%2CW%3D2413&p=Ahome1Aimmorth6AmailAnew HTTP/1.1" 200 1700 "https://www.event.acesolutions-ksa.com/390?p=Ahome1Aimmorth6AmailAnew" "Mozilla/5.0 AppleWebKit/537.36 (KHTML, like Gecko; compatible; GPTBot/1.3; +https://openai.com/gptbot)" www.event.acesolutions-ksa.com 74.220.219.162
74.7.242.19 - - [17/Mar/2026:12:24:39 -0600] "GET /390?edit=1773025968.M55584P435617.box2010.bluehost.com%2CS%3D2348%2CW%3D2413&p=Ahome1Aimmorth6AmailAnew HTTP/2.0" 200 1700 "https://www.event.acesolutions-ksa.com/390?p=Ahome1Aimmorth6AmailAnew" "Mozilla/5.0 AppleWebKit/537.36 (KHTML, like Gecko; compatible; GPTBot/1.3; +https://openai.com/gptbot)" www.event.acesolutions-ksa.com 74.220.219.162
74.7.242.19 - - [17/Mar/2026:12:24:49 -0600] "GET /390?edit=1773025993.M75551P435617.box2010.bluehost.com%2CS%3D2348%2CW%3D2413&p=Ahome1Aimmorth6AmailAnew HTTP/1.1" 200 1712 "https://www.event.acesolutions-ksa.com/390?p=Ahome1Aimmorth6AmailAnew" "Mozilla/5.0 AppleWebKit/537.36 (KHTML, like Gecko; compatible; GPTBot/1.3; +https://openai.com/gptbot)" www.event.acesolutions-ksa.com 74.220.219.162
74.7.242.19 - - [17/Mar/2026:12:24:49 -0600] "GET /390?edit=1773025993.M75551P435617.box2010.bluehost.com%2CS%3D2348%2CW%3D2413&p=Ahome1Aimmorth6AmailAnew HTTP/2.0" 200 1712 "https://www.event.acesolutions-ksa.com/390?p=Ahome1Aimmorth6AmailAnew" "Mozilla/5.0 AppleWebKit/537.36 (KHTML, like Gecko; compatible; GPTBot/1.3; +https://openai.com/gptbot)" www.event.acesolutions-ksa.com 74.220.219.162
74.7.242.19 - - [17/Mar/2026:12:25:00 -0600] "GET /390?edit=1763690645.M58860P223117.box2010.bluehost.com%2CS%3D3338%2CW%3D3420&p=Ahome1Aimmorth6AmailAnew HTTP/1.1" 200 2082 "https://www.event.acesolutions-ksa.com/390?p=Ahome1Aimmorth6AmailAnew" "Mozilla/5.0 AppleWebKit/537.36 (KHTML, like Gecko; compatible; GPTBot/1.3; +https://openai.com/gptbot)" www.event.acesolutions-ksa.com 74.220.219.162
74.7.242.19 - - [17/Mar/2026:12:25:00 -0600] "GET /390?edit=1763690645.M58860P223117.box2010.bluehost.com%2CS%3D3338%2CW%3D3420&p=Ahome1Aimmorth6AmailAnew HTTP/2.0" 200 2082 "https://www.event.acesolutions-ksa.com/390?p=Ahome1Aimmorth6AmailAnew" "Mozilla/5.0 AppleWebKit/537.36 (KHTML, like Gecko; compatible; GPTBot/1.3; +https://openai.com/gptbot)" www.event.acesolutions-ksa.com 74.220.219.162
74.7.242.19 - - [17/Mar/2026:12:25:11 -0600] "GET /390?edit=1773036959.M864888P2123.box2010.bluehost.com%2CS%3D2343%2CW%3D2408&p=Ahome1Aimmorth6AmailAnew HTTP/1.1" 200 1702 "https://www.event.acesolutions-ksa.com/390?p=Ahome1Aimmorth6AmailAnew" "Mozilla/5.0 AppleWebKit/537.36 (KHTML, like Gecko; compatible; GPTBot/1.3; +https://openai.com/gptbot)" www.event.acesolutions-ksa.com 74.220.219.162
74.7.242.19 - - [17/Mar/2026:12:25:11 -0600] "GET /390?edit=1773036959.M864888P2123.box2010.bluehost.com%2CS%3D2343%2CW%3D2408&p=Ahome1Aimmorth6AmailAnew HTTP/2.0" 200 1702 "https://www.event.acesolutions-ksa.com/390?p=Ahome1Aimmorth6AmailAnew" "Mozilla/5.0 AppleWebKit/537.36 (KHTML, like Gecko; compatible; GPTBot/1.3; +https://openai.com/gptbot)" www.event.acesolutions-ksa.com 74.220.219.162
74.7.242.19 - - [17/Mar/2026:12:25:21 -0600] "GET /390?edit=1773039203.M37647P2123.box2010.bluehost.com%2CS%3D2348%2CW%3D2413&p=Ahome1Aimmorth6AmailAnew HTTP/1.1" 200 1678 "https://www.event.acesolutions-ksa.com/390?p=Ahome1Aimmorth6AmailAnew" "Mozilla/5.0 AppleWebKit/537.36 (KHTML, like Gecko; compatible; GPTBot/1.3; +https://openai.com/gptbot)" www.event.acesolutions-ksa.com 74.220.219.162
74.7.242.19 - - [17/Mar/2026:12:25:21 -0600] "GET /390?edit=1773039203.M37647P2123.box2010.bluehost.com%2CS%3D2348%2CW%3D2413&p=Ahome1Aimmorth6AmailAnew HTTP/2.0" 200 1678 "https://www.event.acesolutions-ksa.com/390?p=Ahome1Aimmorth6AmailAnew" "Mozilla/5.0 AppleWebKit/537.36 (KHTML, like Gecko; compatible; GPTBot/1.3; +https://openai.com/gptbot)" www.event.acesolutions-ksa.com 74.220.219.162
74.7.227.146 - - [17/Mar/2026:12:25:30 -0600] "GET /ar/267/wear_moda_ovochi_com_bc8c0_c658f_1768969930_b5ad5286aee2121d273e832678c3f252.crt/endurance-page-cache.php HTTP/2.0" 409 83 "https://event.acesolutions-ksa.com/ar/267/wear_moda_ovochi_com_bc8c0_c658f_1768969930_b5ad5286aee2121d273e832678c3f252.crt/" "Mozilla/5.0 AppleWebKit/537.36 (KHTML, like Gecko; compatible; GPTBot/1.3; +https://openai.com/gptbot)" event.acesolutions-ksa.com 74.220.219.162
74.7.242.19 - - [17/Mar/2026:12:25:32 -0600] "GET /390?edit=1773039259.M68694P2123.box2010.bluehost.com%2CS%3D2348%2CW%3D2413&p=Ahome1Aimmorth6AmailAnew HTTP/1.1" 200 1680 "https://www.event.acesolutions-ksa.com/390?p=Ahome1Aimmorth6AmailAnew" "Mozilla/5.0 AppleWebKit/537.36 (KHTML, like Gecko; compatible; GPTBot/1.3; +https://openai.com/gptbot)" www.event.acesolutions-ksa.com 74.220.219.162
74.7.242.19 - - [17/Mar/2026:12:25:32 -0600] "GET /390?edit=1773039259.M68694P2123.box2010.bluehost.com%2CS%3D2348%2CW%3D2413&p=Ahome1Aimmorth6AmailAnew HTTP/2.0" 200 1680 "https://www.event.acesolutions-ksa.com/390?p=Ahome1Aimmorth6AmailAnew" "Mozilla/5.0 AppleWebKit/537.36 (KHTML, like Gecko; compatible; GPTBot/1.3; +https://openai.com/gptbot)" www.event.acesolutions-ksa.com 74.220.219.162
216.73.216.97 - - [17/Mar/2026:12:25:39 -0600] "GET /sitemap.xml?p=Ahome1Aimmorth6Apublic_htmlAwebsite_efd5428fAwp-contentAthemesAtwentytwentythree HTTP/1.1" 200 2562 "-" "Mozilla/5.0 AppleWebKit/537.36 (KHTML, like Gecko; compatible; ClaudeBot/1.0; +claudebot@anthropic.com)" www.event.acesolutions-ksa.com 74.220.219.162
216.73.216.97 - - [17/Mar/2026:12:25:39 -0600] "GET /sitemap.xml?p=Ahome1Aimmorth6Apublic_htmlAwebsite_efd5428fAwp-contentAthemesAtwentytwentythree HTTP/2.0" 200 2562 "-" "Mozilla/5.0 AppleWebKit/537.36 (KHTML, like Gecko; compatible; ClaudeBot/1.0; +claudebot@anthropic.com)" www.event.acesolutions-ksa.com 74.220.219.162
74.7.242.19 - - [17/Mar/2026:12:25:42 -0600] "GET /390?edit=1773036647.M775184P1038775.box2010.bluehost.com%2CS%3D2343%2CW%3D2408&p=Ahome1Aimmorth6AmailAnew HTTP/1.1" 200 1686 "https://www.event.acesolutions-ksa.com/390?p=Ahome1Aimmorth6AmailAnew" "Mozilla/5.0 AppleWebKit/537.36 (KHTML, like Gecko; compatible; GPTBot/1.3; +https://openai.com/gptbot)" www.event.acesolutions-ksa.com 74.220.219.162
74.7.242.19 - - [17/Mar/2026:12:25:42 -0600] "GET /390?edit=1773036647.M775184P1038775.box2010.bluehost.com%2CS%3D2343%2CW%3D2408&p=Ahome1Aimmorth6AmailAnew HTTP/2.0" 200 1686 "https://www.event.acesolutions-ksa.com/390?p=Ahome1Aimmorth6AmailAnew" "Mozilla/5.0 AppleWebKit/537.36 (KHTML, like Gecko; compatible; GPTBot/1.3; +https://openai.com/gptbot)" www.event.acesolutions-ksa.com 74.220.219.162
74.220.219.162 - - [17/Mar/2026:12:25:52 -0600] "POST /wp-cron.php?doing_wp_cron=1773771952.4912049770355224609375 HTTP/2.0" 200 - "-" "WordPress/6.9; https://event.acesolutions-ksa.com" event.acesolutions-ksa.com 74.220.219.162
74.7.242.19 - - [17/Mar/2026:12:25:52 -0600] "GET /299?edit=1706773983.M785122P610221.box2010.bluehost.com%2CS%3D3007%2CW%3D3088%3A2%2C&p=Ahome1Aimmorth6AmailAcur HTTP/1.1" 200 2143 "https://www.event.acesolutions-ksa.com/299?p=Ahome1Aimmorth6AmailAcur" "Mozilla/5.0 AppleWebKit/537.36 (KHTML, like Gecko; compatible; GPTBot/1.3; +https://openai.com/gptbot)" www.event.acesolutions-ksa.com 74.220.219.162
74.7.242.19 - - [17/Mar/2026:12:25:52 -0600] "GET /299?edit=1706773983.M785122P610221.box2010.bluehost.com%2CS%3D3007%2CW%3D3088%3A2%2C&p=Ahome1Aimmorth6AmailAcur HTTP/2.0" 200 2143 "https://www.event.acesolutions-ksa.com/299?p=Ahome1Aimmorth6AmailAcur" "Mozilla/5.0 AppleWebKit/537.36 (KHTML, like Gecko; compatible; GPTBot/1.3; +https://openai.com/gptbot)" www.event.acesolutions-ksa.com 74.220.219.162
74.7.242.19 - - [17/Mar/2026:12:26:02 -0600] "GET /316?edit=1773033813.M544489P849584.box2010.bluehost.com%2CS%3D2338%2CW%3D2403&p=Ahome1Aimmorth6AmailAnew HTTP/1.1" 200 1662 "https://www.event.acesolutions-ksa.com/316?p=Ahome1Aimmorth6AmailAnew" "Mozilla/5.0 AppleWebKit/537.36 (KHTML, like Gecko; compatible; GPTBot/1.3; +https://openai.com/gptbot)" www.event.acesolutions-ksa.com 74.220.219.162
74.7.242.19 - - [17/Mar/2026:12:26:02 -0600] "GET /316?edit=1773033813.M544489P849584.box2010.bluehost.com%2CS%3D2338%2CW%3D2403&p=Ahome1Aimmorth6AmailAnew HTTP/2.0" 200 1662 "https://www.event.acesolutions-ksa.com/316?p=Ahome1Aimmorth6AmailAnew" "Mozilla/5.0 AppleWebKit/537.36 (KHTML, like Gecko; compatible; GPTBot/1.3; +https://openai.com/gptbot)" www.event.acesolutions-ksa.com 74.220.219.162
74.7.242.19 - - [17/Mar/2026:12:26:13 -0600] "GET /316?edit=1773035981.M740838P1004786.box2010.bluehost.com%2CS%3D2348%2CW%3D2413&p=Ahome1Aimmorth6AmailAnew HTTP/1.1" 200 1680 "https://www.event.acesolutions-ksa.com/316?p=Ahome1Aimmorth6AmailAnew" "Mozilla/5.0 AppleWebKit/537.36 (KHTML, like Gecko; compatible; GPTBot/1.3; +https://openai.com/gptbot)" www.event.acesolutions-ksa.com 74.220.219.162
74.7.242.19 - - [17/Mar/2026:12:26:13 -0600] "GET /316?edit=1773035981.M740838P1004786.box2010.bluehost.com%2CS%3D2348%2CW%3D2413&p=Ahome1Aimmorth6AmailAnew HTTP/2.0" 200 1680 "https://www.event.acesolutions-ksa.com/316?p=Ahome1Aimmorth6AmailAnew" "Mozilla/5.0 AppleWebKit/537.36 (KHTML, like Gecko; compatible; GPTBot/1.3; +https://openai.com/gptbot)" www.event.acesolutions-ksa.com 74.220.219.162
74.7.242.19 - - [17/Mar/2026:12:26:23 -0600] "GET /649?edit=1773038922.M367777P2123.box2010.bluehost.com%2CS%3D2348%2CW%3D2413&p=Ahome1Aimmorth6AmailAnew HTTP/1.1" 200 1661 "https://www.event.acesolutions-ksa.com/649?p=Ahome1Aimmorth6AmailAnew" "Mozilla/5.0 AppleWebKit/537.36 (KHTML, like Gecko; compatible; GPTBot/1.3; +https://openai.com/gptbot)" www.event.acesolutions-ksa.com 74.220.219.162
74.7.242.19 - - [17/Mar/2026:12:26:23 -0600] "GET /649?edit=1773038922.M367777P2123.box2010.bluehost.com%2CS%3D2348%2CW%3D2413&p=Ahome1Aimmorth6AmailAnew HTTP/2.0" 200 1661 "https://www.event.acesolutions-ksa.com/649?p=Ahome1Aimmorth6AmailAnew" "Mozilla/5.0 AppleWebKit/537.36 (KHTML, like Gecko; compatible; GPTBot/1.3; +https://openai.com/gptbot)" www.event.acesolutions-ksa.com 74.220.219.162
74.7.227.146 - - [17/Mar/2026:12:26:33 -0600] "GET /ar/1773033379.M929543P849584.box2010.bluehost.com,S=2348,W=2413/ HTTP/2.0" 200 55629 "https://website-efd5428f.ilq.ypm.mybluehost.me" "Mozilla/5.0 AppleWebKit/537.36 (KHTML, like Gecko; compatible; GPTBot/1.3; +https://openai.com/gptbot)" event.acesolutions-ksa.com 74.220.219.162
74.7.242.19 - - [17/Mar/2026:12:26:33 -0600] "GET /649?edit=1773025893.M11178P448681.box2010.bluehost.com%2CS%3D2343%2CW%3D2408&p=Ahome1Aimmorth6AmailAnew HTTP/1.1" 200 1679 "https://www.event.acesolutions-ksa.com/649?p=Ahome1Aimmorth6AmailAnew" "Mozilla/5.0 AppleWebKit/537.36 (KHTML, like Gecko; compatible; GPTBot/1.3; +https://openai.com/gptbot)" www.event.acesolutions-ksa.com 74.220.219.162
74.7.242.19 - - [17/Mar/2026:12:26:33 -0600] "GET /649?edit=1773025893.M11178P448681.box2010.bluehost.com%2CS%3D2343%2CW%3D2408&p=Ahome1Aimmorth6AmailAnew HTTP/2.0" 200 1679 "https://www.event.acesolutions-ksa.com/649?p=Ahome1Aimmorth6AmailAnew" "Mozilla/5.0 AppleWebKit/537.36 (KHTML, like Gecko; compatible; GPTBot/1.3; +https://openai.com/gptbot)" www.event.acesolutions-ksa.com 74.220.219.162
74.7.242.19 - - [17/Mar/2026:12:26:44 -0600] "GET /649?edit=1773037171.M91069P2123.box2010.bluehost.com%2CS%3D2348%2CW%3D2413&p=Ahome1Aimmorth6AmailAnew HTTP/1.1" 200 1666 "https://www.event.acesolutions-ksa.com/649?p=Ahome1Aimmorth6AmailAnew" "Mozilla/5.0 AppleWebKit/537.36 (KHTML, like Gecko; compatible; GPTBot/1.3; +https://openai.com/gptbot)" www.event.acesolutions-ksa.com 74.220.219.162
74.7.242.19 - - [17/Mar/2026:12:26:43 -0600] "GET /649?edit=1773037171.M91069P2123.box2010.bluehost.com%2CS%3D2348%2CW%3D2413&p=Ahome1Aimmorth6AmailAnew HTTP/2.0" 200 1666 "https://www.event.acesolutions-ksa.com/649?p=Ahome1Aimmorth6AmailAnew" "Mozilla/5.0 AppleWebKit/537.36 (KHTML, like Gecko; compatible; GPTBot/1.3; +https://openai.com/gptbot)" www.event.acesolutions-ksa.com 74.220.219.162
74.7.242.19 - - [17/Mar/2026:12:26:54 -0600] "GET /649?edit=1773038883.M75768P2123.box2010.bluehost.com%2CS%3D2348%2CW%3D2413&p=Ahome1Aimmorth6AmailAnew HTTP/1.1" 200 1662 "https://www.event.acesolutions-ksa.com/649?p=Ahome1Aimmorth6AmailAnew" "Mozilla/5.0 AppleWebKit/537.36 (KHTML, like Gecko; compatible; GPTBot/1.3; +https://openai.com/gptbot)" www.event.acesolutions-ksa.com 74.220.219.162
74.7.242.19 - - [17/Mar/2026:12:26:54 -0600] "GET /649?edit=1773038883.M75768P2123.box2010.bluehost.com%2CS%3D2348%2CW%3D2413&p=Ahome1Aimmorth6AmailAnew HTTP/2.0" 200 1662 "https://www.event.acesolutions-ksa.com/649?p=Ahome1Aimmorth6AmailAnew" "Mozilla/5.0 AppleWebKit/537.36 (KHTML, like Gecko; compatible; GPTBot/1.3; +https://openai.com/gptbot)" www.event.acesolutions-ksa.com 74.220.219.162
74.7.242.19 - - [17/Mar/2026:12:27:04 -0600] "GET /649?edit=1773035947.M484381P1004786.box2010.bluehost.com%2CS%3D2348%2CW%3D2413&p=Ahome1Aimmorth6AmailAnew HTTP/1.1" 200 1670 "https://www.event.acesolutions-ksa.com/649?p=Ahome1Aimmorth6AmailAnew" "Mozilla/5.0 AppleWebKit/537.36 (KHTML, like Gecko; compatible; GPTBot/1.3; +https://openai.com/gptbot)" www.event.acesolutions-ksa.com 74.220.219.162
74.7.242.19 - - [17/Mar/2026:12:27:04 -0600] "GET /649?edit=1773035947.M484381P1004786.box2010.bluehost.com%2CS%3D2348%2CW%3D2413&p=Ahome1Aimmorth6AmailAnew HTTP/2.0" 200 1670 "https://www.event.acesolutions-ksa.com/649?p=Ahome1Aimmorth6AmailAnew" "Mozilla/5.0 AppleWebKit/537.36 (KHTML, like Gecko; compatible; GPTBot/1.3; +https://openai.com/gptbot)" www.event.acesolutions-ksa.com 74.220.219.162
74.7.242.19 - - [17/Mar/2026:12:27:14 -0600] "GET /316?edit=1773036602.M197594P1038775.box2010.bluehost.com%2CS%3D2348%2CW%3D2413&p=Ahome1Aimmorth6AmailAnew HTTP/1.1" 200 1653 "https://www.event.acesolutions-ksa.com/316?p=Ahome1Aimmorth6AmailAnew" "Mozilla/5.0 AppleWebKit/537.36 (KHTML, like Gecko; compatible; GPTBot/1.3; +https://openai.com/gptbot)" www.event.acesolutions-ksa.com 74.220.219.162
74.7.242.19 - - [17/Mar/2026:12:27:14 -0600] "GET /316?edit=1773036602.M197594P1038775.box2010.bluehost.com%2CS%3D2348%2CW%3D2413&p=Ahome1Aimmorth6AmailAnew HTTP/2.0" 200 1653 "https://www.event.acesolutions-ksa.com/316?p=Ahome1Aimmorth6AmailAnew" "Mozilla/5.0 AppleWebKit/537.36 (KHTML, like Gecko; compatible; GPTBot/1.3; +https://openai.com/gptbot)" www.event.acesolutions-ksa.com 74.220.219.162
74.7.242.19 - - [17/Mar/2026:12:27:25 -0600] "GET /649?edit=1773036599.M996434P1038775.box2010.bluehost.com%2CS%3D2343%2CW%3D2408&p=Ahome1Aimmorth6AmailAnew HTTP/1.1" 200 1672 "https://www.event.acesolutions-ksa.com/649?p=Ahome1Aimmorth6AmailAnew" "Mozilla/5.0 AppleWebKit/537.36 (KHTML, like Gecko; compatible; GPTBot/1.3; +https://openai.com/gptbot)" www.event.acesolutions-ksa.com 74.220.219.162
74.7.242.19 - - [17/Mar/2026:12:27:25 -0600] "GET /649?edit=1773036599.M996434P1038775.box2010.bluehost.com%2CS%3D2343%2CW%3D2408&p=Ahome1Aimmorth6AmailAnew HTTP/2.0" 200 1672 "https://www.event.acesolutions-ksa.com/649?p=Ahome1Aimmorth6AmailAnew" "Mozilla/5.0 AppleWebKit/537.36 (KHTML, like Gecko; compatible; GPTBot/1.3; +https://openai.com/gptbot)" www.event.acesolutions-ksa.com 74.220.219.162
74.7.227.146 - - [17/Mar/2026:12:27:35 -0600] "GET /ar/267/www_website_efd5428f_ilq_ypm_mybluehost_me_dfbca_2ff69_1769574698_a7814a9d805627d207bca8cd9d0eaa8f.crt/ HTTP/2.0" 200 55840 "https://event.acesolutions-ksa.com/267/www_website_efd5428f_ilq_ypm_mybluehost_me_dfbca_2ff69_1769574698_a7814a9d805627d207bca8cd9d0eaa8f.crt" "Mozilla/5.0 AppleWebKit/537.36 (KHTML, like Gecko; compatible; GPTBot/1.3; +https://openai.com/gptbot)" event.acesolutions-ksa.com 74.220.219.162
74.7.242.19 - - [17/Mar/2026:12:27:36 -0600] "GET /649?edit=1744078202.M76146P1018511.box2010.bluehost.com%2CS%3D3601%2CW%3D3685%3A2%2C&p=Ahome1Aimmorth6AmailAcur HTTP/1.1" 200 2479 "https://www.event.acesolutions-ksa.com/649?p=Ahome1Aimmorth6AmailAcur" "Mozilla/5.0 AppleWebKit/537.36 (KHTML, like Gecko; compatible; GPTBot/1.3; +https://openai.com/gptbot)" www.event.acesolutions-ksa.com 74.220.219.162
74.7.242.19 - - [17/Mar/2026:12:27:36 -0600] "GET /649?edit=1744078202.M76146P1018511.box2010.bluehost.com%2CS%3D3601%2CW%3D3685%3A2%2C&p=Ahome1Aimmorth6AmailAcur HTTP/2.0" 200 2479 "https://www.event.acesolutions-ksa.com/649?p=Ahome1Aimmorth6AmailAcur" "Mozilla/5.0 AppleWebKit/537.36 (KHTML, like Gecko; compatible; GPTBot/1.3; +https://openai.com/gptbot)" www.event.acesolutions-ksa.com 74.220.219.162
74.7.242.19 - - [17/Mar/2026:12:27:46 -0600] "GET /649?edit=1739816322.M592642P281598.box2010.bluehost.com%2CS%3D3413%2CW%3D3495%3A2%2C&p=Ahome1Aimmorth6AmailAcur HTTP/1.1" 200 2385 "https://www.event.acesolutions-ksa.com/649?p=Ahome1Aimmorth6AmailAcur" "Mozilla/5.0 AppleWebKit/537.36 (KHTML, like Gecko; compatible; GPTBot/1.3; +https://openai.com/gptbot)" www.event.acesolutions-ksa.com 74.220.219.162
74.7.242.19 - - [17/Mar/2026:12:27:46 -0600] "GET /649?edit=1739816322.M592642P281598.box2010.bluehost.com%2CS%3D3413%2CW%3D3495%3A2%2C&p=Ahome1Aimmorth6AmailAcur HTTP/2.0" 200 2385 "https://www.event.acesolutions-ksa.com/649?p=Ahome1Aimmorth6AmailAcur" "Mozilla/5.0 AppleWebKit/537.36 (KHTML, like Gecko; compatible; GPTBot/1.3; +https://openai.com/gptbot)" www.event.acesolutions-ksa.com 74.220.219.162
74.220.219.162 - - [17/Mar/2026:12:27:56 -0600] "POST /wp-cron.php?doing_wp_cron=1773772076.6303379535675048828125 HTTP/2.0" 200 - "-" "WordPress/6.9; https://event.acesolutions-ksa.com" event.acesolutions-ksa.com 74.220.219.162
74.7.242.19 - - [17/Mar/2026:12:27:56 -0600] "GET /649?edit=1724140687.M138295P1024586.box2010.bluehost.com%2CS%3D3728%2CW%3D3819%3A2%2C&p=Ahome1Aimmorth6AmailAcur HTTP/1.1" 200 2614 "https://www.event.acesolutions-ksa.com/649?p=Ahome1Aimmorth6AmailAcur" "Mozilla/5.0 AppleWebKit/537.36 (KHTML, like Gecko; compatible; GPTBot/1.3; +https://openai.com/gptbot)" www.event.acesolutions-ksa.com 74.220.219.162
74.7.242.19 - - [17/Mar/2026:12:27:56 -0600] "GET /649?edit=1724140687.M138295P1024586.box2010.bluehost.com%2CS%3D3728%2CW%3D3819%3A2%2C&p=Ahome1Aimmorth6AmailAcur HTTP/2.0" 200 2614 "https://www.event.acesolutions-ksa.com/649?p=Ahome1Aimmorth6AmailAcur" "Mozilla/5.0 AppleWebKit/537.36 (KHTML, like Gecko; compatible; GPTBot/1.3; +https://openai.com/gptbot)" www.event.acesolutions-ksa.com 74.220.219.162
74.7.242.19 - - [17/Mar/2026:12:28:06 -0600] "GET /649?edit=1742491197.M520769P1004524.box2010.bluehost.com%2CS%3D3921%2CW%3D4011%3A2%2C&p=Ahome1Aimmorth6AmailAcur HTTP/1.1" 200 2662 "https://www.event.acesolutions-ksa.com/649?p=Ahome1Aimmorth6AmailAcur" "Mozilla/5.0 AppleWebKit/537.36 (KHTML, like Gecko; compatible; GPTBot/1.3; +https://openai.com/gptbot)" www.event.acesolutions-ksa.com 74.220.219.162
74.7.242.19 - - [17/Mar/2026:12:28:06 -0600] "GET /649?edit=1742491197.M520769P1004524.box2010.bluehost.com%2CS%3D3921%2CW%3D4011%3A2%2C&p=Ahome1Aimmorth6AmailAcur HTTP/2.0" 200 2662 "https://www.event.acesolutions-ksa.com/649?p=Ahome1Aimmorth6AmailAcur" "Mozilla/5.0 AppleWebKit/537.36 (KHTML, like Gecko; compatible; GPTBot/1.3; +https://openai.com/gptbot)" www.event.acesolutions-ksa.com 74.220.219.162
74.7.242.19 - - [17/Mar/2026:12:28:17 -0600] "GET /390?edit=1763445389.M505910P999703.box2010.bluehost.com%2CS%3D3978%2CW%3D4068&p=Ahome1Aimmorth6AmailAnew HTTP/1.1" 200 2403 "https://www.event.acesolutions-ksa.com/390?p=Ahome1Aimmorth6AmailAnew" "Mozilla/5.0 AppleWebKit/537.36 (KHTML, like Gecko; compatible; GPTBot/1.3; +https://openai.com/gptbot)" www.event.acesolutions-ksa.com 74.220.219.162
74.7.242.19 - - [17/Mar/2026:12:28:17 -0600] "GET /390?edit=1763445389.M505910P999703.box2010.bluehost.com%2CS%3D3978%2CW%3D4068&p=Ahome1Aimmorth6AmailAnew HTTP/2.0" 200 2403 "https://www.event.acesolutions-ksa.com/390?p=Ahome1Aimmorth6AmailAnew" "Mozilla/5.0 AppleWebKit/537.36 (KHTML, like Gecko; compatible; GPTBot/1.3; +https://openai.com/gptbot)" www.event.acesolutions-ksa.com 74.220.219.162
74.7.242.19 - - [17/Mar/2026:12:28:28 -0600] "GET /390?edit=1727067727.M360484P41260.box2010.bluehost.com%2CS%3D5296%2CW%3D5417%3A2%2C&p=Ahome1Aimmorth6AmailAcur HTTP/1.1" 200 3257 "https://www.event.acesolutions-ksa.com/390?p=Ahome1Aimmorth6AmailAcur" "Mozilla/5.0 AppleWebKit/537.36 (KHTML, like Gecko; compatible; GPTBot/1.3; +https://openai.com/gptbot)" www.event.acesolutions-ksa.com 74.220.219.162
74.7.242.19 - - [17/Mar/2026:12:28:28 -0600] "GET /390?edit=1727067727.M360484P41260.box2010.bluehost.com%2CS%3D5296%2CW%3D5417%3A2%2C&p=Ahome1Aimmorth6AmailAcur HTTP/2.0" 200 3257 "https://www.event.acesolutions-ksa.com/390?p=Ahome1Aimmorth6AmailAcur" "Mozilla/5.0 AppleWebKit/537.36 (KHTML, like Gecko; compatible; GPTBot/1.3; +https://openai.com/gptbot)" www.event.acesolutions-ksa.com 74.220.219.162
74.7.227.146 - - [17/Mar/2026:12:28:38 -0600] "GET /267/immorth6_WPHWL.1715013370.sql.gz HTTP/2.0" 404 - "https://event.acesolutions-ksa.com/267/wear_moda_ovochi_com_bc8c0_c658f_1768969930_b5ad5286aee2121d273e832678c3f252.crt?p=Ahome1Aimmorth6" "Mozilla/5.0 AppleWebKit/537.36 (KHTML, like Gecko; compatible; GPTBot/1.3; +https://openai.com/gptbot)" event.acesolutions-ksa.com 74.220.219.162
74.7.242.19 - - [17/Mar/2026:12:28:39 -0600] "GET /299?edit=1751023167.M93865P597076.box2010.bluehost.com%2CS%3D3966%2CW%3D4056%3A2%2C&p=Ahome1Aimmorth6AmailAcur HTTP/1.1" 200 2406 "https://www.event.acesolutions-ksa.com/299?p=Ahome1Aimmorth6AmailAcur" "Mozilla/5.0 AppleWebKit/537.36 (KHTML, like Gecko; compatible; GPTBot/1.3; +https://openai.com/gptbot)" www.event.acesolutions-ksa.com 74.220.219.162
74.7.242.19 - - [17/Mar/2026:12:28:39 -0600] "GET /299?edit=1751023167.M93865P597076.box2010.bluehost.com%2CS%3D3966%2CW%3D4056%3A2%2C&p=Ahome1Aimmorth6AmailAcur HTTP/2.0" 200 2406 "https://www.event.acesolutions-ksa.com/299?p=Ahome1Aimmorth6AmailAcur" "Mozilla/5.0 AppleWebKit/537.36 (KHTML, like Gecko; compatible; GPTBot/1.3; +https://openai.com/gptbot)" www.event.acesolutions-ksa.com 74.220.219.162
74.7.242.19 - - [17/Mar/2026:12:28:50 -0600] "GET /299?edit=1752531516.M69091P247326.box2010.bluehost.com%2CS%3D3061%2CW%3D3144%3A2%2C&p=Ahome1Aimmorth6AmailAcur HTTP/1.1" 200 1997 "https://www.event.acesolutions-ksa.com/299?p=Ahome1Aimmorth6AmailAcur" "Mozilla/5.0 AppleWebKit/537.36 (KHTML, like Gecko; compatible; GPTBot/1.3; +https://openai.com/gptbot)" www.event.acesolutions-ksa.com 74.220.219.162
74.7.242.19 - - [17/Mar/2026:12:28:50 -0600] "GET /299?edit=1752531516.M69091P247326.box2010.bluehost.com%2CS%3D3061%2CW%3D3144%3A2%2C&p=Ahome1Aimmorth6AmailAcur HTTP/2.0" 200 1997 "https://www.event.acesolutions-ksa.com/299?p=Ahome1Aimmorth6AmailAcur" "Mozilla/5.0 AppleWebKit/537.36 (KHTML, like Gecko; compatible; GPTBot/1.3; +https://openai.com/gptbot)" www.event.acesolutions-ksa.com 74.220.219.162
74.7.242.19 - - [17/Mar/2026:12:29:00 -0600] "GET /390?edit=1757560541.M412030P45716.box2010.bluehost.com%2CS%3D3081%2CW%3D3163%3A2%2C&p=Ahome1Aimmorth6AmailAcur HTTP/1.1" 200 1991 "https://www.event.acesolutions-ksa.com/390?p=Ahome1Aimmorth6AmailAcur" "Mozilla/5.0 AppleWebKit/537.36 (KHTML, like Gecko; compatible; GPTBot/1.3; +https://openai.com/gptbot)" www.event.acesolutions-ksa.com 74.220.219.162
74.7.242.19 - - [17/Mar/2026:12:29:00 -0600] "GET /390?edit=1757560541.M412030P45716.box2010.bluehost.com%2CS%3D3081%2CW%3D3163%3A2%2C&p=Ahome1Aimmorth6AmailAcur HTTP/2.0" 200 1991 "https://www.event.acesolutions-ksa.com/390?p=Ahome1Aimmorth6AmailAcur" "Mozilla/5.0 AppleWebKit/537.36 (KHTML, like Gecko; compatible; GPTBot/1.3; +https://openai.com/gptbot)" www.event.acesolutions-ksa.com 74.220.219.162
74.7.242.19 - - [17/Mar/2026:12:29:11 -0600] "GET / HTTP/1.1" 200 1635 "-" "Mozilla/5.0 AppleWebKit/537.36 (KHTML, like Gecko; compatible; GPTBot/1.3; +https://openai.com/gptbot)" www.event.acesolutions-ksa.com 74.220.219.162
74.7.242.19 - - [17/Mar/2026:12:29:11 -0600] "GET / HTTP/2.0" 200 1635 "-" "Mozilla/5.0 AppleWebKit/537.36 (KHTML, like Gecko; compatible; GPTBot/1.3; +https://openai.com/gptbot)" www.event.acesolutions-ksa.com 74.220.219.162
74.7.242.19 - - [17/Mar/2026:12:29:22 -0600] "GET /649?edit=1751977362.M518052P62687.box2010.bluehost.com%2CS%3D3175%2CW%3D3266%3A2%2C&p=Ahome1Aimmorth6AmailAcur HTTP/1.1" 200 2059 "https://www.event.acesolutions-ksa.com/649?p=Ahome1Aimmorth6AmailAcur" "Mozilla/5.0 AppleWebKit/537.36 (KHTML, like Gecko; compatible; GPTBot/1.3; +https://openai.com/gptbot)" www.event.acesolutions-ksa.com 74.220.219.162
74.7.242.19 - - [17/Mar/2026:12:29:22 -0600] "GET /649?edit=1751977362.M518052P62687.box2010.bluehost.com%2CS%3D3175%2CW%3D3266%3A2%2C&p=Ahome1Aimmorth6AmailAcur HTTP/2.0" 200 2059 "https://www.event.acesolutions-ksa.com/649?p=Ahome1Aimmorth6AmailAcur" "Mozilla/5.0 AppleWebKit/537.36 (KHTML, like Gecko; compatible; GPTBot/1.3; +https://openai.com/gptbot)" www.event.acesolutions-ksa.com 74.220.219.162
74.7.227.146 - - [17/Mar/2026:12:29:28 -0600] "GET /267/immorth6_WPHWL.1726979180.sql.gz HTTP/2.0" 404 - "https://event.acesolutions-ksa.com/267/wear_moda_ovochi_com_bc8c0_c658f_1768969930_b5ad5286aee2121d273e832678c3f252.crt?p=Ahome1Aimmorth6" "Mozilla/5.0 AppleWebKit/537.36 (KHTML, like Gecko; compatible; GPTBot/1.3; +https://openai.com/gptbot)" event.acesolutions-ksa.com 74.220.219.162
74.7.242.19 - - [17/Mar/2026:12:29:32 -0600] "GET /649?edit=1773038236.M332599P2123.box2010.bluehost.com%2CS%3D2348%2CW%3D2413&p=Ahome1Aimmorth6AmailAnew HTTP/1.1" 200 1664 "https://www.event.acesolutions-ksa.com/649?p=Ahome1Aimmorth6AmailAnew" "Mozilla/5.0 AppleWebKit/537.36 (KHTML, like Gecko; compatible; GPTBot/1.3; +https://openai.com/gptbot)" www.event.acesolutions-ksa.com 74.220.219.162
74.7.242.19 - - [17/Mar/2026:12:29:32 -0600] "GET /649?edit=1773038236.M332599P2123.box2010.bluehost.com%2CS%3D2348%2CW%3D2413&p=Ahome1Aimmorth6AmailAnew HTTP/2.0" 200 1664 "https://www.event.acesolutions-ksa.com/649?p=Ahome1Aimmorth6AmailAnew" "Mozilla/5.0 AppleWebKit/537.36 (KHTML, like Gecko; compatible; GPTBot/1.3; +https://openai.com/gptbot)" www.event.acesolutions-ksa.com 74.220.219.162
74.7.242.19 - - [17/Mar/2026:12:29:43 -0600] "GET /316?edit=1773045218.M64925P834072.box2010.bluehost.com%2CS%3D2348%2CW%3D2413&p=Ahome1Aimmorth6AmailAnew HTTP/1.1" 200 1685 "https://www.event.acesolutions-ksa.com/316?p=Ahome1Aimmorth6AmailAnew" "Mozilla/5.0 AppleWebKit/537.36 (KHTML, like Gecko; compatible; GPTBot/1.3; +https://openai.com/gptbot)" www.event.acesolutions-ksa.com 74.220.219.162
74.7.242.19 - - [17/Mar/2026:12:29:43 -0600] "GET /316?edit=1773045218.M64925P834072.box2010.bluehost.com%2CS%3D2348%2CW%3D2413&p=Ahome1Aimmorth6AmailAnew HTTP/2.0" 200 1685 "https://www.event.acesolutions-ksa.com/316?p=Ahome1Aimmorth6AmailAnew" "Mozilla/5.0 AppleWebKit/537.36 (KHTML, like Gecko; compatible; GPTBot/1.3; +https://openai.com/gptbot)" www.event.acesolutions-ksa.com 74.220.219.162
74.7.242.19 - - [17/Mar/2026:12:29:54 -0600] "GET /649?edit=1773027696.M47914P448681.box2010.bluehost.com%2CS%3D2343%2CW%3D2408&p=Ahome1Aimmorth6AmailAnew HTTP/1.1" 200 1684 "https://www.event.acesolutions-ksa.com/649?p=Ahome1Aimmorth6AmailAnew" "Mozilla/5.0 AppleWebKit/537.36 (KHTML, like Gecko; compatible; GPTBot/1.3; +https://openai.com/gptbot)" www.event.acesolutions-ksa.com 74.220.219.162
74.7.242.19 - - [17/Mar/2026:12:29:54 -0600] "GET /649?edit=1773027696.M47914P448681.box2010.bluehost.com%2CS%3D2343%2CW%3D2408&p=Ahome1Aimmorth6AmailAnew HTTP/2.0" 200 1684 "https://www.event.acesolutions-ksa.com/649?p=Ahome1Aimmorth6AmailAnew" "Mozilla/5.0 AppleWebKit/537.36 (KHTML, like Gecko; compatible; GPTBot/1.3; +https://openai.com/gptbot)" www.event.acesolutions-ksa.com 74.220.219.162
74.220.219.162 - - [17/Mar/2026:12:30:02 -0600] "POST /wp-cron.php?doing_wp_cron=1773772202.1409120559692382812500 HTTP/2.0" 200 - "-" "WordPress/6.9; https://event.acesolutions-ksa.com" event.acesolutions-ksa.com 74.220.219.162
74.7.242.19 - - [17/Mar/2026:12:30:05 -0600] "GET /649?edit=1773045256.M28106P647468.box2010.bluehost.com%2CS%3D2343%2CW%3D2408&p=Ahome1Aimmorth6AmailAnew HTTP/1.1" 200 1674 "https://www.event.acesolutions-ksa.com/649?p=Ahome1Aimmorth6AmailAnew" "Mozilla/5.0 AppleWebKit/537.36 (KHTML, like Gecko; compatible; GPTBot/1.3; +https://openai.com/gptbot)" www.event.acesolutions-ksa.com 74.220.219.162
74.7.242.19 - - [17/Mar/2026:12:30:05 -0600] "GET /649?edit=1773045256.M28106P647468.box2010.bluehost.com%2CS%3D2343%2CW%3D2408&p=Ahome1Aimmorth6AmailAnew HTTP/2.0" 200 1674 "https://www.event.acesolutions-ksa.com/649?p=Ahome1Aimmorth6AmailAnew" "Mozilla/5.0 AppleWebKit/537.36 (KHTML, like Gecko; compatible; GPTBot/1.3; +https://openai.com/gptbot)" www.event.acesolutions-ksa.com 74.220.219.162
74.7.242.19 - - [17/Mar/2026:12:30:15 -0600] "GET /649?edit=1773037505.M698203P2123.box2010.bluehost.com%2CS%3D2348%2CW%3D2413&p=Ahome1Aimmorth6AmailAnew HTTP/1.1" 200 1687 "https://www.event.acesolutions-ksa.com/649?p=Ahome1Aimmorth6AmailAnew" "Mozilla/5.0 AppleWebKit/537.36 (KHTML, like Gecko; compatible; GPTBot/1.3; +https://openai.com/gptbot)" www.event.acesolutions-ksa.com 74.220.219.162
74.7.242.19 - - [17/Mar/2026:12:30:15 -0600] "GET /649?edit=1773037505.M698203P2123.box2010.bluehost.com%2CS%3D2348%2CW%3D2413&p=Ahome1Aimmorth6AmailAnew HTTP/2.0" 200 1687 "https://www.event.acesolutions-ksa.com/649?p=Ahome1Aimmorth6AmailAnew" "Mozilla/5.0 AppleWebKit/537.36 (KHTML, like Gecko; compatible; GPTBot/1.3; +https://openai.com/gptbot)" www.event.acesolutions-ksa.com 74.220.219.162
74.7.227.146 - - [17/Mar/2026:12:30:15 -0600] "GET /267/www_immortal_tech_tech_ovochi_com_be01b_a86a1_1769056331_d94d1afc9f11c95780ea8182af113f5f.crt HTTP/2.0" 200 54393 "https://event.acesolutions-ksa.com/267/?p=Ahome1Aimmorth6AsslAcerts" "Mozilla/5.0 AppleWebKit/537.36 (KHTML, like Gecko; compatible; GPTBot/1.3; +https://openai.com/gptbot)" event.acesolutions-ksa.com 74.220.219.162
74.7.242.19 - - [17/Mar/2026:12:30:26 -0600] "GET /390?edit=1773038414.M605700P2123.box2010.bluehost.com%2CS%3D2348%2CW%3D2413&p=Ahome1Aimmorth6AmailAnew HTTP/1.1" 200 1652 "https://www.event.acesolutions-ksa.com/390?p=Ahome1Aimmorth6AmailAnew" "Mozilla/5.0 AppleWebKit/537.36 (KHTML, like Gecko; compatible; GPTBot/1.3; +https://openai.com/gptbot)" www.event.acesolutions-ksa.com 74.220.219.162
74.7.242.19 - - [17/Mar/2026:12:30:26 -0600] "GET /390?edit=1773038414.M605700P2123.box2010.bluehost.com%2CS%3D2348%2CW%3D2413&p=Ahome1Aimmorth6AmailAnew HTTP/2.0" 200 1652 "https://www.event.acesolutions-ksa.com/390?p=Ahome1Aimmorth6AmailAnew" "Mozilla/5.0 AppleWebKit/537.36 (KHTML, like Gecko; compatible; GPTBot/1.3; +https://openai.com/gptbot)" www.event.acesolutions-ksa.com 74.220.219.162
74.7.242.19 - - [17/Mar/2026:12:30:36 -0600] "GET /390?edit=1773027750.M38388P448681.box2010.bluehost.com%2CS%3D2348%2CW%3D2413&p=Ahome1Aimmorth6AmailAnew HTTP/1.1" 200 1681 "https://www.event.acesolutions-ksa.com/390?p=Ahome1Aimmorth6AmailAnew" "Mozilla/5.0 AppleWebKit/537.36 (KHTML, like Gecko; compatible; GPTBot/1.3; +https://openai.com/gptbot)" www.event.acesolutions-ksa.com 74.220.219.162
74.7.242.19 - - [17/Mar/2026:12:30:36 -0600] "GET /390?edit=1773027750.M38388P448681.box2010.bluehost.com%2CS%3D2348%2CW%3D2413&p=Ahome1Aimmorth6AmailAnew HTTP/2.0" 200 1681 "https://www.event.acesolutions-ksa.com/390?p=Ahome1Aimmorth6AmailAnew" "Mozilla/5.0 AppleWebKit/537.36 (KHTML, like Gecko; compatible; GPTBot/1.3; +https://openai.com/gptbot)" www.event.acesolutions-ksa.com 74.220.219.162
74.7.242.19 - - [17/Mar/2026:12:30:46 -0600] "GET /390?edit=1773033436.M755375P849584.box2010.bluehost.com%2CS%3D2343%2CW%3D2408&p=Ahome1Aimmorth6AmailAnew HTTP/1.1" 200 1663 "https://www.event.acesolutions-ksa.com/390?p=Ahome1Aimmorth6AmailAnew" "Mozilla/5.0 AppleWebKit/537.36 (KHTML, like Gecko; compatible; GPTBot/1.3; +https://openai.com/gptbot)" www.event.acesolutions-ksa.com 74.220.219.162
74.7.242.19 - - [17/Mar/2026:12:30:46 -0600] "GET /390?edit=1773033436.M755375P849584.box2010.bluehost.com%2CS%3D2343%2CW%3D2408&p=Ahome1Aimmorth6AmailAnew HTTP/2.0" 200 1663 "https://www.event.acesolutions-ksa.com/390?p=Ahome1Aimmorth6AmailAnew" "Mozilla/5.0 AppleWebKit/537.36 (KHTML, like Gecko; compatible; GPTBot/1.3; +https://openai.com/gptbot)" www.event.acesolutions-ksa.com 74.220.219.162
74.7.242.19 - - [17/Mar/2026:12:30:57 -0600] "GET /390?edit=1773038360.M345882P2123.box2010.bluehost.com%2CS%3D2348%2CW%3D2413&p=Ahome1Aimmorth6AmailAnew HTTP/1.1" 200 1649 "https://www.event.acesolutions-ksa.com/390?p=Ahome1Aimmorth6AmailAnew" "Mozilla/5.0 AppleWebKit/537.36 (KHTML, like Gecko; compatible; GPTBot/1.3; +https://openai.com/gptbot)" www.event.acesolutions-ksa.com 74.220.219.162
74.7.242.19 - - [17/Mar/2026:12:30:57 -0600] "GET /390?edit=1773038360.M345882P2123.box2010.bluehost.com%2CS%3D2348%2CW%3D2413&p=Ahome1Aimmorth6AmailAnew HTTP/2.0" 200 1649 "https://www.event.acesolutions-ksa.com/390?p=Ahome1Aimmorth6AmailAnew" "Mozilla/5.0 AppleWebKit/537.36 (KHTML, like Gecko; compatible; GPTBot/1.3; +https://openai.com/gptbot)" www.event.acesolutions-ksa.com 74.220.219.162
74.7.227.146 - - [17/Mar/2026:12:31:05 -0600] "GET /ar/267/webdisk_luqta_app_com_ea38e_7646b_1774157505_10a57bf9e685db247f4a5de79b4912bd.crt/ HTTP/2.0" 200 55780 "https://event.acesolutions-ksa.com/267/webdisk_luqta_app_com_ea38e_7646b_1774157505_10a57bf9e685db247f4a5de79b4912bd.crt" "Mozilla/5.0 AppleWebKit/537.36 (KHTML, like Gecko; compatible; GPTBot/1.3; +https://openai.com/gptbot)" event.acesolutions-ksa.com 74.220.219.162
74.7.242.19 - - [17/Mar/2026:12:31:07 -0600] "GET /390?edit=1773037433.M571899P2123.box2010.bluehost.com%2CS%3D2348%2CW%3D2413&p=Ahome1Aimmorth6AmailAnew HTTP/1.1" 200 1684 "https://www.event.acesolutions-ksa.com/390?p=Ahome1Aimmorth6AmailAnew" "Mozilla/5.0 AppleWebKit/537.36 (KHTML, like Gecko; compatible; GPTBot/1.3; +https://openai.com/gptbot)" www.event.acesolutions-ksa.com 74.220.219.162
