74.7.241.6 - - [17/Mar/2026:10:13:20 -0600] "GET /433?edit=1773035981.M740838P1004786.box2010.bluehost.com%2CS%3D2348%2CW%3D2413&p=Ahome1Aimmorth6AmailAnew HTTP/2.0" 200 1680 "https://www.event.acesolutions-ksa.com/433?p=Ahome1Aimmorth6AmailAnew" "Mozilla/5.0 AppleWebKit/537.36 (KHTML, like Gecko; compatible; GPTBot/1.3; +https://openai.com/gptbot)" www.event.acesolutions-ksa.com 74.220.219.162
74.7.241.6 - - [17/Mar/2026:10:13:57 -0600] "GET /743?edit=1773036621.M449460P1038775.box2010.bluehost.com%2CS%3D2348%2CW%3D2413&p=Ahome1Aimmorth6AmailAnew HTTP/1.1" 200 1712 "https://www.event.acesolutions-ksa.com/743?p=Ahome1Aimmorth6AmailAnew" "Mozilla/5.0 AppleWebKit/537.36 (KHTML, like Gecko; compatible; GPTBot/1.3; +https://openai.com/gptbot)" www.event.acesolutions-ksa.com 74.220.219.162
74.7.241.6 - - [17/Mar/2026:10:13:57 -0600] "GET /743?edit=1773036621.M449460P1038775.box2010.bluehost.com%2CS%3D2348%2CW%3D2413&p=Ahome1Aimmorth6AmailAnew HTTP/2.0" 200 1712 "https://www.event.acesolutions-ksa.com/743?p=Ahome1Aimmorth6AmailAnew" "Mozilla/5.0 AppleWebKit/537.36 (KHTML, like Gecko; compatible; GPTBot/1.3; +https://openai.com/gptbot)" www.event.acesolutions-ksa.com 74.220.219.162
74.7.241.6 - - [17/Mar/2026:10:14:30 -0600] "GET /383?edit=1773036552.M509531P1038775.box2010.bluehost.com%2CS%3D2348%2CW%3D2413&p=Ahome1Aimmorth6AmailAnew HTTP/1.1" 200 1690 "https://www.event.acesolutions-ksa.com/383?p=Ahome1Aimmorth6AmailAnew" "Mozilla/5.0 AppleWebKit/537.36 (KHTML, like Gecko; compatible; GPTBot/1.3; +https://openai.com/gptbot)" www.event.acesolutions-ksa.com 74.220.219.162
74.7.241.6 - - [17/Mar/2026:10:14:30 -0600] "GET /383?edit=1773036552.M509531P1038775.box2010.bluehost.com%2CS%3D2348%2CW%3D2413&p=Ahome1Aimmorth6AmailAnew HTTP/2.0" 200 1690 "https://www.event.acesolutions-ksa.com/383?p=Ahome1Aimmorth6AmailAnew" "Mozilla/5.0 AppleWebKit/537.36 (KHTML, like Gecko; compatible; GPTBot/1.3; +https://openai.com/gptbot)" www.event.acesolutions-ksa.com 74.220.219.162
74.7.241.6 - - [17/Mar/2026:10:15:00 -0600] "GET /541?edit=1773036611.M287186P1038775.box2010.bluehost.com%2CS%3D2348%2CW%3D2413&p=Ahome1Aimmorth6AmailAnew HTTP/1.1" 200 1682 "https://www.event.acesolutions-ksa.com/541?p=Ahome1Aimmorth6AmailAnew" "Mozilla/5.0 AppleWebKit/537.36 (KHTML, like Gecko; compatible; GPTBot/1.3; +https://openai.com/gptbot)" www.event.acesolutions-ksa.com 74.220.219.162
74.7.241.6 - - [17/Mar/2026:10:15:00 -0600] "GET /541?edit=1773036611.M287186P1038775.box2010.bluehost.com%2CS%3D2348%2CW%3D2413&p=Ahome1Aimmorth6AmailAnew HTTP/2.0" 200 1682 "https://www.event.acesolutions-ksa.com/541?p=Ahome1Aimmorth6AmailAnew" "Mozilla/5.0 AppleWebKit/537.36 (KHTML, like Gecko; compatible; GPTBot/1.3; +https://openai.com/gptbot)" www.event.acesolutions-ksa.com 74.220.219.162
74.220.219.162 - - [17/Mar/2026:10:15:05 -0600] "POST /wp-cron.php?doing_wp_cron=1773764104.9142029285430908203125 HTTP/2.0" 200 - "-" "WordPress/6.9; https://event.acesolutions-ksa.com" event.acesolutions-ksa.com 74.220.219.162
74.7.241.6 - - [17/Mar/2026:10:15:26 -0600] "GET /383?edit=1773036597.M182171P1038775.box2010.bluehost.com%2CS%3D2348%2CW%3D2413&p=Ahome1Aimmorth6AmailAnew HTTP/1.1" 200 1676 "https://www.event.acesolutions-ksa.com/383?p=Ahome1Aimmorth6AmailAnew" "Mozilla/5.0 AppleWebKit/537.36 (KHTML, like Gecko; compatible; GPTBot/1.3; +https://openai.com/gptbot)" www.event.acesolutions-ksa.com 74.220.219.162
74.7.241.6 - - [17/Mar/2026:10:15:26 -0600] "GET /383?edit=1773036597.M182171P1038775.box2010.bluehost.com%2CS%3D2348%2CW%3D2413&p=Ahome1Aimmorth6AmailAnew HTTP/2.0" 200 1676 "https://www.event.acesolutions-ksa.com/383?p=Ahome1Aimmorth6AmailAnew" "Mozilla/5.0 AppleWebKit/537.36 (KHTML, like Gecko; compatible; GPTBot/1.3; +https://openai.com/gptbot)" www.event.acesolutions-ksa.com 74.220.219.162
216.73.216.97 - - [17/Mar/2026:10:23:00 -0600] "GET /robots.txt HTTP/1.1" 200 66 "-" "Mozilla/5.0 AppleWebKit/537.36 (KHTML, like Gecko; compatible; ClaudeBot/1.0; +claudebot@anthropic.com)" www.event.acesolutions-ksa.com 74.220.219.162
216.73.216.97 - - [17/Mar/2026:10:23:00 -0600] "GET /robots.txt HTTP/2.0" 200 66 "-" "Mozilla/5.0 AppleWebKit/537.36 (KHTML, like Gecko; compatible; ClaudeBot/1.0; +claudebot@anthropic.com)" www.event.acesolutions-ksa.com 74.220.219.162
216.73.216.97 - - [17/Mar/2026:10:38:18 -0600] "GET /sitemap.xml?edit=options-privacy.php&p=Ahome1Aimmorth6Apublic_htmlAwebsite_efd5428fAwp-admin HTTP/2.0" 409 83 "-" "Mozilla/5.0 AppleWebKit/537.36 (KHTML, like Gecko; compatible; ClaudeBot/1.0; +claudebot@anthropic.com)" www.event.acesolutions-ksa.com 74.220.219.162
216.73.216.97 - - [17/Mar/2026:10:38:30 -0600] "GET /?edit=Upsell.php&p=Ahome1Aimmorth6Apublic_htmlAwebsite_efd5428fAwp-contentApluginsAduplicatorAsrcAUtils HTTP/2.0" 409 83 "-" "Mozilla/5.0 AppleWebKit/537.36 (KHTML, like Gecko; compatible; ClaudeBot/1.0; +claudebot@anthropic.com)" www.event.acesolutions-ksa.com 74.220.219.162
74.220.219.162 - - [17/Mar/2026:10:41:56 -0600] "POST /wp-cron.php?doing_wp_cron=1773765716.3451240062713623046875 HTTP/2.0" 200 - "-" "WordPress/6.9; https://event.acesolutions-ksa.com" event.acesolutions-ksa.com 74.220.219.162
216.73.216.97 - - [17/Mar/2026:10:41:51 -0600] "GET /sitemap.xml HTTP/1.1" 200 1963 "-" "Mozilla/5.0 AppleWebKit/537.36 (KHTML, like Gecko; compatible; ClaudeBot/1.0; +claudebot@anthropic.com)" www.event.acesolutions-ksa.com 74.220.219.162
216.73.216.97 - - [17/Mar/2026:10:41:51 -0600] "GET /sitemap.xml HTTP/2.0" 200 1963 "-" "Mozilla/5.0 AppleWebKit/537.36 (KHTML, like Gecko; compatible; ClaudeBot/1.0; +claudebot@anthropic.com)" www.event.acesolutions-ksa.com 74.220.219.162
74.220.219.162 - - [17/Mar/2026:10:53:23 -0600] "POST /wp-cron.php?doing_wp_cron=1773766403.4211089611053466796875 HTTP/2.0" 200 - "-" "WordPress/6.9; https://event.acesolutions-ksa.com" event.acesolutions-ksa.com 74.220.219.162
74.7.242.19 - - [17/Mar/2026:10:53:22 -0600] "GET /200?edit=immorth6_ffc.1616014123.sql&p=Ahome1Aimmorth6 HTTP/1.1" 200 695 "https://www.event.acesolutions-ksa.com/200?p=Ahome1Aimmorth6" "Mozilla/5.0 AppleWebKit/537.36 (KHTML, like Gecko; compatible; GPTBot/1.3; +https://openai.com/gptbot)" www.event.acesolutions-ksa.com 74.220.219.162
74.7.242.19 - - [17/Mar/2026:10:53:22 -0600] "GET /200?edit=immorth6_ffc.1616014123.sql&p=Ahome1Aimmorth6 HTTP/2.0" 200 695 "https://www.event.acesolutions-ksa.com/200?p=Ahome1Aimmorth6" "Mozilla/5.0 AppleWebKit/537.36 (KHTML, like Gecko; compatible; GPTBot/1.3; +https://openai.com/gptbot)" www.event.acesolutions-ksa.com 74.220.219.162
74.220.219.162 - - [17/Mar/2026:10:53:23 -0600] "POST /wp-cron.php?doing_wp_cron=1773766403.6054019927978515625000 HTTP/2.0" 200 - "-" "WordPress/6.9; https://event.acesolutions-ksa.com" event.acesolutions-ksa.com 74.220.219.162
74.7.242.19 - - [17/Mar/2026:10:53:38 -0600] "GET /1756138173.M786628P434458.box2010.bluehost.com,S=3933,W=4027:2,?edit=sso.php&p=Ahome1Aimmorth6Apublic_htmlAwebsite_efd5428fAwp-contentAmu-plugins HTTP/2.0" 409 83 "https://www.event.acesolutions-ksa.com/1756138173.M786628P434458.box2010.bluehost.com,S=3933,W=4027:2," "Mozilla/5.0 AppleWebKit/537.36 (KHTML, like Gecko; compatible; GPTBot/1.3; +https://openai.com/gptbot)" www.event.acesolutions-ksa.com 74.220.219.162
74.7.242.19 - - [17/Mar/2026:10:53:42 -0600] "GET /265?p=Ahome1Aimmorth6AmailAacesolutions-ksaIcom HTTP/1.1" 200 1357 "https://www.event.acesolutions-ksa.com/265?p=Ahome1Aimmorth6Amail" "Mozilla/5.0 AppleWebKit/537.36 (KHTML, like Gecko; compatible; GPTBot/1.3; +https://openai.com/gptbot)" www.event.acesolutions-ksa.com 74.220.219.162
74.7.242.19 - - [17/Mar/2026:10:53:42 -0600] "GET /265?p=Ahome1Aimmorth6AmailAacesolutions-ksaIcom HTTP/2.0" 200 1357 "https://www.event.acesolutions-ksa.com/265?p=Ahome1Aimmorth6Amail" "Mozilla/5.0 AppleWebKit/537.36 (KHTML, like Gecko; compatible; GPTBot/1.3; +https://openai.com/gptbot)" www.event.acesolutions-ksa.com 74.220.219.162
74.7.242.19 - - [17/Mar/2026:10:54:09 -0600] "GET /c27?edit=immorth6_WPX87.1633111061.sql&p=Ahome1Aimmorth6 HTTP/1.1" 200 697 "https://www.event.acesolutions-ksa.com/c27?p=Ahome1Aimmorth6" "Mozilla/5.0 AppleWebKit/537.36 (KHTML, like Gecko; compatible; GPTBot/1.3; +https://openai.com/gptbot)" www.event.acesolutions-ksa.com 74.220.219.162
74.7.242.19 - - [17/Mar/2026:10:54:09 -0600] "GET /c27?edit=immorth6_WPX87.1633111061.sql&p=Ahome1Aimmorth6 HTTP/2.0" 200 697 "https://www.event.acesolutions-ksa.com/c27?p=Ahome1Aimmorth6" "Mozilla/5.0 AppleWebKit/537.36 (KHTML, like Gecko; compatible; GPTBot/1.3; +https://openai.com/gptbot)" www.event.acesolutions-ksa.com 74.220.219.162
74.7.242.19 - - [17/Mar/2026:10:54:38 -0600] "GET /acesolutions-ksa.ovochi.com.bkup?p=Ahome1Aimmorth6Apublic_htmlAwebsite_efd5428f HTTP/1.1" 200 5149 "https://www.event.acesolutions-ksa.com/acesolutions-ksa.ovochi.com.bkup" "Mozilla/5.0 AppleWebKit/537.36 (KHTML, like Gecko; compatible; GPTBot/1.3; +https://openai.com/gptbot)" www.event.acesolutions-ksa.com 74.220.219.162
74.7.242.19 - - [17/Mar/2026:10:54:38 -0600] "GET /acesolutions-ksa.ovochi.com.bkup?p=Ahome1Aimmorth6Apublic_htmlAwebsite_efd5428f HTTP/2.0" 200 5149 "https://www.event.acesolutions-ksa.com/acesolutions-ksa.ovochi.com.bkup" "Mozilla/5.0 AppleWebKit/537.36 (KHTML, like Gecko; compatible; GPTBot/1.3; +https://openai.com/gptbot)" www.event.acesolutions-ksa.com 74.220.219.162
216.73.216.97 - - [17/Mar/2026:10:54:39 -0600] "GET /wordpress-seo-ar.mo?p=Ahome1Aimmorth6AIspamassassin HTTP/1.1" 200 1182 "-" "Mozilla/5.0 AppleWebKit/537.36 (KHTML, like Gecko; compatible; ClaudeBot/1.0; +claudebot@anthropic.com)" www.event.acesolutions-ksa.com 74.220.219.162
216.73.216.97 - - [17/Mar/2026:10:54:39 -0600] "GET /wordpress-seo-ar.mo?p=Ahome1Aimmorth6AIspamassassin HTTP/2.0" 200 1182 "-" "Mozilla/5.0 AppleWebKit/537.36 (KHTML, like Gecko; compatible; ClaudeBot/1.0; +claudebot@anthropic.com)" www.event.acesolutions-ksa.com 74.220.219.162
216.73.216.97 - - [17/Mar/2026:10:54:49 -0600] "GET /admin-network-ar.po?p=Ahome1Aimmorth6AIspamassassin HTTP/1.1" 200 1182 "-" "Mozilla/5.0 AppleWebKit/537.36 (KHTML, like Gecko; compatible; ClaudeBot/1.0; +claudebot@anthropic.com)" www.event.acesolutions-ksa.com 74.220.219.162
216.73.216.97 - - [17/Mar/2026:10:54:49 -0600] "GET /admin-network-ar.po?p=Ahome1Aimmorth6AIspamassassin HTTP/2.0" 200 1182 "-" "Mozilla/5.0 AppleWebKit/537.36 (KHTML, like Gecko; compatible; ClaudeBot/1.0; +claudebot@anthropic.com)" www.event.acesolutions-ksa.com 74.220.219.162
216.73.216.97 - - [17/Mar/2026:10:54:54 -0600] "GET /wordpress-seo-ar.mo?p=Ahome1Aimmorth6AIsoftaculous HTTP/1.1" 200 1450 "-" "Mozilla/5.0 AppleWebKit/537.36 (KHTML, like Gecko; compatible; ClaudeBot/1.0; +claudebot@anthropic.com)" www.event.acesolutions-ksa.com 74.220.219.162
216.73.216.97 - - [17/Mar/2026:10:54:54 -0600] "GET /wordpress-seo-ar.mo?p=Ahome1Aimmorth6AIsoftaculous HTTP/2.0" 200 1450 "-" "Mozilla/5.0 AppleWebKit/537.36 (KHTML, like Gecko; compatible; ClaudeBot/1.0; +claudebot@anthropic.com)" www.event.acesolutions-ksa.com 74.220.219.162
216.73.216.97 - - [17/Mar/2026:10:54:59 -0600] "GET /admin-network-ar.po?p=Ahome1Aimmorth6AIsoftaculous HTTP/1.1" 200 1450 "-" "Mozilla/5.0 AppleWebKit/537.36 (KHTML, like Gecko; compatible; ClaudeBot/1.0; +claudebot@anthropic.com)" www.event.acesolutions-ksa.com 74.220.219.162
216.73.216.97 - - [17/Mar/2026:10:54:59 -0600] "GET /admin-network-ar.po?p=Ahome1Aimmorth6AIsoftaculous HTTP/2.0" 200 1450 "-" "Mozilla/5.0 AppleWebKit/537.36 (KHTML, like Gecko; compatible; ClaudeBot/1.0; +claudebot@anthropic.com)" www.event.acesolutions-ksa.com 74.220.219.162
216.73.216.97 - - [17/Mar/2026:10:55:04 -0600] "GET /wordpress-seo-ar.mo?edit=.bashrc&p=Ahome1Aimmorth6 HTTP/1.1" 200 757 "-" "Mozilla/5.0 AppleWebKit/537.36 (KHTML, like Gecko; compatible; ClaudeBot/1.0; +claudebot@anthropic.com)" www.event.acesolutions-ksa.com 74.220.219.162
216.73.216.97 - - [17/Mar/2026:10:55:04 -0600] "GET /wordpress-seo-ar.mo?edit=.bashrc&p=Ahome1Aimmorth6 HTTP/2.0" 200 757 "-" "Mozilla/5.0 AppleWebKit/537.36 (KHTML, like Gecko; compatible; ClaudeBot/1.0; +claudebot@anthropic.com)" www.event.acesolutions-ksa.com 74.220.219.162
74.7.242.19 - - [17/Mar/2026:10:55:04 -0600] "GET /1773023016.M833735P256026.box2010.bluehost.com,S=2348,W=2413?edit=endurance-page-cache.php&p=Ahome1Aimmorth6Apublic_htmlAwebsite_efd5428fAwp-contentAmu-plugins HTTP/2.0" 409 83 "https://www.event.acesolutions-ksa.com/1773023016.M833735P256026.box2010.bluehost.com,S=2348,W=2413" "Mozilla/5.0 AppleWebKit/537.36 (KHTML, like Gecko; compatible; GPTBot/1.3; +https://openai.com/gptbot)" www.event.acesolutions-ksa.com 74.220.219.162
216.73.216.97 - - [17/Mar/2026:10:55:09 -0600] "GET /admin-network-ar.po?edit=.bashrc&p=Ahome1Aimmorth6 HTTP/1.1" 200 757 "-" "Mozilla/5.0 AppleWebKit/537.36 (KHTML, like Gecko; compatible; ClaudeBot/1.0; +claudebot@anthropic.com)" www.event.acesolutions-ksa.com 74.220.219.162
216.73.216.97 - - [17/Mar/2026:10:55:09 -0600] "GET /admin-network-ar.po?edit=.bashrc&p=Ahome1Aimmorth6 HTTP/2.0" 200 757 "-" "Mozilla/5.0 AppleWebKit/537.36 (KHTML, like Gecko; compatible; ClaudeBot/1.0; +claudebot@anthropic.com)" www.event.acesolutions-ksa.com 74.220.219.162
216.73.216.97 - - [17/Mar/2026:10:55:23 -0600] "GET /?edit=semrush-route.php&p=Ahome1Aimmorth6Apublic_htmlAwebsite_efd5428fAwp-contentApluginsAwordpress-seoAsrcAroutes HTTP/2.0" 409 83 "-" "Mozilla/5.0 AppleWebKit/537.36 (KHTML, like Gecko; compatible; ClaudeBot/1.0; +claudebot@anthropic.com)" www.event.acesolutions-ksa.com 74.220.219.162
74.7.242.19 - - [17/Mar/2026:10:55:27 -0600] "GET /immortalsign-ca.ovochi.com-ssl_log?edit=sso.php&p=Ahome1Aimmorth6Apublic_htmlAwebsite_efd5428fAwp-contentAmu-plugins HTTP/2.0" 409 83 "https://www.event.acesolutions-ksa.com/immortalsign-ca.ovochi.com-ssl_log" "Mozilla/5.0 AppleWebKit/537.36 (KHTML, like Gecko; compatible; GPTBot/1.3; +https://openai.com/gptbot)" www.event.acesolutions-ksa.com 74.220.219.162
74.220.219.162 - - [17/Mar/2026:10:55:28 -0600] "POST /wp-cron.php?doing_wp_cron=1773766528.1646699905395507812500 HTTP/2.0" 200 - "-" "WordPress/6.9; https://event.acesolutions-ksa.com" event.acesolutions-ksa.com 74.220.219.162
216.73.216.97 - - [17/Mar/2026:10:55:32 -0600] "GET /hello-dolly-ar.po?p=Ahome1 HTTP/1.1" 200 870 "-" "Mozilla/5.0 AppleWebKit/537.36 (KHTML, like Gecko; compatible; ClaudeBot/1.0; +claudebot@anthropic.com)" www.event.acesolutions-ksa.com 74.220.219.162
216.73.216.97 - - [17/Mar/2026:10:55:32 -0600] "GET /hello-dolly-ar.po?p=Ahome1 HTTP/2.0" 200 870 "-" "Mozilla/5.0 AppleWebKit/537.36 (KHTML, like Gecko; compatible; ClaudeBot/1.0; +claudebot@anthropic.com)" www.event.acesolutions-ksa.com 74.220.219.162
74.7.242.19 - - [17/Mar/2026:10:56:28 -0600] "GET /041?edit=immorth6_ffc.1616014123.sql&p=Ahome1Aimmorth6 HTTP/1.1" 200 695 "https://www.event.acesolutions-ksa.com/041?p=Ahome1Aimmorth6" "Mozilla/5.0 AppleWebKit/537.36 (KHTML, like Gecko; compatible; GPTBot/1.3; +https://openai.com/gptbot)" www.event.acesolutions-ksa.com 74.220.219.162
74.7.242.19 - - [17/Mar/2026:10:56:28 -0600] "GET /041?edit=immorth6_ffc.1616014123.sql&p=Ahome1Aimmorth6 HTTP/2.0" 200 695 "https://www.event.acesolutions-ksa.com/041?p=Ahome1Aimmorth6" "Mozilla/5.0 AppleWebKit/537.36 (KHTML, like Gecko; compatible; GPTBot/1.3; +https://openai.com/gptbot)" www.event.acesolutions-ksa.com 74.220.219.162
74.7.242.19 - - [17/Mar/2026:10:57:28 -0600] "GET /1759300699.M558127P396246.box2010.bluehost.com,S=3077,W=3158:2,?edit=sso.php&p=Ahome1Aimmorth6Apublic_htmlAwebsite_efd5428fAwp-contentAmu-plugins HTTP/2.0" 409 83 "https://www.event.acesolutions-ksa.com/1759300699.M558127P396246.box2010.bluehost.com,S=3077,W=3158:2," "Mozilla/5.0 AppleWebKit/537.36 (KHTML, like Gecko; compatible; GPTBot/1.3; +https://openai.com/gptbot)" www.event.acesolutions-ksa.com 74.220.219.162
74.220.219.162 - - [17/Mar/2026:10:58:04 -0600] "POST /wp-cron.php?doing_wp_cron=1773766684.5237340927124023437500 HTTP/2.0" 200 - "-" "WordPress/6.9; https://event.acesolutions-ksa.com" event.acesolutions-ksa.com 74.220.219.162
74.7.242.19 - - [17/Mar/2026:10:58:26 -0600] "GET /200?p=Ahome1Aimmorth6AmailAIinfo%40alltheway_com_sa HTTP/1.1" 200 3845 "https://www.event.acesolutions-ksa.com/200?p=Ahome1Aimmorth6Amail" "Mozilla/5.0 AppleWebKit/537.36 (KHTML, like Gecko; compatible; GPTBot/1.3; +https://openai.com/gptbot)" www.event.acesolutions-ksa.com 74.220.219.162
74.7.242.19 - - [17/Mar/2026:10:58:26 -0600] "GET /200?p=Ahome1Aimmorth6AmailAIinfo%40alltheway_com_sa HTTP/2.0" 200 3845 "https://www.event.acesolutions-ksa.com/200?p=Ahome1Aimmorth6Amail" "Mozilla/5.0 AppleWebKit/537.36 (KHTML, like Gecko; compatible; GPTBot/1.3; +https://openai.com/gptbot)" www.event.acesolutions-ksa.com 74.220.219.162
74.7.227.146 - - [17/Mar/2026:10:58:57 -0600] "GET /95f?edit=dovecot-uidvalidity&p=Ahome1Aimmorth6Amail HTTP/2.0" 200 53137 "https://website-efd5428f.ilq.ypm.mybluehost.me" "Mozilla/5.0 AppleWebKit/537.36 (KHTML, like Gecko; compatible; GPTBot/1.3; +https://openai.com/gptbot)" event.acesolutions-ksa.com 74.220.219.162
74.7.227.146 - - [17/Mar/2026:10:59:08 -0600] "GET /1773045768.M358007P834072.box2010.bluehost.com,S=2348,W=2413 HTTP/2.0" 200 54284 "https://website-efd5428f.ilq.ypm.mybluehost.me" "Mozilla/5.0 AppleWebKit/537.36 (KHTML, like Gecko; compatible; GPTBot/1.3; +https://openai.com/gptbot)" event.acesolutions-ksa.com 74.220.219.162
216.73.216.97 - - [17/Mar/2026:10:59:09 -0600] "GET /?edit=first-time-configuration-route.php&p=Ahome1Aimmorth6Apublic_htmlAwebsite_efd5428fAwp-contentApluginsAwordpress-seoAsrcAroutes HTTP/2.0" 409 83 "-" "Mozilla/5.0 AppleWebKit/537.36 (KHTML, like Gecko; compatible; ClaudeBot/1.0; +claudebot@anthropic.com)" www.event.acesolutions-ksa.com 74.220.219.162
74.7.227.146 - - [17/Mar/2026:10:59:19 -0600] "GET /ar/1773045768.M358007P834072.box2010.bluehost.com,S=2348,W=2413/ HTTP/2.0" 200 55628 "https://website-efd5428f.ilq.ypm.mybluehost.me" "Mozilla/5.0 AppleWebKit/537.36 (KHTML, like Gecko; compatible; GPTBot/1.3; +https://openai.com/gptbot)" event.acesolutions-ksa.com 74.220.219.162
74.7.242.19 - - [17/Mar/2026:10:59:30 -0600] "GET /1744007374.M303772P262367.box2010.bluehost.com,S=3921,W=4011:2,?p=Ahome1 HTTP/1.1" 200 870 "https://www.event.acesolutions-ksa.com/1744007374.M303772P262367.box2010.bluehost.com,S=3921,W=4011:2," "Mozilla/5.0 AppleWebKit/537.36 (KHTML, like Gecko; compatible; GPTBot/1.3; +https://openai.com/gptbot)" www.event.acesolutions-ksa.com 74.220.219.162
74.7.242.19 - - [17/Mar/2026:10:59:30 -0600] "GET /1744007374.M303772P262367.box2010.bluehost.com,S=3921,W=4011:2,?p=Ahome1 HTTP/2.0" 200 870 "https://www.event.acesolutions-ksa.com/1744007374.M303772P262367.box2010.bluehost.com,S=3921,W=4011:2," "Mozilla/5.0 AppleWebKit/537.36 (KHTML, like Gecko; compatible; GPTBot/1.3; +https://openai.com/gptbot)" www.event.acesolutions-ksa.com 74.220.219.162
216.73.216.97 - - [17/Mar/2026:10:59:45 -0600] "GET /smart-slider-3-ar.mo?edit=sso.php&p=Ahome1Aimmorth6Apublic_htmlAwebsite_efd5428fAwp-contentAmu-plugins HTTP/2.0" 409 83 "-" "Mozilla/5.0 AppleWebKit/537.36 (KHTML, like Gecko; compatible; ClaudeBot/1.0; +claudebot@anthropic.com)" www.event.acesolutions-ksa.com 74.220.219.162
74.220.219.162 - - [17/Mar/2026:11:00:27 -0600] "POST /wp-cron.php?doing_wp_cron=1773766827.8498840332031250000000 HTTP/2.0" 200 - "-" "WordPress/6.9; https://event.acesolutions-ksa.com" event.acesolutions-ksa.com 74.220.219.162
74.7.227.146 - - [17/Mar/2026:11:00:27 -0600] "GET /9d6?p=Ahome1Aimmorth6AmailAIprod_malaz%40ovochi_com HTTP/2.0" 200 56549 "https://www.website-efd5428f.ilq.ypm.mybluehost.me" "Mozilla/5.0 AppleWebKit/537.36 (KHTML, like Gecko; compatible; GPTBot/1.3; +https://openai.com/gptbot)" event.acesolutions-ksa.com 74.220.219.162
74.7.242.19 - - [17/Mar/2026:11:00:29 -0600] "GET /1773035672.M535686P970615.box2010.bluehost.com,S=2348,W=2413 HTTP/1.1" 200 1635 "https://www.event.acesolutions-ksa.com/353?p=Ahome1Aimmorth6AmailAnew" "Mozilla/5.0 AppleWebKit/537.36 (KHTML, like Gecko; compatible; GPTBot/1.3; +https://openai.com/gptbot)" www.event.acesolutions-ksa.com 74.220.219.162
74.7.242.19 - - [17/Mar/2026:11:00:29 -0600] "GET /1773035672.M535686P970615.box2010.bluehost.com,S=2348,W=2413 HTTP/2.0" 200 1635 "https://www.event.acesolutions-ksa.com/353?p=Ahome1Aimmorth6AmailAnew" "Mozilla/5.0 AppleWebKit/537.36 (KHTML, like Gecko; compatible; GPTBot/1.3; +https://openai.com/gptbot)" www.event.acesolutions-ksa.com 74.220.219.162
74.7.227.146 - - [17/Mar/2026:11:01:01 -0600] "GET /ar/3e1/?p=Ahome1Aimmorth6AmailAIaccount%40ovochi_comAISent HTTP/2.0" 200 56126 "https://www.website-efd5428f.ilq.ypm.mybluehost.me" "Mozilla/5.0 AppleWebKit/537.36 (KHTML, like Gecko; compatible; GPTBot/1.3; +https://openai.com/gptbot)" event.acesolutions-ksa.com 74.220.219.162
74.7.242.19 - - [17/Mar/2026:11:01:22 -0600] "GET /771?p=Ahome1Aimmorth6AmailAIsales_jeddah%40immortal-const_com HTTP/1.1" 200 3447 "https://www.event.acesolutions-ksa.com/771?p=Ahome1Aimmorth6Amail" "Mozilla/5.0 AppleWebKit/537.36 (KHTML, like Gecko; compatible; GPTBot/1.3; +https://openai.com/gptbot)" www.event.acesolutions-ksa.com 74.220.219.162
74.7.242.19 - - [17/Mar/2026:11:01:22 -0600] "GET /771?p=Ahome1Aimmorth6AmailAIsales_jeddah%40immortal-const_com HTTP/2.0" 200 3447 "https://www.event.acesolutions-ksa.com/771?p=Ahome1Aimmorth6Amail" "Mozilla/5.0 AppleWebKit/537.36 (KHTML, like Gecko; compatible; GPTBot/1.3; +https://openai.com/gptbot)" www.event.acesolutions-ksa.com 74.220.219.162
74.7.227.146 - - [17/Mar/2026:11:01:31 -0600] "GET /3e1?p=Ahome1Aimmorth6AmailAIaccount%40ovochi_comAISent HTTP/2.0" 200 54780 "https://www.website-efd5428f.ilq.ypm.mybluehost.me" "Mozilla/5.0 AppleWebKit/537.36 (KHTML, like Gecko; compatible; GPTBot/1.3; +https://openai.com/gptbot)" event.acesolutions-ksa.com 74.220.219.162
74.7.242.19 - - [17/Mar/2026:11:02:09 -0600] "GET /1749146874.M981623P863250.box2010.bluehost.com,S=3331,W=3420:2,?p=Ahome1Aimmorth6Apublic_htmlAwebsite_efd5428fAwp-content HTTP/1.1" 200 2262 "https://www.event.acesolutions-ksa.com/1749146874.M981623P863250.box2010.bluehost.com,S=3331,W=3420:2," "Mozilla/5.0 AppleWebKit/537.36 (KHTML, like Gecko; compatible; GPTBot/1.3; +https://openai.com/gptbot)" www.event.acesolutions-ksa.com 74.220.219.162
74.7.242.19 - - [17/Mar/2026:11:02:09 -0600] "GET /1749146874.M981623P863250.box2010.bluehost.com,S=3331,W=3420:2,?p=Ahome1Aimmorth6Apublic_htmlAwebsite_efd5428fAwp-content HTTP/2.0" 200 2262 "https://www.event.acesolutions-ksa.com/1749146874.M981623P863250.box2010.bluehost.com,S=3331,W=3420:2," "Mozilla/5.0 AppleWebKit/537.36 (KHTML, like Gecko; compatible; GPTBot/1.3; +https://openai.com/gptbot)" www.event.acesolutions-ksa.com 74.220.219.162
74.220.219.162 - - [17/Mar/2026:11:02:39 -0600] "POST /wp-cron.php?doing_wp_cron=1773766959.1118979454040527343750 HTTP/2.0" 200 - "-" "WordPress/6.9; https://event.acesolutions-ksa.com" event.acesolutions-ksa.com 74.220.219.162
74.7.227.146 - - [17/Mar/2026:11:02:38 -0600] "GET /267?edit=www_ovochi_ovochi_com_becbc_a40eb_1763699573_e66995356e295337e9ed69661657bef5.crt.cache&p=Ahome1Aimmorth6AsslAcerts HTTP/2.0" 200 56798 "https://www.website-efd5428f.ilq.ypm.mybluehost.me" "Mozilla/5.0 AppleWebKit/537.36 (KHTML, like Gecko; compatible; GPTBot/1.3; +https://openai.com/gptbot)" event.acesolutions-ksa.com 74.220.219.162
74.7.242.19 - - [17/Mar/2026:11:02:50 -0600] "GET /952?edit=1773038178.M66687P2123.box2010.bluehost.com%2CS%3D2343%2CW%3D2408&p=Ahome1Aimmorth6AmailAnew HTTP/1.1" 200 1668 "https://www.event.acesolutions-ksa.com/952?p=Ahome1Aimmorth6AmailAnew" "Mozilla/5.0 AppleWebKit/537.36 (KHTML, like Gecko; compatible; GPTBot/1.3; +https://openai.com/gptbot)" www.event.acesolutions-ksa.com 74.220.219.162
74.7.242.19 - - [17/Mar/2026:11:02:50 -0600] "GET /952?edit=1773038178.M66687P2123.box2010.bluehost.com%2CS%3D2343%2CW%3D2408&p=Ahome1Aimmorth6AmailAnew HTTP/2.0" 200 1668 "https://www.event.acesolutions-ksa.com/952?p=Ahome1Aimmorth6AmailAnew" "Mozilla/5.0 AppleWebKit/537.36 (KHTML, like Gecko; compatible; GPTBot/1.3; +https://openai.com/gptbot)" www.event.acesolutions-ksa.com 74.220.219.162
74.7.227.146 - - [17/Mar/2026:11:03:07 -0600] "GET /ar/1773045768.M358007P834072.box2010.bluehost.com,S=2348,W=2413/?edit=endurance-page-cache.php&p=Ahome1Aimmorth6Apublic_htmlAwebsite_efd5428fAwp-contentAmu-plugins HTTP/2.0" 409 83 "https://event.acesolutions-ksa.com/ar/1773045768.M358007P834072.box2010.bluehost.com,S=2348,W=2413/" "Mozilla/5.0 AppleWebKit/537.36 (KHTML, like Gecko; compatible; GPTBot/1.3; +https://openai.com/gptbot)" event.acesolutions-ksa.com 74.220.219.162
74.7.227.146 - - [17/Mar/2026:11:03:08 -0600] "GET /267?edit=www_ovochi_ovochi_com_becbc_a40eb_1763699573_e66995356e295337e9ed69661657bef5.crt.cache&p=Ahome1Aimmorth6AsslAcerts HTTP/2.0" 200 56798 "https://www.website-efd5428f.ilq.ypm.mybluehost.me" "Mozilla/5.0 AppleWebKit/537.36 (KHTML, like Gecko; compatible; GPTBot/1.3; +https://openai.com/gptbot)" event.acesolutions-ksa.com 74.220.219.162
216.73.216.97 - - [17/Mar/2026:11:03:26 -0600] "GET /sitemap.xml?edit=iwp-db-received.sql&p=Ahome1Aimmorth6Apublic_htmlAwebsite_efd5428f HTTP/1.1" 200 1450677 "-" "Mozilla/5.0 AppleWebKit/537.36 (KHTML, like Gecko; compatible; ClaudeBot/1.0; +claudebot@anthropic.com)" www.event.acesolutions-ksa.com 74.220.219.162
216.73.216.97 - - [17/Mar/2026:11:03:26 -0600] "GET /sitemap.xml?edit=iwp-db-received.sql&p=Ahome1Aimmorth6Apublic_htmlAwebsite_efd5428f HTTP/2.0" 200 1450677 "-" "Mozilla/5.0 AppleWebKit/537.36 (KHTML, like Gecko; compatible; ClaudeBot/1.0; +claudebot@anthropic.com)" www.event.acesolutions-ksa.com 74.220.219.162
74.7.242.19 - - [17/Mar/2026:11:03:29 -0600] "GET /353?edit=1773038097.M95222P2123.box2010.bluehost.com%2CS%3D2343%2CW%3D2408&p=Ahome1Aimmorth6AmailAnew HTTP/1.1" 200 1697 "https://www.event.acesolutions-ksa.com/353?p=Ahome1Aimmorth6AmailAnew" "Mozilla/5.0 AppleWebKit/537.36 (KHTML, like Gecko; compatible; GPTBot/1.3; +https://openai.com/gptbot)" www.event.acesolutions-ksa.com 74.220.219.162
74.7.242.19 - - [17/Mar/2026:11:03:29 -0600] "GET /353?edit=1773038097.M95222P2123.box2010.bluehost.com%2CS%3D2343%2CW%3D2408&p=Ahome1Aimmorth6AmailAnew HTTP/2.0" 200 1697 "https://www.event.acesolutions-ksa.com/353?p=Ahome1Aimmorth6AmailAnew" "Mozilla/5.0 AppleWebKit/537.36 (KHTML, like Gecko; compatible; GPTBot/1.3; +https://openai.com/gptbot)" www.event.acesolutions-ksa.com 74.220.219.162
216.73.216.97 - - [17/Mar/2026:11:03:36 -0600] "GET /wordpress-seo-ar.mo?p=Ahome1Aimmorth6Aimmortal-techInet HTTP/1.1" 200 2848 "-" "Mozilla/5.0 AppleWebKit/537.36 (KHTML, like Gecko; compatible; ClaudeBot/1.0; +claudebot@anthropic.com)" www.event.acesolutions-ksa.com 74.220.219.162
216.73.216.97 - - [17/Mar/2026:11:03:36 -0600] "GET /wordpress-seo-ar.mo?p=Ahome1Aimmorth6Aimmortal-techInet HTTP/2.0" 200 2848 "-" "Mozilla/5.0 AppleWebKit/537.36 (KHTML, like Gecko; compatible; ClaudeBot/1.0; +claudebot@anthropic.com)" www.event.acesolutions-ksa.com 74.220.219.162
74.7.227.146 - - [17/Mar/2026:11:03:40 -0600] "GET /ar/267/?edit=www_ovochi_ovochi_com_becbc_a40eb_1763699573_e66995356e295337e9ed69661657bef5.crt.cache&p=Ahome1Aimmorth6AsslAcerts HTTP/2.0" 200 58181 "https://www.website-efd5428f.ilq.ypm.mybluehost.me" "Mozilla/5.0 AppleWebKit/537.36 (KHTML, like Gecko; compatible; GPTBot/1.3; +https://openai.com/gptbot)" event.acesolutions-ksa.com 74.220.219.162
216.73.216.97 - - [17/Mar/2026:11:03:41 -0600] "GET /admin-network-ar.po?p=Ahome1Aimmorth6Aimmortal-techInet HTTP/1.1" 200 2848 "-" "Mozilla/5.0 AppleWebKit/537.36 (KHTML, like Gecko; compatible; ClaudeBot/1.0; +claudebot@anthropic.com)" www.event.acesolutions-ksa.com 74.220.219.162
216.73.216.97 - - [17/Mar/2026:11:03:41 -0600] "GET /admin-network-ar.po?p=Ahome1Aimmorth6Aimmortal-techInet HTTP/2.0" 200 2848 "-" "Mozilla/5.0 AppleWebKit/537.36 (KHTML, like Gecko; compatible; ClaudeBot/1.0; +claudebot@anthropic.com)" www.event.acesolutions-ksa.com 74.220.219.162
216.73.216.97 - - [17/Mar/2026:11:03:46 -0600] "GET /wordpress-seo-ar.mo?p=Ahome1Aimmorth6Apublic_htmlAwebsite_efd5428fAwp-content HTTP/1.1" 200 2262 "-" "Mozilla/5.0 AppleWebKit/537.36 (KHTML, like Gecko; compatible; ClaudeBot/1.0; +claudebot@anthropic.com)" www.event.acesolutions-ksa.com 74.220.219.162
216.73.216.97 - - [17/Mar/2026:11:03:46 -0600] "GET /wordpress-seo-ar.mo?p=Ahome1Aimmorth6Apublic_htmlAwebsite_efd5428fAwp-content HTTP/2.0" 200 2262 "-" "Mozilla/5.0 AppleWebKit/537.36 (KHTML, like Gecko; compatible; ClaudeBot/1.0; +claudebot@anthropic.com)" www.event.acesolutions-ksa.com 74.220.219.162
216.73.216.97 - - [17/Mar/2026:11:03:51 -0600] "GET /sitemap.xml?p=Ahome1Aimmorth6Apublic_htmlAwebsite_efd5428fAcgi-bin HTTP/1.1" 200 1529 "-" "Mozilla/5.0 AppleWebKit/537.36 (KHTML, like Gecko; compatible; ClaudeBot/1.0; +claudebot@anthropic.com)" www.event.acesolutions-ksa.com 74.220.219.162
216.73.216.97 - - [17/Mar/2026:11:03:51 -0600] "GET /sitemap.xml?p=Ahome1Aimmorth6Apublic_htmlAwebsite_efd5428fAcgi-bin HTTP/2.0" 200 1529 "-" "Mozilla/5.0 AppleWebKit/537.36 (KHTML, like Gecko; compatible; ClaudeBot/1.0; +claudebot@anthropic.com)" www.event.acesolutions-ksa.com 74.220.219.162
216.73.216.97 - - [17/Mar/2026:11:03:56 -0600] "GET /?edit=common.php&p=Ahome1Aimmorth6Apublic_htmlAwebsite_efd5428fAwp-contentApluginsAenvira-gallery-liteAincludesAglobal HTTP/2.0" 409 83 "-" "Mozilla/5.0 AppleWebKit/537.36 (KHTML, like Gecko; compatible; ClaudeBot/1.0; +claudebot@anthropic.com)" www.event.acesolutions-ksa.com 74.220.219.162
216.73.216.97 - - [17/Mar/2026:11:04:01 -0600] "GET /admin-network-ar.po?p=Ahome1Aimmorth6Apublic_htmlAwebsite_efd5428fAwp-content HTTP/1.1" 200 2262 "-" "Mozilla/5.0 AppleWebKit/537.36 (KHTML, like Gecko; compatible; ClaudeBot/1.0; +claudebot@anthropic.com)" www.event.acesolutions-ksa.com 74.220.219.162
216.73.216.97 - - [17/Mar/2026:11:04:01 -0600] "GET /admin-network-ar.po?p=Ahome1Aimmorth6Apublic_htmlAwebsite_efd5428fAwp-content HTTP/2.0" 200 2262 "-" "Mozilla/5.0 AppleWebKit/537.36 (KHTML, like Gecko; compatible; ClaudeBot/1.0; +claudebot@anthropic.com)" www.event.acesolutions-ksa.com 74.220.219.162
74.7.242.19 - - [17/Mar/2026:11:04:03 -0600] "GET /995?p=Ahome1Aimmorth6AmailAIm_merghani%40ovochi_com HTTP/1.1" 200 3883 "https://www.event.acesolutions-ksa.com/995?p=Ahome1Aimmorth6Amail" "Mozilla/5.0 AppleWebKit/537.36 (KHTML, like Gecko; compatible; GPTBot/1.3; +https://openai.com/gptbot)" www.event.acesolutions-ksa.com 74.220.219.162
74.7.242.19 - - [17/Mar/2026:11:04:03 -0600] "GET /995?p=Ahome1Aimmorth6AmailAIm_merghani%40ovochi_com HTTP/2.0" 200 3883 "https://www.event.acesolutions-ksa.com/995?p=Ahome1Aimmorth6Amail" "Mozilla/5.0 AppleWebKit/537.36 (KHTML, like Gecko; compatible; GPTBot/1.3; +https://openai.com/gptbot)" www.event.acesolutions-ksa.com 74.220.219.162
216.73.216.97 - - [17/Mar/2026:11:04:06 -0600] "GET /wordpress-seo-ar.mo?edit=endurance-page-cache.php&p=Ahome1Aimmorth6Apublic_htmlAwebsite_efd5428fAwp-contentAmu-plugins HTTP/2.0" 409 83 "-" "Mozilla/5.0 AppleWebKit/537.36 (KHTML, like Gecko; compatible; ClaudeBot/1.0; +claudebot@anthropic.com)" www.event.acesolutions-ksa.com 74.220.219.162
216.73.216.97 - - [17/Mar/2026:11:04:11 -0600] "GET /admin-network-ar.po?edit=.bash_profile&p=Ahome1Aimmorth6 HTTP/1.1" 200 793 "-" "Mozilla/5.0 AppleWebKit/537.36 (KHTML, like Gecko; compatible; ClaudeBot/1.0; +claudebot@anthropic.com)" www.event.acesolutions-ksa.com 74.220.219.162
216.73.216.97 - - [17/Mar/2026:11:04:11 -0600] "GET /admin-network-ar.po?edit=.bash_profile&p=Ahome1Aimmorth6 HTTP/2.0" 200 793 "-" "Mozilla/5.0 AppleWebKit/537.36 (KHTML, like Gecko; compatible; ClaudeBot/1.0; +claudebot@anthropic.com)" www.event.acesolutions-ksa.com 74.220.219.162
216.73.216.97 - - [17/Mar/2026:11:04:16 -0600] "GET /wordpress-seo-ar.mo?edit=.bash_profile&p=Ahome1Aimmorth6 HTTP/1.1" 200 793 "-" "Mozilla/5.0 AppleWebKit/537.36 (KHTML, like Gecko; compatible; ClaudeBot/1.0; +claudebot@anthropic.com)" www.event.acesolutions-ksa.com 74.220.219.162
216.73.216.97 - - [17/Mar/2026:11:04:16 -0600] "GET /wordpress-seo-ar.mo?edit=.bash_profile&p=Ahome1Aimmorth6 HTTP/2.0" 200 793 "-" "Mozilla/5.0 AppleWebKit/537.36 (KHTML, like Gecko; compatible; ClaudeBot/1.0; +claudebot@anthropic.com)" www.event.acesolutions-ksa.com 74.220.219.162
216.73.216.97 - - [17/Mar/2026:11:04:21 -0600] "GET /admin-network-ar.po?edit=endurance-page-cache.php&p=Ahome1Aimmorth6Apublic_htmlAwebsite_efd5428fAwp-contentAmu-plugins HTTP/2.0" 409 83 "-" "Mozilla/5.0 AppleWebKit/537.36 (KHTML, like Gecko; compatible; ClaudeBot/1.0; +claudebot@anthropic.com)" www.event.acesolutions-ksa.com 74.220.219.162
216.73.216.97 - - [17/Mar/2026:11:04:27 -0600] "GET /admin-network-ar.po?p=Ahome1Aimmorth6Assl HTTP/1.1" 200 1338 "-" "Mozilla/5.0 AppleWebKit/537.36 (KHTML, like Gecko; compatible; ClaudeBot/1.0; +claudebot@anthropic.com)" www.event.acesolutions-ksa.com 74.220.219.162
216.73.216.97 - - [17/Mar/2026:11:04:27 -0600] "GET /admin-network-ar.po?p=Ahome1Aimmorth6Assl HTTP/2.0" 200 1338 "-" "Mozilla/5.0 AppleWebKit/537.36 (KHTML, like Gecko; compatible; ClaudeBot/1.0; +claudebot@anthropic.com)" www.event.acesolutions-ksa.com 74.220.219.162
74.7.242.19 - - [17/Mar/2026:11:04:33 -0600] "GET /052?edit=1773035997.M908009P1004786.box2010.bluehost.com%2CS%3D2348%2CW%3D2413&p=Ahome1Aimmorth6AmailAnew HTTP/1.1" 200 1675 "https://www.event.acesolutions-ksa.com/052?p=Ahome1Aimmorth6AmailAnew" "Mozilla/5.0 AppleWebKit/537.36 (KHTML, like Gecko; compatible; GPTBot/1.3; +https://openai.com/gptbot)" www.event.acesolutions-ksa.com 74.220.219.162
74.7.242.19 - - [17/Mar/2026:11:04:33 -0600] "GET /052?edit=1773035997.M908009P1004786.box2010.bluehost.com%2CS%3D2348%2CW%3D2413&p=Ahome1Aimmorth6AmailAnew HTTP/2.0" 200 1675 "https://www.event.acesolutions-ksa.com/052?p=Ahome1Aimmorth6AmailAnew" "Mozilla/5.0 AppleWebKit/537.36 (KHTML, like Gecko; compatible; GPTBot/1.3; +https://openai.com/gptbot)" www.event.acesolutions-ksa.com 74.220.219.162
74.7.227.146 - - [17/Mar/2026:11:04:33 -0600] "GET /1773037142.M333461P2123.box2010.bluehost.com,S=2348,W=2413?edit=assistant-agency.webp&p=Ahome1Aimmorth6Apublic_htmlAwebsite_efd5428fAwp-contentAplugins-202504291021AjetpackAimagesArecommendations HTTP/2.0" 200 89228 "https://website-efd5428f.ilq.ypm.mybluehost.me" "Mozilla/5.0 AppleWebKit/537.36 (KHTML, like Gecko; compatible; GPTBot/1.3; +https://openai.com/gptbot)" event.acesolutions-ksa.com 74.220.219.162
216.73.216.97 - - [17/Mar/2026:11:04:36 -0600] "GET /admin-network-ar.po?p=Ahome1Aimmorth6Apublic_html HTTP/1.1" 200 6084 "-" "Mozilla/5.0 AppleWebKit/537.36 (KHTML, like Gecko; compatible; ClaudeBot/1.0; +claudebot@anthropic.com)" www.event.acesolutions-ksa.com 74.220.219.162
216.73.216.97 - - [17/Mar/2026:11:04:36 -0600] "GET /admin-network-ar.po?p=Ahome1Aimmorth6Apublic_html HTTP/2.0" 200 6084 "-" "Mozilla/5.0 AppleWebKit/537.36 (KHTML, like Gecko; compatible; ClaudeBot/1.0; +claudebot@anthropic.com)" www.event.acesolutions-ksa.com 74.220.219.162
74.220.219.162 - - [17/Mar/2026:11:04:42 -0600] "POST /wp-cron.php?doing_wp_cron=1773767082.1549410820007324218750 HTTP/2.0" 200 - "-" "WordPress/6.9; https://event.acesolutions-ksa.com" event.acesolutions-ksa.com 74.220.219.162
216.73.216.97 - - [17/Mar/2026:11:04:41 -0600] "GET /wordpress-seo-ar.mo?p=Ahome1Aimmorth6Assl HTTP/1.1" 200 1338 "-" "Mozilla/5.0 AppleWebKit/537.36 (KHTML, like Gecko; compatible; ClaudeBot/1.0; +claudebot@anthropic.com)" www.event.acesolutions-ksa.com 74.220.219.162
216.73.216.97 - - [17/Mar/2026:11:04:41 -0600] "GET /wordpress-seo-ar.mo?p=Ahome1Aimmorth6Assl HTTP/2.0" 200 1338 "-" "Mozilla/5.0 AppleWebKit/537.36 (KHTML, like Gecko; compatible; ClaudeBot/1.0; +claudebot@anthropic.com)" www.event.acesolutions-ksa.com 74.220.219.162
216.73.216.97 - - [17/Mar/2026:11:04:46 -0600] "GET /wordpress-seo-ar.mo?p=Ahome1Aimmorth6Apublic_html HTTP/1.1" 200 6084 "-" "Mozilla/5.0 AppleWebKit/537.36 (KHTML, like Gecko; compatible; ClaudeBot/1.0; +claudebot@anthropic.com)" www.event.acesolutions-ksa.com 74.220.219.162
216.73.216.97 - - [17/Mar/2026:11:04:46 -0600] "GET /wordpress-seo-ar.mo?p=Ahome1Aimmorth6Apublic_html HTTP/2.0" 200 6084 "-" "Mozilla/5.0 AppleWebKit/537.36 (KHTML, like Gecko; compatible; ClaudeBot/1.0; +claudebot@anthropic.com)" www.event.acesolutions-ksa.com 74.220.219.162
216.73.216.97 - - [17/Mar/2026:11:04:51 -0600] "GET /wordpress-seo-ar.mo?p=Ahome1Aimmorth6AIgnupg HTTP/1.1" 200 1272 "-" "Mozilla/5.0 AppleWebKit/537.36 (KHTML, like Gecko; compatible; ClaudeBot/1.0; +claudebot@anthropic.com)" www.event.acesolutions-ksa.com 74.220.219.162
216.73.216.97 - - [17/Mar/2026:11:04:51 -0600] "GET /wordpress-seo-ar.mo?p=Ahome1Aimmorth6AIgnupg HTTP/2.0" 200 1272 "-" "Mozilla/5.0 AppleWebKit/537.36 (KHTML, like Gecko; compatible; ClaudeBot/1.0; +claudebot@anthropic.com)" www.event.acesolutions-ksa.com 74.220.219.162
216.73.216.97 - - [17/Mar/2026:11:04:56 -0600] "GET /admin-network-ar.po?p=Ahome1Aimmorth6AIgnupg HTTP/1.1" 200 1272 "-" "Mozilla/5.0 AppleWebKit/537.36 (KHTML, like Gecko; compatible; ClaudeBot/1.0; +claudebot@anthropic.com)" www.event.acesolutions-ksa.com 74.220.219.162
216.73.216.97 - - [17/Mar/2026:11:04:56 -0600] "GET /admin-network-ar.po?p=Ahome1Aimmorth6AIgnupg HTTP/2.0" 200 1272 "-" "Mozilla/5.0 AppleWebKit/537.36 (KHTML, like Gecko; compatible; ClaudeBot/1.0; +claudebot@anthropic.com)" www.event.acesolutions-ksa.com 74.220.219.162
74.7.242.19 - - [17/Mar/2026:11:05:01 -0600] "GET /955?edit=1773036645.M280356P1038775.box2010.bluehost.com%2CS%3D2348%2CW%3D2413&p=Ahome1Aimmorth6AmailAnew HTTP/1.1" 200 1661 "https://www.event.acesolutions-ksa.com/955?p=Ahome1Aimmorth6AmailAnew" "Mozilla/5.0 AppleWebKit/537.36 (KHTML, like Gecko; compatible; GPTBot/1.3; +https://openai.com/gptbot)" www.event.acesolutions-ksa.com 74.220.219.162
74.7.242.19 - - [17/Mar/2026:11:05:01 -0600] "GET /955?edit=1773036645.M280356P1038775.box2010.bluehost.com%2CS%3D2348%2CW%3D2413&p=Ahome1Aimmorth6AmailAnew HTTP/2.0" 200 1661 "https://www.event.acesolutions-ksa.com/955?p=Ahome1Aimmorth6AmailAnew" "Mozilla/5.0 AppleWebKit/537.36 (KHTML, like Gecko; compatible; GPTBot/1.3; +https://openai.com/gptbot)" www.event.acesolutions-ksa.com 74.220.219.162
74.7.227.146 - - [17/Mar/2026:11:05:04 -0600] "GET /ar/1773037142.M333461P2123.box2010.bluehost.com,S=2348,W=2413/?edit=assistant-agency.webp&p=Ahome1Aimmorth6Apublic_htmlAwebsite_efd5428fAwp-contentAplugins-202504291021AjetpackAimagesArecommendations HTTP/2.0" 200 90532 "https://website-efd5428f.ilq.ypm.mybluehost.me" "Mozilla/5.0 AppleWebKit/537.36 (KHTML, like Gecko; compatible; GPTBot/1.3; +https://openai.com/gptbot)" event.acesolutions-ksa.com 74.220.219.162
74.7.242.19 - - [17/Mar/2026:11:05:25 -0600] "GET /200?edit=1773036605.M485713P1038775.box2010.bluehost.com%2CS%3D2343%2CW%3D2408&p=Ahome1Aimmorth6AmailAnew HTTP/1.1" 200 1697 "https://www.event.acesolutions-ksa.com/200?p=Ahome1Aimmorth6AmailAnew" "Mozilla/5.0 AppleWebKit/537.36 (KHTML, like Gecko; compatible; GPTBot/1.3; +https://openai.com/gptbot)" www.event.acesolutions-ksa.com 74.220.219.162
74.7.242.19 - - [17/Mar/2026:11:05:25 -0600] "GET /200?edit=1773036605.M485713P1038775.box2010.bluehost.com%2CS%3D2343%2CW%3D2408&p=Ahome1Aimmorth6AmailAnew HTTP/2.0" 200 1697 "https://www.event.acesolutions-ksa.com/200?p=Ahome1Aimmorth6AmailAnew" "Mozilla/5.0 AppleWebKit/537.36 (KHTML, like Gecko; compatible; GPTBot/1.3; +https://openai.com/gptbot)" www.event.acesolutions-ksa.com 74.220.219.162
74.7.227.146 - - [17/Mar/2026:11:05:41 -0600] "GET /ar/3e1/51.php HTTP/2.0" 409 83 "https://event.acesolutions-ksa.com/ar/3e1/?p=Ahome1Aimmorth6AmailAIaccount%40ovochi_comAISent" "Mozilla/5.0 AppleWebKit/537.36 (KHTML, like Gecko; compatible; GPTBot/1.3; +https://openai.com/gptbot)" event.acesolutions-ksa.com 74.220.219.162
74.7.242.19 - - [17/Mar/2026:11:05:48 -0600] "GET /200?edit=1773035976.M759162P1004786.box2010.bluehost.com%2CS%3D2348%2CW%3D2413&p=Ahome1Aimmorth6AmailAnew HTTP/1.1" 200 1657 "https://www.event.acesolutions-ksa.com/200?p=Ahome1Aimmorth6AmailAnew" "Mozilla/5.0 AppleWebKit/537.36 (KHTML, like Gecko; compatible; GPTBot/1.3; +https://openai.com/gptbot)" www.event.acesolutions-ksa.com 74.220.219.162
74.7.242.19 - - [17/Mar/2026:11:05:48 -0600] "GET /200?edit=1773035976.M759162P1004786.box2010.bluehost.com%2CS%3D2348%2CW%3D2413&p=Ahome1Aimmorth6AmailAnew HTTP/2.0" 200 1657 "https://www.event.acesolutions-ksa.com/200?p=Ahome1Aimmorth6AmailAnew" "Mozilla/5.0 AppleWebKit/537.36 (KHTML, like Gecko; compatible; GPTBot/1.3; +https://openai.com/gptbot)" www.event.acesolutions-ksa.com 74.220.219.162
74.7.227.146 - - [17/Mar/2026:11:06:02 -0600] "GET /9d6?p=Ahome1Aimmorth6AmailAIprod_malaz%40ovochi_comAnew HTTP/2.0" 200 53431 "https://event.acesolutions-ksa.com/9d6?p=Ahome1Aimmorth6AmailAIprod_malaz%40ovochi_com" "Mozilla/5.0 AppleWebKit/537.36 (KHTML, like Gecko; compatible; GPTBot/1.3; +https://openai.com/gptbot)" event.acesolutions-ksa.com 74.220.219.162
74.7.242.19 - - [17/Mar/2026:11:06:08 -0600] "GET /541?edit=1773035971.M427023P1004786.box2010.bluehost.com%2CS%3D2348%2CW%3D2413&p=Ahome1Aimmorth6AmailAnew HTTP/1.1" 200 1691 "https://www.event.acesolutions-ksa.com/541?p=Ahome1Aimmorth6AmailAnew" "Mozilla/5.0 AppleWebKit/537.36 (KHTML, like Gecko; compatible; GPTBot/1.3; +https://openai.com/gptbot)" www.event.acesolutions-ksa.com 74.220.219.162
74.7.242.19 - - [17/Mar/2026:11:06:08 -0600] "GET /541?edit=1773035971.M427023P1004786.box2010.bluehost.com%2CS%3D2348%2CW%3D2413&p=Ahome1Aimmorth6AmailAnew HTTP/2.0" 200 1691 "https://www.event.acesolutions-ksa.com/541?p=Ahome1Aimmorth6AmailAnew" "Mozilla/5.0 AppleWebKit/537.36 (KHTML, like Gecko; compatible; GPTBot/1.3; +https://openai.com/gptbot)" www.event.acesolutions-ksa.com 74.220.219.162
74.7.242.19 - - [17/Mar/2026:11:06:26 -0600] "GET /052?edit=1773035973.M650527P1004786.box2010.bluehost.com%2CS%3D2348%2CW%3D2413&p=Ahome1Aimmorth6AmailAnew HTTP/1.1" 200 1700 "https://www.event.acesolutions-ksa.com/052?p=Ahome1Aimmorth6AmailAnew" "Mozilla/5.0 AppleWebKit/537.36 (KHTML, like Gecko; compatible; GPTBot/1.3; +https://openai.com/gptbot)" www.event.acesolutions-ksa.com 74.220.219.162
74.7.242.19 - - [17/Mar/2026:11:06:26 -0600] "GET /052?edit=1773035973.M650527P1004786.box2010.bluehost.com%2CS%3D2348%2CW%3D2413&p=Ahome1Aimmorth6AmailAnew HTTP/2.0" 200 1700 "https://www.event.acesolutions-ksa.com/052?p=Ahome1Aimmorth6AmailAnew" "Mozilla/5.0 AppleWebKit/537.36 (KHTML, like Gecko; compatible; GPTBot/1.3; +https://openai.com/gptbot)" www.event.acesolutions-ksa.com 74.220.219.162
74.220.219.162 - - [17/Mar/2026:11:06:43 -0600] "POST /wp-cron.php?doing_wp_cron=1773767203.4619989395141601562500 HTTP/2.0" 200 - "-" "WordPress/6.9; https://event.acesolutions-ksa.com" event.acesolutions-ksa.com 74.220.219.162
74.7.242.19 - - [17/Mar/2026:11:06:43 -0600] "GET /541?edit=1773035978.M606002P1004786.box2010.bluehost.com%2CS%3D2343%2CW%3D2408&p=Ahome1Aimmorth6AmailAnew HTTP/1.1" 200 1679 "https://www.event.acesolutions-ksa.com/541?p=Ahome1Aimmorth6AmailAnew" "Mozilla/5.0 AppleWebKit/537.36 (KHTML, like Gecko; compatible; GPTBot/1.3; +https://openai.com/gptbot)" www.event.acesolutions-ksa.com 74.220.219.162
74.7.242.19 - - [17/Mar/2026:11:06:43 -0600] "GET /541?edit=1773035978.M606002P1004786.box2010.bluehost.com%2CS%3D2343%2CW%3D2408&p=Ahome1Aimmorth6AmailAnew HTTP/2.0" 200 1679 "https://www.event.acesolutions-ksa.com/541?p=Ahome1Aimmorth6AmailAnew" "Mozilla/5.0 AppleWebKit/537.36 (KHTML, like Gecko; compatible; GPTBot/1.3; +https://openai.com/gptbot)" www.event.acesolutions-ksa.com 74.220.219.162
74.7.242.19 - - [17/Mar/2026:11:06:57 -0600] "GET /995?edit=1773036653.M113842P1038775.box2010.bluehost.com%2CS%3D2343%2CW%3D2408&p=Ahome1Aimmorth6AmailAnew HTTP/1.1" 200 1646 "https://www.event.acesolutions-ksa.com/995?p=Ahome1Aimmorth6AmailAnew" "Mozilla/5.0 AppleWebKit/537.36 (KHTML, like Gecko; compatible; GPTBot/1.3; +https://openai.com/gptbot)" www.event.acesolutions-ksa.com 74.220.219.162
74.7.242.19 - - [17/Mar/2026:11:06:57 -0600] "GET /995?edit=1773036653.M113842P1038775.box2010.bluehost.com%2CS%3D2343%2CW%3D2408&p=Ahome1Aimmorth6AmailAnew HTTP/2.0" 200 1646 "https://www.event.acesolutions-ksa.com/995?p=Ahome1Aimmorth6AmailAnew" "Mozilla/5.0 AppleWebKit/537.36 (KHTML, like Gecko; compatible; GPTBot/1.3; +https://openai.com/gptbot)" www.event.acesolutions-ksa.com 74.220.219.162
74.7.227.146 - - [17/Mar/2026:11:07:01 -0600] "GET /event.acesolutions-ksa.com?edit=e19&p=Ahome1Aimmorth6Apublic_htmlAwebsite_e0dc5845Awp-includesAx18cf95 HTTP/2.0" 200 80183 "https://www.website-efd5428f.ilq.ypm.mybluehost.me" "Mozilla/5.0 AppleWebKit/537.36 (KHTML, like Gecko; compatible; GPTBot/1.3; +https://openai.com/gptbot)" event.acesolutions-ksa.com 74.220.219.162
74.7.242.19 - - [17/Mar/2026:11:07:10 -0600] "GET /052?edit=1773036718.M569837P1038775.box2010.bluehost.com%2CS%3D2348%2CW%3D2413&p=Ahome1Aimmorth6AmailAnew HTTP/2.0" 200 1667 "https://www.event.acesolutions-ksa.com/052?p=Ahome1Aimmorth6AmailAnew" "Mozilla/5.0 AppleWebKit/537.36 (KHTML, like Gecko; compatible; GPTBot/1.3; +https://openai.com/gptbot)" www.event.acesolutions-ksa.com 74.220.219.162
74.7.242.19 - - [17/Mar/2026:11:07:10 -0600] "GET /052?edit=1773036718.M569837P1038775.box2010.bluehost.com%2CS%3D2348%2CW%3D2413&p=Ahome1Aimmorth6AmailAnew HTTP/1.1" 200 1667 "https://www.event.acesolutions-ksa.com/052?p=Ahome1Aimmorth6AmailAnew" "Mozilla/5.0 AppleWebKit/537.36 (KHTML, like Gecko; compatible; GPTBot/1.3; +https://openai.com/gptbot)" www.event.acesolutions-ksa.com 74.220.219.162
74.7.242.19 - - [17/Mar/2026:11:07:22 -0600] "GET /437?edit=1773036569.M551626P1038775.box2010.bluehost.com%2CS%3D2343%2CW%3D2408&p=Ahome1Aimmorth6AmailAnew HTTP/1.1" 200 1698 "https://www.event.acesolutions-ksa.com/437?p=Ahome1Aimmorth6AmailAnew" "Mozilla/5.0 AppleWebKit/537.36 (KHTML, like Gecko; compatible; GPTBot/1.3; +https://openai.com/gptbot)" www.event.acesolutions-ksa.com 74.220.219.162
74.7.242.19 - - [17/Mar/2026:11:07:22 -0600] "GET /437?edit=1773036569.M551626P1038775.box2010.bluehost.com%2CS%3D2343%2CW%3D2408&p=Ahome1Aimmorth6AmailAnew HTTP/2.0" 200 1698 "https://www.event.acesolutions-ksa.com/437?p=Ahome1Aimmorth6AmailAnew" "Mozilla/5.0 AppleWebKit/537.36 (KHTML, like Gecko; compatible; GPTBot/1.3; +https://openai.com/gptbot)" www.event.acesolutions-ksa.com 74.220.219.162
74.7.242.19 - - [17/Mar/2026:11:07:32 -0600] "GET /383?edit=1773035990.M262860P1004786.box2010.bluehost.com%2CS%3D2348%2CW%3D2413&p=Ahome1Aimmorth6AmailAnew HTTP/1.1" 200 1701 "https://www.event.acesolutions-ksa.com/383?p=Ahome1Aimmorth6AmailAnew" "Mozilla/5.0 AppleWebKit/537.36 (KHTML, like Gecko; compatible; GPTBot/1.3; +https://openai.com/gptbot)" www.event.acesolutions-ksa.com 74.220.219.162
74.7.242.19 - - [17/Mar/2026:11:07:32 -0600] "GET /383?edit=1773035990.M262860P1004786.box2010.bluehost.com%2CS%3D2348%2CW%3D2413&p=Ahome1Aimmorth6AmailAnew HTTP/2.0" 200 1701 "https://www.event.acesolutions-ksa.com/383?p=Ahome1Aimmorth6AmailAnew" "Mozilla/5.0 AppleWebKit/537.36 (KHTML, like Gecko; compatible; GPTBot/1.3; +https://openai.com/gptbot)" www.event.acesolutions-ksa.com 74.220.219.162
74.7.242.19 - - [17/Mar/2026:11:07:43 -0600] "GET /771?edit=1773035937.M718724P1004786.box2010.bluehost.com%2CS%3D2343%2CW%3D2408&p=Ahome1Aimmorth6AmailAnew HTTP/1.1" 200 1671 "https://www.event.acesolutions-ksa.com/771?p=Ahome1Aimmorth6AmailAnew" "Mozilla/5.0 AppleWebKit/537.36 (KHTML, like Gecko; compatible; GPTBot/1.3; +https://openai.com/gptbot)" www.event.acesolutions-ksa.com 74.220.219.162
74.7.242.19 - - [17/Mar/2026:11:07:43 -0600] "GET /771?edit=1773035937.M718724P1004786.box2010.bluehost.com%2CS%3D2343%2CW%3D2408&p=Ahome1Aimmorth6AmailAnew HTTP/2.0" 200 1671 "https://www.event.acesolutions-ksa.com/771?p=Ahome1Aimmorth6AmailAnew" "Mozilla/5.0 AppleWebKit/537.36 (KHTML, like Gecko; compatible; GPTBot/1.3; +https://openai.com/gptbot)" www.event.acesolutions-ksa.com 74.220.219.162
74.7.242.19 - - [17/Mar/2026:11:07:53 -0600] "GET /995?edit=1773036577.M478472P1038775.box2010.bluehost.com%2CS%3D2348%2CW%3D2413&p=Ahome1Aimmorth6AmailAnew HTTP/1.1" 200 1669 "https://www.event.acesolutions-ksa.com/995?p=Ahome1Aimmorth6AmailAnew" "Mozilla/5.0 AppleWebKit/537.36 (KHTML, like Gecko; compatible; GPTBot/1.3; +https://openai.com/gptbot)" www.event.acesolutions-ksa.com 74.220.219.162
74.7.242.19 - - [17/Mar/2026:11:07:53 -0600] "GET /995?edit=1773036577.M478472P1038775.box2010.bluehost.com%2CS%3D2348%2CW%3D2413&p=Ahome1Aimmorth6AmailAnew HTTP/2.0" 200 1669 "https://www.event.acesolutions-ksa.com/995?p=Ahome1Aimmorth6AmailAnew" "Mozilla/5.0 AppleWebKit/537.36 (KHTML, like Gecko; compatible; GPTBot/1.3; +https://openai.com/gptbot)" www.event.acesolutions-ksa.com 74.220.219.162
74.7.227.146 - - [17/Mar/2026:11:07:58 -0600] "GET /ar/event.acesolutions-ksa.com/?edit=e19&p=Ahome1Aimmorth6Apublic_htmlAwebsite_e0dc5845Awp-includesAx18cf95 HTTP/2.0" 200 81531 "https://www.website-efd5428f.ilq.ypm.mybluehost.me" "Mozilla/5.0 AppleWebKit/537.36 (KHTML, like Gecko; compatible; GPTBot/1.3; +https://openai.com/gptbot)" event.acesolutions-ksa.com 74.220.219.162
74.7.242.19 - - [17/Mar/2026:11:08:04 -0600] "GET /052?edit=1773036566.M297707P1038775.box2010.bluehost.com%2CS%3D2348%2CW%3D2413&p=Ahome1Aimmorth6AmailAnew HTTP/1.1" 200 1678 "https://www.event.acesolutions-ksa.com/052?p=Ahome1Aimmorth6AmailAnew" "Mozilla/5.0 AppleWebKit/537.36 (KHTML, like Gecko; compatible; GPTBot/1.3; +https://openai.com/gptbot)" www.event.acesolutions-ksa.com 74.220.219.162
74.7.242.19 - - [17/Mar/2026:11:08:04 -0600] "GET /052?edit=1773036566.M297707P1038775.box2010.bluehost.com%2CS%3D2348%2CW%3D2413&p=Ahome1Aimmorth6AmailAnew HTTP/2.0" 200 1678 "https://www.event.acesolutions-ksa.com/052?p=Ahome1Aimmorth6AmailAnew" "Mozilla/5.0 AppleWebKit/537.36 (KHTML, like Gecko; compatible; GPTBot/1.3; +https://openai.com/gptbot)" www.event.acesolutions-ksa.com 74.220.219.162
