74.7.242.19 - - [17/Mar/2026:17:08:47 -0600] "GET /303?p=Ahome1Aimmorth6AohccIsa HTTP/2.0" 200 1417 "https://www.event.acesolutions-ksa.com/303?p=Ahome1Aimmorth6" "Mozilla/5.0 AppleWebKit/537.36 (KHTML, like Gecko; compatible; GPTBot/1.3; +https://openai.com/gptbot)" www.event.acesolutions-ksa.com 74.220.219.162
74.7.242.19 - - [17/Mar/2026:17:08:57 -0600] "GET /482?p=Ahome1Aimmorth6AIgnupg HTTP/1.1" 200 1272 "https://www.event.acesolutions-ksa.com/482?p=Ahome1Aimmorth6" "Mozilla/5.0 AppleWebKit/537.36 (KHTML, like Gecko; compatible; GPTBot/1.3; +https://openai.com/gptbot)" www.event.acesolutions-ksa.com 74.220.219.162
74.7.242.19 - - [17/Mar/2026:17:08:57 -0600] "GET /482?p=Ahome1Aimmorth6AIgnupg HTTP/2.0" 200 1272 "https://www.event.acesolutions-ksa.com/482?p=Ahome1Aimmorth6" "Mozilla/5.0 AppleWebKit/537.36 (KHTML, like Gecko; compatible; GPTBot/1.3; +https://openai.com/gptbot)" www.event.acesolutions-ksa.com 74.220.219.162
74.7.242.19 - - [17/Mar/2026:17:09:08 -0600] "GET /966?edit=1773031582.M918608P728811.box2010.bluehost.com%2CS%3D2348%2CW%3D2413&p=Ahome1Aimmorth6AmailAnew HTTP/1.1" 200 1673 "https://www.event.acesolutions-ksa.com/966?p=Ahome1Aimmorth6AmailAnew" "Mozilla/5.0 AppleWebKit/537.36 (KHTML, like Gecko; compatible; GPTBot/1.3; +https://openai.com/gptbot)" www.event.acesolutions-ksa.com 74.220.219.162
74.7.242.19 - - [17/Mar/2026:17:09:08 -0600] "GET /966?edit=1773031582.M918608P728811.box2010.bluehost.com%2CS%3D2348%2CW%3D2413&p=Ahome1Aimmorth6AmailAnew HTTP/2.0" 200 1673 "https://www.event.acesolutions-ksa.com/966?p=Ahome1Aimmorth6AmailAnew" "Mozilla/5.0 AppleWebKit/537.36 (KHTML, like Gecko; compatible; GPTBot/1.3; +https://openai.com/gptbot)" www.event.acesolutions-ksa.com 74.220.219.162
74.7.242.19 - - [17/Mar/2026:17:09:18 -0600] "GET /872?edit=1773038360.M345882P2123.box2010.bluehost.com%2CS%3D2348%2CW%3D2413&p=Ahome1Aimmorth6AmailAnew HTTP/1.1" 200 1649 "https://www.event.acesolutions-ksa.com/872?p=Ahome1Aimmorth6AmailAnew" "Mozilla/5.0 AppleWebKit/537.36 (KHTML, like Gecko; compatible; GPTBot/1.3; +https://openai.com/gptbot)" www.event.acesolutions-ksa.com 74.220.219.162
74.7.242.19 - - [17/Mar/2026:17:09:18 -0600] "GET /872?edit=1773038360.M345882P2123.box2010.bluehost.com%2CS%3D2348%2CW%3D2413&p=Ahome1Aimmorth6AmailAnew HTTP/2.0" 200 1649 "https://www.event.acesolutions-ksa.com/872?p=Ahome1Aimmorth6AmailAnew" "Mozilla/5.0 AppleWebKit/537.36 (KHTML, like Gecko; compatible; GPTBot/1.3; +https://openai.com/gptbot)" www.event.acesolutions-ksa.com 74.220.219.162
74.7.227.146 - - [17/Mar/2026:17:09:22 -0600] "GET /2a1?p=Ahome1 HTTP/2.0" 200 53253 "https://www.website-efd5428f.ilq.ypm.mybluehost.me" "Mozilla/5.0 AppleWebKit/537.36 (KHTML, like Gecko; compatible; GPTBot/1.3; +https://openai.com/gptbot)" event.acesolutions-ksa.com 74.220.219.162
74.7.242.19 - - [17/Mar/2026:17:09:29 -0600] "GET /966?edit=1773027790.M316155P448681.box2010.bluehost.com%2CS%3D2343%2CW%3D2408&p=Ahome1Aimmorth6AmailAnew HTTP/1.1" 200 1678 "https://www.event.acesolutions-ksa.com/966?p=Ahome1Aimmorth6AmailAnew" "Mozilla/5.0 AppleWebKit/537.36 (KHTML, like Gecko; compatible; GPTBot/1.3; +https://openai.com/gptbot)" www.event.acesolutions-ksa.com 74.220.219.162
74.7.242.19 - - [17/Mar/2026:17:09:29 -0600] "GET /966?edit=1773027790.M316155P448681.box2010.bluehost.com%2CS%3D2343%2CW%3D2408&p=Ahome1Aimmorth6AmailAnew HTTP/2.0" 200 1678 "https://www.event.acesolutions-ksa.com/966?p=Ahome1Aimmorth6AmailAnew" "Mozilla/5.0 AppleWebKit/537.36 (KHTML, like Gecko; compatible; GPTBot/1.3; +https://openai.com/gptbot)" www.event.acesolutions-ksa.com 74.220.219.162
74.7.242.19 - - [17/Mar/2026:17:09:40 -0600] "GET /303?edit=1773026076.M648018P448681.box2010.bluehost.com%2CS%3D2348%2CW%3D2413&p=Ahome1Aimmorth6AmailAnew HTTP/1.1" 200 1686 "https://www.event.acesolutions-ksa.com/303?p=Ahome1Aimmorth6AmailAnew" "Mozilla/5.0 AppleWebKit/537.36 (KHTML, like Gecko; compatible; GPTBot/1.3; +https://openai.com/gptbot)" www.event.acesolutions-ksa.com 74.220.219.162
74.7.242.19 - - [17/Mar/2026:17:09:40 -0600] "GET /303?edit=1773026076.M648018P448681.box2010.bluehost.com%2CS%3D2348%2CW%3D2413&p=Ahome1Aimmorth6AmailAnew HTTP/2.0" 200 1686 "https://www.event.acesolutions-ksa.com/303?p=Ahome1Aimmorth6AmailAnew" "Mozilla/5.0 AppleWebKit/537.36 (KHTML, like Gecko; compatible; GPTBot/1.3; +https://openai.com/gptbot)" www.event.acesolutions-ksa.com 74.220.219.162
74.220.219.162 - - [17/Mar/2026:17:09:46 -0600] "POST /wp-cron.php?doing_wp_cron=1773788986.1039719581604003906250 HTTP/2.0" 200 - "-" "WordPress/6.9; https://event.acesolutions-ksa.com" event.acesolutions-ksa.com 74.220.219.162
74.7.242.19 - - [17/Mar/2026:17:09:51 -0600] "GET /202?edit=1773045176.M341192P647468.box2010.bluehost.com%2CS%3D2343%2CW%3D2408&p=Ahome1Aimmorth6AmailAnew HTTP/1.1" 200 1663 "https://www.event.acesolutions-ksa.com/202?p=Ahome1Aimmorth6AmailAnew" "Mozilla/5.0 AppleWebKit/537.36 (KHTML, like Gecko; compatible; GPTBot/1.3; +https://openai.com/gptbot)" www.event.acesolutions-ksa.com 74.220.219.162
74.7.242.19 - - [17/Mar/2026:17:09:51 -0600] "GET /202?edit=1773045176.M341192P647468.box2010.bluehost.com%2CS%3D2343%2CW%3D2408&p=Ahome1Aimmorth6AmailAnew HTTP/2.0" 200 1663 "https://www.event.acesolutions-ksa.com/202?p=Ahome1Aimmorth6AmailAnew" "Mozilla/5.0 AppleWebKit/537.36 (KHTML, like Gecko; compatible; GPTBot/1.3; +https://openai.com/gptbot)" www.event.acesolutions-ksa.com 74.220.219.162
74.7.242.19 - - [17/Mar/2026:17:10:01 -0600] "GET /303?edit=1773026071.M193873P448681.box2010.bluehost.com%2CS%3D2338%2CW%3D2403&p=Ahome1Aimmorth6AmailAnew HTTP/1.1" 200 1703 "https://www.event.acesolutions-ksa.com/303?p=Ahome1Aimmorth6AmailAnew" "Mozilla/5.0 AppleWebKit/537.36 (KHTML, like Gecko; compatible; GPTBot/1.3; +https://openai.com/gptbot)" www.event.acesolutions-ksa.com 74.220.219.162
74.7.242.19 - - [17/Mar/2026:17:10:01 -0600] "GET /303?edit=1773026071.M193873P448681.box2010.bluehost.com%2CS%3D2338%2CW%3D2403&p=Ahome1Aimmorth6AmailAnew HTTP/2.0" 200 1703 "https://www.event.acesolutions-ksa.com/303?p=Ahome1Aimmorth6AmailAnew" "Mozilla/5.0 AppleWebKit/537.36 (KHTML, like Gecko; compatible; GPTBot/1.3; +https://openai.com/gptbot)" www.event.acesolutions-ksa.com 74.220.219.162
74.7.242.19 - - [17/Mar/2026:17:10:12 -0600] "GET /966?edit=1773027315.M510112P448681.box2010.bluehost.com%2CS%3D2348%2CW%3D2413&p=Ahome1Aimmorth6AmailAnew HTTP/1.1" 200 1698 "https://www.event.acesolutions-ksa.com/966?p=Ahome1Aimmorth6AmailAnew" "Mozilla/5.0 AppleWebKit/537.36 (KHTML, like Gecko; compatible; GPTBot/1.3; +https://openai.com/gptbot)" www.event.acesolutions-ksa.com 74.220.219.162
74.7.242.19 - - [17/Mar/2026:17:10:12 -0600] "GET /966?edit=1773027315.M510112P448681.box2010.bluehost.com%2CS%3D2348%2CW%3D2413&p=Ahome1Aimmorth6AmailAnew HTTP/2.0" 200 1698 "https://www.event.acesolutions-ksa.com/966?p=Ahome1Aimmorth6AmailAnew" "Mozilla/5.0 AppleWebKit/537.36 (KHTML, like Gecko; compatible; GPTBot/1.3; +https://openai.com/gptbot)" www.event.acesolutions-ksa.com 74.220.219.162
74.7.227.146 - - [17/Mar/2026:17:10:15 -0600] "GET /11c HTTP/2.0" 200 54007 "https://www.website-efd5428f.ilq.ypm.mybluehost.me" "Mozilla/5.0 AppleWebKit/537.36 (KHTML, like Gecko; compatible; GPTBot/1.3; +https://openai.com/gptbot)" event.acesolutions-ksa.com 74.220.219.162
74.7.242.19 - - [17/Mar/2026:17:10:22 -0600] "GET /info@alfekrah.sa.ics HTTP/1.1" 200 1635 "https://www.event.acesolutions-ksa.com/202?p=Ahome1Aimmorth6AIcpanelAicals" "Mozilla/5.0 AppleWebKit/537.36 (KHTML, like Gecko; compatible; GPTBot/1.3; +https://openai.com/gptbot)" www.event.acesolutions-ksa.com 74.220.219.162
74.7.242.19 - - [17/Mar/2026:17:10:22 -0600] "GET /info@alfekrah.sa.ics HTTP/2.0" 200 1635 "https://www.event.acesolutions-ksa.com/202?p=Ahome1Aimmorth6AIcpanelAicals" "Mozilla/5.0 AppleWebKit/537.36 (KHTML, like Gecko; compatible; GPTBot/1.3; +https://openai.com/gptbot)" www.event.acesolutions-ksa.com 74.220.219.162
74.7.242.19 - - [17/Mar/2026:17:10:33 -0600] "GET /info@acesolutions-ksa.com.ics HTTP/1.1" 200 1635 "https://www.event.acesolutions-ksa.com/202?p=Ahome1Aimmorth6AIcpanelAicals" "Mozilla/5.0 AppleWebKit/537.36 (KHTML, like Gecko; compatible; GPTBot/1.3; +https://openai.com/gptbot)" www.event.acesolutions-ksa.com 74.220.219.162
74.7.242.19 - - [17/Mar/2026:17:10:33 -0600] "GET /info@acesolutions-ksa.com.ics HTTP/2.0" 200 1635 "https://www.event.acesolutions-ksa.com/202?p=Ahome1Aimmorth6AIcpanelAicals" "Mozilla/5.0 AppleWebKit/537.36 (KHTML, like Gecko; compatible; GPTBot/1.3; +https://openai.com/gptbot)" www.event.acesolutions-ksa.com 74.220.219.162
74.7.242.19 - - [17/Mar/2026:17:10:44 -0600] "GET /info@alltheway.com.sa.ics HTTP/1.1" 200 1635 "https://www.event.acesolutions-ksa.com/202?p=Ahome1Aimmorth6AIcpanelAicals" "Mozilla/5.0 AppleWebKit/537.36 (KHTML, like Gecko; compatible; GPTBot/1.3; +https://openai.com/gptbot)" www.event.acesolutions-ksa.com 74.220.219.162
74.7.242.19 - - [17/Mar/2026:17:10:44 -0600] "GET /info@alltheway.com.sa.ics HTTP/2.0" 200 1635 "https://www.event.acesolutions-ksa.com/202?p=Ahome1Aimmorth6AIcpanelAicals" "Mozilla/5.0 AppleWebKit/537.36 (KHTML, like Gecko; compatible; GPTBot/1.3; +https://openai.com/gptbot)" www.event.acesolutions-ksa.com 74.220.219.162
74.7.242.19 - - [17/Mar/2026:17:10:55 -0600] "GET /k.alyafi@acesolutions-ksa.com.ics HTTP/1.1" 200 1635 "https://www.event.acesolutions-ksa.com/202?p=Ahome1Aimmorth6AIcpanelAicals" "Mozilla/5.0 AppleWebKit/537.36 (KHTML, like Gecko; compatible; GPTBot/1.3; +https://openai.com/gptbot)" www.event.acesolutions-ksa.com 74.220.219.162
74.7.242.19 - - [17/Mar/2026:17:10:55 -0600] "GET /k.alyafi@acesolutions-ksa.com.ics HTTP/2.0" 200 1635 "https://www.event.acesolutions-ksa.com/202?p=Ahome1Aimmorth6AIcpanelAicals" "Mozilla/5.0 AppleWebKit/537.36 (KHTML, like Gecko; compatible; GPTBot/1.3; +https://openai.com/gptbot)" www.event.acesolutions-ksa.com 74.220.219.162
74.7.227.146 - - [17/Mar/2026:17:11:02 -0600] "GET /285?p=Ahome1 HTTP/2.0" 200 53254 "https://www.website-efd5428f.ilq.ypm.mybluehost.me" "Mozilla/5.0 AppleWebKit/537.36 (KHTML, like Gecko; compatible; GPTBot/1.3; +https://openai.com/gptbot)" event.acesolutions-ksa.com 74.220.219.162
74.7.242.19 - - [17/Mar/2026:17:11:05 -0600] "GET /alaa@acesolutions-ksa.com.ics HTTP/1.1" 200 1635 "https://www.event.acesolutions-ksa.com/202?p=Ahome1Aimmorth6AIcpanelAicals" "Mozilla/5.0 AppleWebKit/537.36 (KHTML, like Gecko; compatible; GPTBot/1.3; +https://openai.com/gptbot)" www.event.acesolutions-ksa.com 74.220.219.162
74.7.242.19 - - [17/Mar/2026:17:11:05 -0600] "GET /alaa@acesolutions-ksa.com.ics HTTP/2.0" 200 1635 "https://www.event.acesolutions-ksa.com/202?p=Ahome1Aimmorth6AIcpanelAicals" "Mozilla/5.0 AppleWebKit/537.36 (KHTML, like Gecko; compatible; GPTBot/1.3; +https://openai.com/gptbot)" www.event.acesolutions-ksa.com 74.220.219.162
74.7.242.19 - - [17/Mar/2026:17:11:15 -0600] "GET /jed.operation@ovochi.com.ics HTTP/1.1" 200 1635 "https://www.event.acesolutions-ksa.com/202?p=Ahome1Aimmorth6AIcpanelAicals" "Mozilla/5.0 AppleWebKit/537.36 (KHTML, like Gecko; compatible; GPTBot/1.3; +https://openai.com/gptbot)" www.event.acesolutions-ksa.com 74.220.219.162
74.7.242.19 - - [17/Mar/2026:17:11:15 -0600] "GET /jed.operation@ovochi.com.ics HTTP/2.0" 200 1635 "https://www.event.acesolutions-ksa.com/202?p=Ahome1Aimmorth6AIcpanelAicals" "Mozilla/5.0 AppleWebKit/537.36 (KHTML, like Gecko; compatible; GPTBot/1.3; +https://openai.com/gptbot)" www.event.acesolutions-ksa.com 74.220.219.162
69.63.184.20 - - [17/Mar/2026:17:11:24 -0600] "GET /robots.txt HTTP/2.0" 206 66 "-" "facebookexternalhit/1.1 (+http://www.facebook.com/externalhit_uatext.php)" event.acesolutions-ksa.com 74.220.219.162
74.7.242.19 - - [17/Mar/2026:17:11:26 -0600] "GET /rawdah.branch@ovochi.com.ics HTTP/1.1" 200 1635 "https://www.event.acesolutions-ksa.com/202?p=Ahome1Aimmorth6AIcpanelAicals" "Mozilla/5.0 AppleWebKit/537.36 (KHTML, like Gecko; compatible; GPTBot/1.3; +https://openai.com/gptbot)" www.event.acesolutions-ksa.com 74.220.219.162
74.7.242.19 - - [17/Mar/2026:17:11:26 -0600] "GET /rawdah.branch@ovochi.com.ics HTTP/2.0" 200 1635 "https://www.event.acesolutions-ksa.com/202?p=Ahome1Aimmorth6AIcpanelAicals" "Mozilla/5.0 AppleWebKit/537.36 (KHTML, like Gecko; compatible; GPTBot/1.3; +https://openai.com/gptbot)" www.event.acesolutions-ksa.com 74.220.219.162
74.7.242.19 - - [17/Mar/2026:17:11:36 -0600] "GET /maher@acesolutions-ksa.com.ics HTTP/1.1" 200 1635 "https://www.event.acesolutions-ksa.com/202?p=Ahome1Aimmorth6AIcpanelAicals" "Mozilla/5.0 AppleWebKit/537.36 (KHTML, like Gecko; compatible; GPTBot/1.3; +https://openai.com/gptbot)" www.event.acesolutions-ksa.com 74.220.219.162
74.7.242.19 - - [17/Mar/2026:17:11:36 -0600] "GET /maher@acesolutions-ksa.com.ics HTTP/2.0" 200 1635 "https://www.event.acesolutions-ksa.com/202?p=Ahome1Aimmorth6AIcpanelAicals" "Mozilla/5.0 AppleWebKit/537.36 (KHTML, like Gecko; compatible; GPTBot/1.3; +https://openai.com/gptbot)" www.event.acesolutions-ksa.com 74.220.219.162
74.7.227.146 - - [17/Mar/2026:17:11:43 -0600] "GET /ar/558/?edit=1743564832.M237023P1015079.box2010.bluehost.com%2CS%3D3942%2CW%3D4032%3A2%2C&p=Ahome1Aimmorth6AmailAcur HTTP/2.0" 200 56628 "https://www.website-efd5428f.ilq.ypm.mybluehost.me" "Mozilla/5.0 AppleWebKit/537.36 (KHTML, like Gecko; compatible; GPTBot/1.3; +https://openai.com/gptbot)" event.acesolutions-ksa.com 74.220.219.162
74.220.219.162 - - [17/Mar/2026:17:11:46 -0600] "POST /wp-cron.php?doing_wp_cron=1773789106.9335229396820068359375 HTTP/2.0" 200 - "-" "WordPress/6.9; https://event.acesolutions-ksa.com" event.acesolutions-ksa.com 74.220.219.162
74.7.242.19 - - [17/Mar/2026:17:11:46 -0600] "GET /marketing@alltheway.com.sa.ics HTTP/1.1" 200 1635 "https://www.event.acesolutions-ksa.com/202?p=Ahome1Aimmorth6AIcpanelAicals" "Mozilla/5.0 AppleWebKit/537.36 (KHTML, like Gecko; compatible; GPTBot/1.3; +https://openai.com/gptbot)" www.event.acesolutions-ksa.com 74.220.219.162
74.7.242.19 - - [17/Mar/2026:17:11:46 -0600] "GET /marketing@alltheway.com.sa.ics HTTP/2.0" 200 1635 "https://www.event.acesolutions-ksa.com/202?p=Ahome1Aimmorth6AIcpanelAicals" "Mozilla/5.0 AppleWebKit/537.36 (KHTML, like Gecko; compatible; GPTBot/1.3; +https://openai.com/gptbot)" www.event.acesolutions-ksa.com 74.220.219.162
74.7.242.19 - - [17/Mar/2026:17:11:57 -0600] "GET /operation.manager@ovochi.com.ics HTTP/1.1" 200 1635 "https://www.event.acesolutions-ksa.com/202?p=Ahome1Aimmorth6AIcpanelAicals" "Mozilla/5.0 AppleWebKit/537.36 (KHTML, like Gecko; compatible; GPTBot/1.3; +https://openai.com/gptbot)" www.event.acesolutions-ksa.com 74.220.219.162
74.7.242.19 - - [17/Mar/2026:17:11:57 -0600] "GET /operation.manager@ovochi.com.ics HTTP/2.0" 200 1635 "https://www.event.acesolutions-ksa.com/202?p=Ahome1Aimmorth6AIcpanelAicals" "Mozilla/5.0 AppleWebKit/537.36 (KHTML, like Gecko; compatible; GPTBot/1.3; +https://openai.com/gptbot)" www.event.acesolutions-ksa.com 74.220.219.162
74.7.242.19 - - [17/Mar/2026:17:12:08 -0600] "GET /sales.supervisor@ovochi.com.ics HTTP/1.1" 200 1635 "https://www.event.acesolutions-ksa.com/202?p=Ahome1Aimmorth6AIcpanelAicals" "Mozilla/5.0 AppleWebKit/537.36 (KHTML, like Gecko; compatible; GPTBot/1.3; +https://openai.com/gptbot)" www.event.acesolutions-ksa.com 74.220.219.162
74.7.242.19 - - [17/Mar/2026:17:12:08 -0600] "GET /sales.supervisor@ovochi.com.ics HTTP/2.0" 200 1635 "https://www.event.acesolutions-ksa.com/202?p=Ahome1Aimmorth6AIcpanelAicals" "Mozilla/5.0 AppleWebKit/537.36 (KHTML, like Gecko; compatible; GPTBot/1.3; +https://openai.com/gptbot)" www.event.acesolutions-ksa.com 74.220.219.162
74.7.242.19 - - [17/Mar/2026:17:12:18 -0600] "GET /ntayem@acesolutions-ksa.com.ics HTTP/1.1" 200 1635 "https://www.event.acesolutions-ksa.com/202?p=Ahome1Aimmorth6AIcpanelAicals" "Mozilla/5.0 AppleWebKit/537.36 (KHTML, like Gecko; compatible; GPTBot/1.3; +https://openai.com/gptbot)" www.event.acesolutions-ksa.com 74.220.219.162
74.7.242.19 - - [17/Mar/2026:17:12:18 -0600] "GET /ntayem@acesolutions-ksa.com.ics HTTP/2.0" 200 1635 "https://www.event.acesolutions-ksa.com/202?p=Ahome1Aimmorth6AIcpanelAicals" "Mozilla/5.0 AppleWebKit/537.36 (KHTML, like Gecko; compatible; GPTBot/1.3; +https://openai.com/gptbot)" www.event.acesolutions-ksa.com 74.220.219.162
74.7.227.146 - - [17/Mar/2026:17:12:21 -0600] "GET /558?edit=1743564832.M237023P1015079.box2010.bluehost.com%2CS%3D3942%2CW%3D4032%3A2%2C&p=Ahome1Aimmorth6AmailAcur HTTP/2.0" 200 55289 "https://www.website-efd5428f.ilq.ypm.mybluehost.me" "Mozilla/5.0 AppleWebKit/537.36 (KHTML, like Gecko; compatible; GPTBot/1.3; +https://openai.com/gptbot)" event.acesolutions-ksa.com 74.220.219.162
74.7.242.19 - - [17/Mar/2026:17:12:28 -0600] "GET /projects@acesolutions-ksa.com.ics HTTP/1.1" 200 1635 "https://www.event.acesolutions-ksa.com/202?p=Ahome1Aimmorth6AIcpanelAicals" "Mozilla/5.0 AppleWebKit/537.36 (KHTML, like Gecko; compatible; GPTBot/1.3; +https://openai.com/gptbot)" www.event.acesolutions-ksa.com 74.220.219.162
74.7.242.19 - - [17/Mar/2026:17:12:28 -0600] "GET /projects@acesolutions-ksa.com.ics HTTP/2.0" 200 1635 "https://www.event.acesolutions-ksa.com/202?p=Ahome1Aimmorth6AIcpanelAicals" "Mozilla/5.0 AppleWebKit/537.36 (KHTML, like Gecko; compatible; GPTBot/1.3; +https://openai.com/gptbot)" www.event.acesolutions-ksa.com 74.220.219.162
74.7.242.19 - - [17/Mar/2026:17:12:39 -0600] "GET /sales.specialist@ovochi.com.ics HTTP/1.1" 200 1635 "https://www.event.acesolutions-ksa.com/202?p=Ahome1Aimmorth6AIcpanelAicals" "Mozilla/5.0 AppleWebKit/537.36 (KHTML, like Gecko; compatible; GPTBot/1.3; +https://openai.com/gptbot)" www.event.acesolutions-ksa.com 74.220.219.162
74.7.242.19 - - [17/Mar/2026:17:12:39 -0600] "GET /sales.specialist@ovochi.com.ics HTTP/2.0" 200 1635 "https://www.event.acesolutions-ksa.com/202?p=Ahome1Aimmorth6AIcpanelAicals" "Mozilla/5.0 AppleWebKit/537.36 (KHTML, like Gecko; compatible; GPTBot/1.3; +https://openai.com/gptbot)" www.event.acesolutions-ksa.com 74.220.219.162
74.7.242.19 - - [17/Mar/2026:17:12:49 -0600] "GET /sales.riyadh@ovochi.com.ics HTTP/1.1" 200 1635 "https://www.event.acesolutions-ksa.com/202?p=Ahome1Aimmorth6AIcpanelAicals" "Mozilla/5.0 AppleWebKit/537.36 (KHTML, like Gecko; compatible; GPTBot/1.3; +https://openai.com/gptbot)" www.event.acesolutions-ksa.com 74.220.219.162
74.7.242.19 - - [17/Mar/2026:17:12:49 -0600] "GET /sales.riyadh@ovochi.com.ics HTTP/2.0" 200 1635 "https://www.event.acesolutions-ksa.com/202?p=Ahome1Aimmorth6AIcpanelAicals" "Mozilla/5.0 AppleWebKit/537.36 (KHTML, like Gecko; compatible; GPTBot/1.3; +https://openai.com/gptbot)" www.event.acesolutions-ksa.com 74.220.219.162
74.7.227.146 - - [17/Mar/2026:17:12:54 -0600] "GET /event.acesolutions-ksa.com?p=Ahome1Aimmorth6Apublic_htmlAwebsite_e0dc5845Awp-includesAxf8cf28 HTTP/2.0" 200 53912 "https://www.website-efd5428f.ilq.ypm.mybluehost.me" "Mozilla/5.0 AppleWebKit/537.36 (KHTML, like Gecko; compatible; GPTBot/1.3; +https://openai.com/gptbot)" event.acesolutions-ksa.com 74.220.219.162
74.7.242.19 - - [17/Mar/2026:17:13:00 -0600] "GET /sales.khobar@ovochi.com.ics HTTP/1.1" 200 1635 "https://www.event.acesolutions-ksa.com/202?p=Ahome1Aimmorth6AIcpanelAicals" "Mozilla/5.0 AppleWebKit/537.36 (KHTML, like Gecko; compatible; GPTBot/1.3; +https://openai.com/gptbot)" www.event.acesolutions-ksa.com 74.220.219.162
74.7.242.19 - - [17/Mar/2026:17:13:00 -0600] "GET /sales.khobar@ovochi.com.ics HTTP/2.0" 200 1635 "https://www.event.acesolutions-ksa.com/202?p=Ahome1Aimmorth6AIcpanelAicals" "Mozilla/5.0 AppleWebKit/537.36 (KHTML, like Gecko; compatible; GPTBot/1.3; +https://openai.com/gptbot)" www.event.acesolutions-ksa.com 74.220.219.162
74.7.242.19 - - [17/Mar/2026:17:13:11 -0600] "GET /sales.jeddah@ovochi.com.ics HTTP/1.1" 200 1635 "https://www.event.acesolutions-ksa.com/202?p=Ahome1Aimmorth6AIcpanelAicals" "Mozilla/5.0 AppleWebKit/537.36 (KHTML, like Gecko; compatible; GPTBot/1.3; +https://openai.com/gptbot)" www.event.acesolutions-ksa.com 74.220.219.162
74.7.242.19 - - [17/Mar/2026:17:13:11 -0600] "GET /sales.jeddah@ovochi.com.ics HTTP/2.0" 200 1635 "https://www.event.acesolutions-ksa.com/202?p=Ahome1Aimmorth6AIcpanelAicals" "Mozilla/5.0 AppleWebKit/537.36 (KHTML, like Gecko; compatible; GPTBot/1.3; +https://openai.com/gptbot)" www.event.acesolutions-ksa.com 74.220.219.162
74.7.242.19 - - [17/Mar/2026:17:13:21 -0600] "GET /prod.malaz@ovochi.com.ics HTTP/1.1" 200 1635 "https://www.event.acesolutions-ksa.com/202?p=Ahome1Aimmorth6AIcpanelAicals" "Mozilla/5.0 AppleWebKit/537.36 (KHTML, like Gecko; compatible; GPTBot/1.3; +https://openai.com/gptbot)" www.event.acesolutions-ksa.com 74.220.219.162
74.7.242.19 - - [17/Mar/2026:17:13:21 -0600] "GET /prod.malaz@ovochi.com.ics HTTP/2.0" 200 1635 "https://www.event.acesolutions-ksa.com/202?p=Ahome1Aimmorth6AIcpanelAicals" "Mozilla/5.0 AppleWebKit/537.36 (KHTML, like Gecko; compatible; GPTBot/1.3; +https://openai.com/gptbot)" www.event.acesolutions-ksa.com 74.220.219.162
74.7.227.146 - - [17/Mar/2026:17:13:25 -0600] "GET /558?p=Ahome1 HTTP/2.0" 200 53254 "https://www.website-efd5428f.ilq.ypm.mybluehost.me" "Mozilla/5.0 AppleWebKit/537.36 (KHTML, like Gecko; compatible; GPTBot/1.3; +https://openai.com/gptbot)" event.acesolutions-ksa.com 74.220.219.162
74.7.242.19 - - [17/Mar/2026:17:13:31 -0600] "GET /info@abe-ksa.com.ics HTTP/1.1" 200 1635 "https://www.event.acesolutions-ksa.com/202?p=Ahome1Aimmorth6AIcpanelAicals" "Mozilla/5.0 AppleWebKit/537.36 (KHTML, like Gecko; compatible; GPTBot/1.3; +https://openai.com/gptbot)" www.event.acesolutions-ksa.com 74.220.219.162
74.7.242.19 - - [17/Mar/2026:17:13:31 -0600] "GET /info@abe-ksa.com.ics HTTP/2.0" 200 1635 "https://www.event.acesolutions-ksa.com/202?p=Ahome1Aimmorth6AIcpanelAicals" "Mozilla/5.0 AppleWebKit/537.36 (KHTML, like Gecko; compatible; GPTBot/1.3; +https://openai.com/gptbot)" www.event.acesolutions-ksa.com 74.220.219.162
74.7.242.19 - - [17/Mar/2026:17:13:42 -0600] "GET /alaa@abe-ksa.com.ics HTTP/1.1" 200 1635 "https://www.event.acesolutions-ksa.com/202?p=Ahome1Aimmorth6AIcpanelAicals" "Mozilla/5.0 AppleWebKit/537.36 (KHTML, like Gecko; compatible; GPTBot/1.3; +https://openai.com/gptbot)" www.event.acesolutions-ksa.com 74.220.219.162
74.7.242.19 - - [17/Mar/2026:17:13:42 -0600] "GET /alaa@abe-ksa.com.ics HTTP/2.0" 200 1635 "https://www.event.acesolutions-ksa.com/202?p=Ahome1Aimmorth6AIcpanelAicals" "Mozilla/5.0 AppleWebKit/537.36 (KHTML, like Gecko; compatible; GPTBot/1.3; +https://openai.com/gptbot)" www.event.acesolutions-ksa.com 74.220.219.162
74.220.219.162 - - [17/Mar/2026:17:13:52 -0600] "POST /wp-cron.php?doing_wp_cron=1773789232.9189798831939697265625 HTTP/2.0" 200 - "-" "WordPress/6.9; https://event.acesolutions-ksa.com" event.acesolutions-ksa.com 74.220.219.162
74.7.227.146 - - [17/Mar/2026:17:13:52 -0600] "GET /668?p=Ahome1 HTTP/2.0" 200 53254 "https://www.website-efd5428f.ilq.ypm.mybluehost.me" "Mozilla/5.0 AppleWebKit/537.36 (KHTML, like Gecko; compatible; GPTBot/1.3; +https://openai.com/gptbot)" event.acesolutions-ksa.com 74.220.219.162
74.220.219.162 - - [17/Mar/2026:17:13:53 -0600] "POST /wp-cron.php?doing_wp_cron=1773789233.0041460990905761718750 HTTP/2.0" 200 - "-" "WordPress/6.9; https://event.acesolutions-ksa.com" event.acesolutions-ksa.com 74.220.219.162
74.7.242.19 - - [17/Mar/2026:17:13:52 -0600] "GET /mohammed@ovochi.com.ics HTTP/1.1" 200 1635 "https://www.event.acesolutions-ksa.com/202?p=Ahome1Aimmorth6AIcpanelAicals" "Mozilla/5.0 AppleWebKit/537.36 (KHTML, like Gecko; compatible; GPTBot/1.3; +https://openai.com/gptbot)" www.event.acesolutions-ksa.com 74.220.219.162
74.7.242.19 - - [17/Mar/2026:17:13:52 -0600] "GET /mohammed@ovochi.com.ics HTTP/2.0" 200 1635 "https://www.event.acesolutions-ksa.com/202?p=Ahome1Aimmorth6AIcpanelAicals" "Mozilla/5.0 AppleWebKit/537.36 (KHTML, like Gecko; compatible; GPTBot/1.3; +https://openai.com/gptbot)" www.event.acesolutions-ksa.com 74.220.219.162
74.7.242.19 - - [17/Mar/2026:17:14:03 -0600] "GET /pr@alltheway.com.sa.ics HTTP/1.1" 200 1635 "https://www.event.acesolutions-ksa.com/202?p=Ahome1Aimmorth6AIcpanelAicals" "Mozilla/5.0 AppleWebKit/537.36 (KHTML, like Gecko; compatible; GPTBot/1.3; +https://openai.com/gptbot)" www.event.acesolutions-ksa.com 74.220.219.162
74.7.242.19 - - [17/Mar/2026:17:14:03 -0600] "GET /pr@alltheway.com.sa.ics HTTP/2.0" 200 1635 "https://www.event.acesolutions-ksa.com/202?p=Ahome1Aimmorth6AIcpanelAicals" "Mozilla/5.0 AppleWebKit/537.36 (KHTML, like Gecko; compatible; GPTBot/1.3; +https://openai.com/gptbot)" www.event.acesolutions-ksa.com 74.220.219.162
74.7.242.19 - - [17/Mar/2026:17:14:13 -0600] "GET /meda@ovochi.com.ics HTTP/1.1" 200 1635 "https://www.event.acesolutions-ksa.com/202?p=Ahome1Aimmorth6AIcpanelAicals" "Mozilla/5.0 AppleWebKit/537.36 (KHTML, like Gecko; compatible; GPTBot/1.3; +https://openai.com/gptbot)" www.event.acesolutions-ksa.com 74.220.219.162
74.7.242.19 - - [17/Mar/2026:17:14:13 -0600] "GET /meda@ovochi.com.ics HTTP/2.0" 200 1635 "https://www.event.acesolutions-ksa.com/202?p=Ahome1Aimmorth6AIcpanelAicals" "Mozilla/5.0 AppleWebKit/537.36 (KHTML, like Gecko; compatible; GPTBot/1.3; +https://openai.com/gptbot)" www.event.acesolutions-ksa.com 74.220.219.162
74.7.227.146 - - [17/Mar/2026:17:14:16 -0600] "GET /11c?p=Ahome1 HTTP/2.0" 200 53254 "https://www.website-efd5428f.ilq.ypm.mybluehost.me" "Mozilla/5.0 AppleWebKit/537.36 (KHTML, like Gecko; compatible; GPTBot/1.3; +https://openai.com/gptbot)" event.acesolutions-ksa.com 74.220.219.162
74.7.242.19 - - [17/Mar/2026:17:14:24 -0600] "GET /rany@ovochi.com.ics HTTP/1.1" 200 1635 "https://www.event.acesolutions-ksa.com/202?p=Ahome1Aimmorth6AIcpanelAicals" "Mozilla/5.0 AppleWebKit/537.36 (KHTML, like Gecko; compatible; GPTBot/1.3; +https://openai.com/gptbot)" www.event.acesolutions-ksa.com 74.220.219.162
74.7.242.19 - - [17/Mar/2026:17:14:24 -0600] "GET /rany@ovochi.com.ics HTTP/2.0" 200 1635 "https://www.event.acesolutions-ksa.com/202?p=Ahome1Aimmorth6AIcpanelAicals" "Mozilla/5.0 AppleWebKit/537.36 (KHTML, like Gecko; compatible; GPTBot/1.3; +https://openai.com/gptbot)" www.event.acesolutions-ksa.com 74.220.219.162
74.7.242.19 - - [17/Mar/2026:17:14:34 -0600] "GET /wafaa@ovochi.com.ics HTTP/1.1" 200 1635 "https://www.event.acesolutions-ksa.com/202?p=Ahome1Aimmorth6AIcpanelAicals" "Mozilla/5.0 AppleWebKit/537.36 (KHTML, like Gecko; compatible; GPTBot/1.3; +https://openai.com/gptbot)" www.event.acesolutions-ksa.com 74.220.219.162
74.7.242.19 - - [17/Mar/2026:17:14:34 -0600] "GET /wafaa@ovochi.com.ics HTTP/2.0" 200 1635 "https://www.event.acesolutions-ksa.com/202?p=Ahome1Aimmorth6AIcpanelAicals" "Mozilla/5.0 AppleWebKit/537.36 (KHTML, like Gecko; compatible; GPTBot/1.3; +https://openai.com/gptbot)" www.event.acesolutions-ksa.com 74.220.219.162
74.7.227.146 - - [17/Mar/2026:17:14:38 -0600] "GET /41c?p=Ahome1 HTTP/2.0" 200 53254 "https://www.website-efd5428f.ilq.ypm.mybluehost.me" "Mozilla/5.0 AppleWebKit/537.36 (KHTML, like Gecko; compatible; GPTBot/1.3; +https://openai.com/gptbot)" event.acesolutions-ksa.com 74.220.219.162
74.7.242.19 - - [17/Mar/2026:17:14:44 -0600] "GET /sales@ovochi.com.ics HTTP/1.1" 200 1635 "https://www.event.acesolutions-ksa.com/202?p=Ahome1Aimmorth6AIcpanelAicals" "Mozilla/5.0 AppleWebKit/537.36 (KHTML, like Gecko; compatible; GPTBot/1.3; +https://openai.com/gptbot)" www.event.acesolutions-ksa.com 74.220.219.162
74.7.242.19 - - [17/Mar/2026:17:14:44 -0600] "GET /sales@ovochi.com.ics HTTP/2.0" 200 1635 "https://www.event.acesolutions-ksa.com/202?p=Ahome1Aimmorth6AIcpanelAicals" "Mozilla/5.0 AppleWebKit/537.36 (KHTML, like Gecko; compatible; GPTBot/1.3; +https://openai.com/gptbot)" www.event.acesolutions-ksa.com 74.220.219.162
74.7.242.19 - - [17/Mar/2026:17:14:55 -0600] "GET /saad@alfekrah.sa.ics HTTP/1.1" 200 1635 "https://www.event.acesolutions-ksa.com/202?p=Ahome1Aimmorth6AIcpanelAicals" "Mozilla/5.0 AppleWebKit/537.36 (KHTML, like Gecko; compatible; GPTBot/1.3; +https://openai.com/gptbot)" www.event.acesolutions-ksa.com 74.220.219.162
74.7.242.19 - - [17/Mar/2026:17:14:55 -0600] "GET /saad@alfekrah.sa.ics HTTP/2.0" 200 1635 "https://www.event.acesolutions-ksa.com/202?p=Ahome1Aimmorth6AIcpanelAicals" "Mozilla/5.0 AppleWebKit/537.36 (KHTML, like Gecko; compatible; GPTBot/1.3; +https://openai.com/gptbot)" www.event.acesolutions-ksa.com 74.220.219.162
74.7.227.146 - - [17/Mar/2026:17:14:58 -0600] "GET /41c HTTP/2.0" 200 54007 "https://www.website-efd5428f.ilq.ypm.mybluehost.me" "Mozilla/5.0 AppleWebKit/537.36 (KHTML, like Gecko; compatible; GPTBot/1.3; +https://openai.com/gptbot)" event.acesolutions-ksa.com 74.220.219.162
74.7.242.19 - - [17/Mar/2026:17:15:05 -0600] "GET /care@ovochi.com.ics HTTP/1.1" 200 1635 "https://www.event.acesolutions-ksa.com/202?p=Ahome1Aimmorth6AIcpanelAicals" "Mozilla/5.0 AppleWebKit/537.36 (KHTML, like Gecko; compatible; GPTBot/1.3; +https://openai.com/gptbot)" www.event.acesolutions-ksa.com 74.220.219.162
74.7.242.19 - - [17/Mar/2026:17:15:05 -0600] "GET /care@ovochi.com.ics HTTP/2.0" 200 1635 "https://www.event.acesolutions-ksa.com/202?p=Ahome1Aimmorth6AIcpanelAicals" "Mozilla/5.0 AppleWebKit/537.36 (KHTML, like Gecko; compatible; GPTBot/1.3; +https://openai.com/gptbot)" www.event.acesolutions-ksa.com 74.220.219.162
74.7.242.19 - - [17/Mar/2026:17:15:15 -0600] "GET /hasan@ovochi.com.ics HTTP/1.1" 200 1635 "https://www.event.acesolutions-ksa.com/202?p=Ahome1Aimmorth6AIcpanelAicals" "Mozilla/5.0 AppleWebKit/537.36 (KHTML, like Gecko; compatible; GPTBot/1.3; +https://openai.com/gptbot)" www.event.acesolutions-ksa.com 74.220.219.162
74.7.242.19 - - [17/Mar/2026:17:15:15 -0600] "GET /hasan@ovochi.com.ics HTTP/2.0" 200 1635 "https://www.event.acesolutions-ksa.com/202?p=Ahome1Aimmorth6AIcpanelAicals" "Mozilla/5.0 AppleWebKit/537.36 (KHTML, like Gecko; compatible; GPTBot/1.3; +https://openai.com/gptbot)" www.event.acesolutions-ksa.com 74.220.219.162
74.7.227.146 - - [17/Mar/2026:17:15:16 -0600] "GET /db3 HTTP/2.0" 200 54007 "https://www.website-efd5428f.ilq.ypm.mybluehost.me" "Mozilla/5.0 AppleWebKit/537.36 (KHTML, like Gecko; compatible; GPTBot/1.3; +https://openai.com/gptbot)" event.acesolutions-ksa.com 74.220.219.162
74.7.242.19 - - [17/Mar/2026:17:15:26 -0600] "GET /info@ovochi.com.ics HTTP/1.1" 200 1635 "https://www.event.acesolutions-ksa.com/202?p=Ahome1Aimmorth6AIcpanelAicals" "Mozilla/5.0 AppleWebKit/537.36 (KHTML, like Gecko; compatible; GPTBot/1.3; +https://openai.com/gptbot)" www.event.acesolutions-ksa.com 74.220.219.162
74.7.242.19 - - [17/Mar/2026:17:15:26 -0600] "GET /info@ovochi.com.ics HTTP/2.0" 200 1635 "https://www.event.acesolutions-ksa.com/202?p=Ahome1Aimmorth6AIcpanelAicals" "Mozilla/5.0 AppleWebKit/537.36 (KHTML, like Gecko; compatible; GPTBot/1.3; +https://openai.com/gptbot)" www.event.acesolutions-ksa.com 74.220.219.162
74.7.227.146 - - [17/Mar/2026:17:15:31 -0600] "GET /bb0 HTTP/2.0" 200 54007 "https://www.website-efd5428f.ilq.ypm.mybluehost.me" "Mozilla/5.0 AppleWebKit/537.36 (KHTML, like Gecko; compatible; GPTBot/1.3; +https://openai.com/gptbot)" event.acesolutions-ksa.com 74.220.219.162
74.7.242.19 - - [17/Mar/2026:17:15:36 -0600] "GET /reem@ovochi.com.ics HTTP/1.1" 200 1635 "https://www.event.acesolutions-ksa.com/202?p=Ahome1Aimmorth6AIcpanelAicals" "Mozilla/5.0 AppleWebKit/537.36 (KHTML, like Gecko; compatible; GPTBot/1.3; +https://openai.com/gptbot)" www.event.acesolutions-ksa.com 74.220.219.162
74.7.242.19 - - [17/Mar/2026:17:15:36 -0600] "GET /reem@ovochi.com.ics HTTP/2.0" 200 1635 "https://www.event.acesolutions-ksa.com/202?p=Ahome1Aimmorth6AIcpanelAicals" "Mozilla/5.0 AppleWebKit/537.36 (KHTML, like Gecko; compatible; GPTBot/1.3; +https://openai.com/gptbot)" www.event.acesolutions-ksa.com 74.220.219.162
74.7.227.146 - - [17/Mar/2026:17:15:46 -0600] "GET /ar/668/?p=Ahome1 HTTP/2.0" 200 54570 "https://www.website-efd5428f.ilq.ypm.mybluehost.me" "Mozilla/5.0 AppleWebKit/537.36 (KHTML, like Gecko; compatible; GPTBot/1.3; +https://openai.com/gptbot)" event.acesolutions-ksa.com 74.220.219.162
74.7.242.19 - - [17/Mar/2026:17:15:47 -0600] "GET /hr@ovochi.com.ics HTTP/1.1" 200 1635 "https://www.event.acesolutions-ksa.com/202?p=Ahome1Aimmorth6AIcpanelAicals" "Mozilla/5.0 AppleWebKit/537.36 (KHTML, like Gecko; compatible; GPTBot/1.3; +https://openai.com/gptbot)" www.event.acesolutions-ksa.com 74.220.219.162
74.7.242.19 - - [17/Mar/2026:17:15:47 -0600] "GET /hr@ovochi.com.ics HTTP/2.0" 200 1635 "https://www.event.acesolutions-ksa.com/202?p=Ahome1Aimmorth6AIcpanelAicals" "Mozilla/5.0 AppleWebKit/537.36 (KHTML, like Gecko; compatible; GPTBot/1.3; +https://openai.com/gptbot)" www.event.acesolutions-ksa.com 74.220.219.162
74.220.219.162 - - [17/Mar/2026:17:15:58 -0600] "POST /wp-cron.php?doing_wp_cron=1773789358.4487159252166748046875 HTTP/2.0" 200 - "-" "WordPress/6.9; https://event.acesolutions-ksa.com" event.acesolutions-ksa.com 74.220.219.162
74.7.242.19 - - [17/Mar/2026:17:15:58 -0600] "GET /info@alltheway.com.sa.ics?p=Ahome1Aimmorth6Apublic_htmlAwebsite_efd5428fAwp-content HTTP/1.1" 200 2262 "https://www.event.acesolutions-ksa.com/info@alltheway.com.sa.ics" "Mozilla/5.0 AppleWebKit/537.36 (KHTML, like Gecko; compatible; GPTBot/1.3; +https://openai.com/gptbot)" www.event.acesolutions-ksa.com 74.220.219.162
74.7.242.19 - - [17/Mar/2026:17:15:58 -0600] "GET /info@alltheway.com.sa.ics?p=Ahome1Aimmorth6Apublic_htmlAwebsite_efd5428fAwp-content HTTP/2.0" 200 2262 "https://www.event.acesolutions-ksa.com/info@alltheway.com.sa.ics" "Mozilla/5.0 AppleWebKit/537.36 (KHTML, like Gecko; compatible; GPTBot/1.3; +https://openai.com/gptbot)" www.event.acesolutions-ksa.com 74.220.219.162
74.7.227.146 - - [17/Mar/2026:17:15:58 -0600] "GET /ar/558/?p=Ahome1 HTTP/2.0" 200 54570 "https://www.website-efd5428f.ilq.ypm.mybluehost.me" "Mozilla/5.0 AppleWebKit/537.36 (KHTML, like Gecko; compatible; GPTBot/1.3; +https://openai.com/gptbot)" event.acesolutions-ksa.com 74.220.219.162
74.7.242.19 - - [17/Mar/2026:17:16:08 -0600] "GET /account@ovochi.com.ics HTTP/1.1" 200 1635 "https://www.event.acesolutions-ksa.com/202?p=Ahome1Aimmorth6AIcpanelAicals" "Mozilla/5.0 AppleWebKit/537.36 (KHTML, like Gecko; compatible; GPTBot/1.3; +https://openai.com/gptbot)" www.event.acesolutions-ksa.com 74.220.219.162
74.7.242.19 - - [17/Mar/2026:17:16:08 -0600] "GET /account@ovochi.com.ics HTTP/2.0" 200 1635 "https://www.event.acesolutions-ksa.com/202?p=Ahome1Aimmorth6AIcpanelAicals" "Mozilla/5.0 AppleWebKit/537.36 (KHTML, like Gecko; compatible; GPTBot/1.3; +https://openai.com/gptbot)" www.event.acesolutions-ksa.com 74.220.219.162
74.7.227.146 - - [17/Mar/2026:17:16:11 -0600] "GET /db3?p=Ahome1 HTTP/2.0" 200 53254 "https://www.website-efd5428f.ilq.ypm.mybluehost.me" "Mozilla/5.0 AppleWebKit/537.36 (KHTML, like Gecko; compatible; GPTBot/1.3; +https://openai.com/gptbot)" event.acesolutions-ksa.com 74.220.219.162
74.7.242.19 - - [17/Mar/2026:17:16:19 -0600] "GET /samia@ovochi.com.ics HTTP/1.1" 200 1635 "https://www.event.acesolutions-ksa.com/202?p=Ahome1Aimmorth6AIcpanelAicals" "Mozilla/5.0 AppleWebKit/537.36 (KHTML, like Gecko; compatible; GPTBot/1.3; +https://openai.com/gptbot)" www.event.acesolutions-ksa.com 74.220.219.162
74.7.242.19 - - [17/Mar/2026:17:16:19 -0600] "GET /samia@ovochi.com.ics HTTP/2.0" 200 1635 "https://www.event.acesolutions-ksa.com/202?p=Ahome1Aimmorth6AIcpanelAicals" "Mozilla/5.0 AppleWebKit/537.36 (KHTML, like Gecko; compatible; GPTBot/1.3; +https://openai.com/gptbot)" www.event.acesolutions-ksa.com 74.220.219.162
74.7.227.146 - - [17/Mar/2026:17:16:21 -0600] "GET /ar/285/?p=Ahome1 HTTP/2.0" 200 54570 "https://www.website-efd5428f.ilq.ypm.mybluehost.me" "Mozilla/5.0 AppleWebKit/537.36 (KHTML, like Gecko; compatible; GPTBot/1.3; +https://openai.com/gptbot)" event.acesolutions-ksa.com 74.220.219.162
74.7.242.19 - - [17/Mar/2026:17:16:29 -0600] "GET /immorth6.ics HTTP/1.1" 200 1635 "https://www.event.acesolutions-ksa.com/202?p=Ahome1Aimmorth6AIcpanelAicals" "Mozilla/5.0 AppleWebKit/537.36 (KHTML, like Gecko; compatible; GPTBot/1.3; +https://openai.com/gptbot)" www.event.acesolutions-ksa.com 74.220.219.162
74.7.242.19 - - [17/Mar/2026:17:16:29 -0600] "GET /immorth6.ics HTTP/2.0" 200 1635 "https://www.event.acesolutions-ksa.com/202?p=Ahome1Aimmorth6AIcpanelAicals" "Mozilla/5.0 AppleWebKit/537.36 (KHTML, like Gecko; compatible; GPTBot/1.3; +https://openai.com/gptbot)" www.event.acesolutions-ksa.com 74.220.219.162
216.73.216.97 - - [17/Mar/2026:17:16:31 -0600] "GET /importing-route.php HTTP/2.0" 409 83 "-" "Mozilla/5.0 AppleWebKit/537.36 (KHTML, like Gecko; compatible; ClaudeBot/1.0; +claudebot@anthropic.com)" www.event.acesolutions-ksa.com 74.220.219.162
74.7.227.146 - - [17/Mar/2026:17:16:31 -0600] "GET /285 HTTP/2.0" 200 54008 "https://www.website-efd5428f.ilq.ypm.mybluehost.me" "Mozilla/5.0 AppleWebKit/537.36 (KHTML, like Gecko; compatible; GPTBot/1.3; +https://openai.com/gptbot)" event.acesolutions-ksa.com 74.220.219.162
74.7.242.19 - - [17/Mar/2026:17:16:39 -0600] "GET /303?edit=1773024727.M130854P256026.box2010.bluehost.com%2CS%3D2343%2CW%3D2408&p=Ahome1Aimmorth6AmailAnew HTTP/1.1" 200 1678 "https://www.event.acesolutions-ksa.com/303?p=Ahome1Aimmorth6AmailAnew" "Mozilla/5.0 AppleWebKit/537.36 (KHTML, like Gecko; compatible; GPTBot/1.3; +https://openai.com/gptbot)" www.event.acesolutions-ksa.com 74.220.219.162
74.7.242.19 - - [17/Mar/2026:17:16:39 -0600] "GET /303?edit=1773024727.M130854P256026.box2010.bluehost.com%2CS%3D2343%2CW%3D2408&p=Ahome1Aimmorth6AmailAnew HTTP/2.0" 200 1678 "https://www.event.acesolutions-ksa.com/303?p=Ahome1Aimmorth6AmailAnew" "Mozilla/5.0 AppleWebKit/537.36 (KHTML, like Gecko; compatible; GPTBot/1.3; +https://openai.com/gptbot)" www.event.acesolutions-ksa.com 74.220.219.162
216.73.216.97 - - [17/Mar/2026:17:16:41 -0600] "GET /lqy.php HTTP/2.0" 409 83 "-" "Mozilla/5.0 AppleWebKit/537.36 (KHTML, like Gecko; compatible; ClaudeBot/1.0; +claudebot@anthropic.com)" www.event.acesolutions-ksa.com 74.220.219.162
74.7.227.146 - - [17/Mar/2026:17:16:42 -0600] "GET /668 HTTP/2.0" 200 54008 "https://www.website-efd5428f.ilq.ypm.mybluehost.me" "Mozilla/5.0 AppleWebKit/537.36 (KHTML, like Gecko; compatible; GPTBot/1.3; +https://openai.com/gptbot)" event.acesolutions-ksa.com 74.220.219.162
216.73.216.97 - - [17/Mar/2026:17:16:46 -0600] "GET /fa-solid-900.woff HTTP/2.0" 404 - "-" "Mozilla/5.0 AppleWebKit/537.36 (KHTML, like Gecko; compatible; ClaudeBot/1.0; +claudebot@anthropic.com)" www.event.acesolutions-ksa.com 74.220.219.162
74.7.242.19 - - [17/Mar/2026:17:16:50 -0600] "GET /482?edit=1773028260.M720743P448681.box2010.bluehost.com%2CS%3D2348%2CW%3D2413&p=Ahome1Aimmorth6AmailAnew HTTP/1.1" 200 1647 "https://www.event.acesolutions-ksa.com/482?p=Ahome1Aimmorth6AmailAnew" "Mozilla/5.0 AppleWebKit/537.36 (KHTML, like Gecko; compatible; GPTBot/1.3; +https://openai.com/gptbot)" www.event.acesolutions-ksa.com 74.220.219.162
74.7.242.19 - - [17/Mar/2026:17:16:50 -0600] "GET /482?edit=1773028260.M720743P448681.box2010.bluehost.com%2CS%3D2348%2CW%3D2413&p=Ahome1Aimmorth6AmailAnew HTTP/2.0" 200 1647 "https://www.event.acesolutions-ksa.com/482?p=Ahome1Aimmorth6AmailAnew" "Mozilla/5.0 AppleWebKit/537.36 (KHTML, like Gecko; compatible; GPTBot/1.3; +https://openai.com/gptbot)" www.event.acesolutions-ksa.com 74.220.219.162
216.73.216.97 - - [17/Mar/2026:17:16:51 -0600] "GET /notification-helper.php HTTP/2.0" 409 83 "-" "Mozilla/5.0 AppleWebKit/537.36 (KHTML, like Gecko; compatible; ClaudeBot/1.0; +claudebot@anthropic.com)" www.event.acesolutions-ksa.com 74.220.219.162
74.7.227.146 - - [17/Mar/2026:17:16:52 -0600] "GET /558 HTTP/2.0" 200 54008 "https://www.website-efd5428f.ilq.ypm.mybluehost.me" "Mozilla/5.0 AppleWebKit/537.36 (KHTML, like Gecko; compatible; GPTBot/1.3; +https://openai.com/gptbot)" event.acesolutions-ksa.com 74.220.219.162
216.73.216.97 - - [17/Mar/2026:17:16:56 -0600] "GET /ms-sites.php HTTP/2.0" 409 83 "-" "Mozilla/5.0 AppleWebKit/537.36 (KHTML, like Gecko; compatible; ClaudeBot/1.0; +claudebot@anthropic.com)" www.event.acesolutions-ksa.com 74.220.219.162
216.73.216.97 - - [17/Mar/2026:17:17:01 -0600] "GET /edit-form-advanced.php HTTP/2.0" 409 83 "-" "Mozilla/5.0 AppleWebKit/537.36 (KHTML, like Gecko; compatible; ClaudeBot/1.0; +claudebot@anthropic.com)" www.event.acesolutions-ksa.com 74.220.219.162
74.7.242.19 - - [17/Mar/2026:17:17:01 -0600] "GET /872?edit=1773045016.M810683P647468.box2010.bluehost.com%2CS%3D2348%2CW%3D2413&p=Ahome1Aimmorth6AmailAnew HTTP/1.1" 200 1679 "https://www.event.acesolutions-ksa.com/872?p=Ahome1Aimmorth6AmailAnew" "Mozilla/5.0 AppleWebKit/537.36 (KHTML, like Gecko; compatible; GPTBot/1.3; +https://openai.com/gptbot)" www.event.acesolutions-ksa.com 74.220.219.162
74.7.242.19 - - [17/Mar/2026:17:17:01 -0600] "GET /872?edit=1773045016.M810683P647468.box2010.bluehost.com%2CS%3D2348%2CW%3D2413&p=Ahome1Aimmorth6AmailAnew HTTP/2.0" 200 1679 "https://www.event.acesolutions-ksa.com/872?p=Ahome1Aimmorth6AmailAnew" "Mozilla/5.0 AppleWebKit/537.36 (KHTML, like Gecko; compatible; GPTBot/1.3; +https://openai.com/gptbot)" www.event.acesolutions-ksa.com 74.220.219.162
74.7.227.146 - - [17/Mar/2026:17:17:02 -0600] "GET /bb0?p=Ahome1 HTTP/2.0" 200 53254 "https://www.website-efd5428f.ilq.ypm.mybluehost.me" "Mozilla/5.0 AppleWebKit/537.36 (KHTML, like Gecko; compatible; GPTBot/1.3; +https://openai.com/gptbot)" event.acesolutions-ksa.com 74.220.219.162
216.73.216.97 - - [17/Mar/2026:17:17:06 -0600] "GET /options-writing.php HTTP/2.0" 409 83 "-" "Mozilla/5.0 AppleWebKit/537.36 (KHTML, like Gecko; compatible; ClaudeBot/1.0; +claudebot@anthropic.com)" www.event.acesolutions-ksa.com 74.220.219.162
216.73.216.97 - - [17/Mar/2026:17:17:11 -0600] "GET /robots-helper.php HTTP/2.0" 409 83 "-" "Mozilla/5.0 AppleWebKit/537.36 (KHTML, like Gecko; compatible; ClaudeBot/1.0; +claudebot@anthropic.com)" www.event.acesolutions-ksa.com 74.220.219.162
74.7.242.19 - - [17/Mar/2026:17:17:11 -0600] "GET /303?edit=1773016514.M804061P788663.box2010.bluehost.com%2CS%3D2343%2CW%3D2408&p=Ahome1Aimmorth6AmailAnew HTTP/1.1" 200 1695 "https://www.event.acesolutions-ksa.com/303?p=Ahome1Aimmorth6AmailAnew" "Mozilla/5.0 AppleWebKit/537.36 (KHTML, like Gecko; compatible; GPTBot/1.3; +https://openai.com/gptbot)" www.event.acesolutions-ksa.com 74.220.219.162
74.7.242.19 - - [17/Mar/2026:17:17:11 -0600] "GET /303?edit=1773016514.M804061P788663.box2010.bluehost.com%2CS%3D2343%2CW%3D2408&p=Ahome1Aimmorth6AmailAnew HTTP/2.0" 200 1695 "https://www.event.acesolutions-ksa.com/303?p=Ahome1Aimmorth6AmailAnew" "Mozilla/5.0 AppleWebKit/537.36 (KHTML, like Gecko; compatible; GPTBot/1.3; +https://openai.com/gptbot)" www.event.acesolutions-ksa.com 74.220.219.162
74.7.227.146 - - [17/Mar/2026:17:17:13 -0600] "GET /ar/2a1/?p=Ahome1 HTTP/2.0" 200 54569 "https://www.website-efd5428f.ilq.ypm.mybluehost.me" "Mozilla/5.0 AppleWebKit/537.36 (KHTML, like Gecko; compatible; GPTBot/1.3; +https://openai.com/gptbot)" event.acesolutions-ksa.com 74.220.219.162
216.73.216.97 - - [17/Mar/2026:17:17:16 -0600] "GET /import-helper.php HTTP/2.0" 409 83 "-" "Mozilla/5.0 AppleWebKit/537.36 (KHTML, like Gecko; compatible; ClaudeBot/1.0; +claudebot@anthropic.com)" www.event.acesolutions-ksa.com 74.220.219.162
216.73.216.97 - - [17/Mar/2026:17:17:21 -0600] "GET /freedoms.php HTTP/2.0" 409 83 "-" "Mozilla/5.0 AppleWebKit/537.36 (KHTML, like Gecko; compatible; ClaudeBot/1.0; +claudebot@anthropic.com)" www.event.acesolutions-ksa.com 74.220.219.162
74.7.242.19 - - [17/Mar/2026:17:17:21 -0600] "GET /482?edit=1773045154.M677085P834072.box2010.bluehost.com%2CS%3D2348%2CW%3D2413&p=Ahome1Aimmorth6AmailAnew HTTP/1.1" 200 1692 "https://www.event.acesolutions-ksa.com/482?p=Ahome1Aimmorth6AmailAnew" "Mozilla/5.0 AppleWebKit/537.36 (KHTML, like Gecko; compatible; GPTBot/1.3; +https://openai.com/gptbot)" www.event.acesolutions-ksa.com 74.220.219.162
74.7.242.19 - - [17/Mar/2026:17:17:21 -0600] "GET /482?edit=1773045154.M677085P834072.box2010.bluehost.com%2CS%3D2348%2CW%3D2413&p=Ahome1Aimmorth6AmailAnew HTTP/2.0" 200 1692 "https://www.event.acesolutions-ksa.com/482?p=Ahome1Aimmorth6AmailAnew" "Mozilla/5.0 AppleWebKit/537.36 (KHTML, like Gecko; compatible; GPTBot/1.3; +https://openai.com/gptbot)" www.event.acesolutions-ksa.com 74.220.219.162
74.7.227.146 - - [17/Mar/2026:17:17:23 -0600] "GET /ar/11c/?p=Ahome1 HTTP/2.0" 200 54569 "https://www.website-efd5428f.ilq.ypm.mybluehost.me" "Mozilla/5.0 AppleWebKit/537.36 (KHTML, like Gecko; compatible; GPTBot/1.3; +https://openai.com/gptbot)" event.acesolutions-ksa.com 74.220.219.162
216.73.216.97 - - [17/Mar/2026:17:17:26 -0600] "GET /ms-themes.php HTTP/2.0" 409 83 "-" "Mozilla/5.0 AppleWebKit/537.36 (KHTML, like Gecko; compatible; ClaudeBot/1.0; +claudebot@anthropic.com)" www.event.acesolutions-ksa.com 74.220.219.162
74.7.242.19 - - [17/Mar/2026:17:17:32 -0600] "GET /303?edit=1773034076.M730448P901421.box2010.bluehost.com%2CS%3D2348%2CW%3D2413&p=Ahome1Aimmorth6AmailAnew HTTP/1.1" 200 1684 "https://www.event.acesolutions-ksa.com/303?p=Ahome1Aimmorth6AmailAnew" "Mozilla/5.0 AppleWebKit/537.36 (KHTML, like Gecko; compatible; GPTBot/1.3; +https://openai.com/gptbot)" www.event.acesolutions-ksa.com 74.220.219.162
74.7.242.19 - - [17/Mar/2026:17:17:32 -0600] "GET /303?edit=1773034076.M730448P901421.box2010.bluehost.com%2CS%3D2348%2CW%3D2413&p=Ahome1Aimmorth6AmailAnew HTTP/2.0" 200 1684 "https://www.event.acesolutions-ksa.com/303?p=Ahome1Aimmorth6AmailAnew" "Mozilla/5.0 AppleWebKit/537.36 (KHTML, like Gecko; compatible; GPTBot/1.3; +https://openai.com/gptbot)" www.event.acesolutions-ksa.com 74.220.219.162
216.73.216.97 - - [17/Mar/2026:17:17:33 -0600] "GET /admin-network-ar.po?edit=wp-comments-post.php&p=Ahome1Aimmorth6Aimmortal-techInet HTTP/2.0" 409 83 "-" "Mozilla/5.0 AppleWebKit/537.36 (KHTML, like Gecko; compatible; ClaudeBot/1.0; +claudebot@anthropic.com)" www.event.acesolutions-ksa.com 74.220.219.162
74.7.227.146 - - [17/Mar/2026:17:17:33 -0600] "GET /ar/41c/?p=Ahome1 HTTP/2.0" 200 54569 "https://www.website-efd5428f.ilq.ypm.mybluehost.me" "Mozilla/5.0 AppleWebKit/537.36 (KHTML, like Gecko; compatible; GPTBot/1.3; +https://openai.com/gptbot)" event.acesolutions-ksa.com 74.220.219.162
216.73.216.97 - - [17/Mar/2026:17:17:42 -0600] "GET /admin-network-ar.po?p=Ahome1Aimmorth6Apublic_htmlAwp-includes HTTP/2.0" 200 41568 "-" "Mozilla/5.0 AppleWebKit/537.36 (KHTML, like Gecko; compatible; ClaudeBot/1.0; +claudebot@anthropic.com)" www.event.acesolutions-ksa.com 74.220.219.162
216.73.216.97 - - [17/Mar/2026:17:17:42 -0600] "GET /admin-network-ar.po?p=Ahome1Aimmorth6Apublic_htmlAwp-includes HTTP/1.1" 200 41568 "-" "Mozilla/5.0 AppleWebKit/537.36 (KHTML, like Gecko; compatible; ClaudeBot/1.0; +claudebot@anthropic.com)" www.event.acesolutions-ksa.com 74.220.219.162
74.7.242.19 - - [17/Mar/2026:17:17:43 -0600] "GET /966?edit=1757036150.M682446P865973.box2010.bluehost.com%2CS%3D3188%2CW%3D3270%3A2%2C&p=Ahome1Aimmorth6AmailAcur HTTP/1.1" 200 2054 "https://www.event.acesolutions-ksa.com/966?p=Ahome1Aimmorth6AmailAcur" "Mozilla/5.0 AppleWebKit/537.36 (KHTML, like Gecko; compatible; GPTBot/1.3; +https://openai.com/gptbot)" www.event.acesolutions-ksa.com 74.220.219.162
74.7.242.19 - - [17/Mar/2026:17:17:43 -0600] "GET /966?edit=1757036150.M682446P865973.box2010.bluehost.com%2CS%3D3188%2CW%3D3270%3A2%2C&p=Ahome1Aimmorth6AmailAcur HTTP/2.0" 200 2054 "https://www.event.acesolutions-ksa.com/966?p=Ahome1Aimmorth6AmailAcur" "Mozilla/5.0 AppleWebKit/537.36 (KHTML, like Gecko; compatible; GPTBot/1.3; +https://openai.com/gptbot)" www.event.acesolutions-ksa.com 74.220.219.162
74.7.227.146 - - [17/Mar/2026:17:17:44 -0600] "GET /668/?p=Ahome1 HTTP/2.0" 200 53273 "https://event.acesolutions-ksa.com/ar/668/?p=Ahome1" "Mozilla/5.0 AppleWebKit/537.36 (KHTML, like Gecko; compatible; GPTBot/1.3; +https://openai.com/gptbot)" event.acesolutions-ksa.com 74.220.219.162
216.73.216.97 - - [17/Mar/2026:17:17:47 -0600] "GET /sitemap.xml?edit=upload.php&p=Ahome1Aimmorth6Apublic_htmlAwebsite_efd5428fAwp-admin HTTP/2.0" 409 83 "-" "Mozilla/5.0 AppleWebKit/537.36 (KHTML, like Gecko; compatible; ClaudeBot/1.0; +claudebot@anthropic.com)" www.event.acesolutions-ksa.com 74.220.219.162
216.73.216.97 - - [17/Mar/2026:17:17:52 -0600] "GET /sitemap.xml?edit=widgets-form.php&p=Ahome1Aimmorth6Apublic_htmlAwebsite_efd5428fAwp-admin HTTP/2.0" 409 83 "-" "Mozilla/5.0 AppleWebKit/537.36 (KHTML, like Gecko; compatible; ClaudeBot/1.0; +claudebot@anthropic.com)" www.event.acesolutions-ksa.com 74.220.219.162
74.7.242.19 - - [17/Mar/2026:17:17:53 -0600] "GET /202?edit=1773045116.M634543P647468.box2010.bluehost.com%2CS%3D2343%2CW%3D2408&p=Ahome1Aimmorth6AmailAnew HTTP/1.1" 200 1715 "https://www.event.acesolutions-ksa.com/202?p=Ahome1Aimmorth6AmailAnew" "Mozilla/5.0 AppleWebKit/537.36 (KHTML, like Gecko; compatible; GPTBot/1.3; +https://openai.com/gptbot)" www.event.acesolutions-ksa.com 74.220.219.162
74.7.242.19 - - [17/Mar/2026:17:17:53 -0600] "GET /202?edit=1773045116.M634543P647468.box2010.bluehost.com%2CS%3D2343%2CW%3D2408&p=Ahome1Aimmorth6AmailAnew HTTP/2.0" 200 1715 "https://www.event.acesolutions-ksa.com/202?p=Ahome1Aimmorth6AmailAnew" "Mozilla/5.0 AppleWebKit/537.36 (KHTML, like Gecko; compatible; GPTBot/1.3; +https://openai.com/gptbot)" www.event.acesolutions-ksa.com 74.220.219.162
74.7.227.146 - - [17/Mar/2026:17:17:55 -0600] "GET /558/?p=Ahome1 HTTP/2.0" 200 53273 "https://event.acesolutions-ksa.com/ar/558/?p=Ahome1" "Mozilla/5.0 AppleWebKit/537.36 (KHTML, like Gecko; compatible; GPTBot/1.3; +https://openai.com/gptbot)" event.acesolutions-ksa.com 74.220.219.162
216.73.216.97 - - [17/Mar/2026:17:17:57 -0600] "GET /admin-network-ar.po?p=Ahome1Aimmorth6AIkoality HTTP/1.1" 200 1175 "-" "Mozilla/5.0 AppleWebKit/537.36 (KHTML, like Gecko; compatible; ClaudeBot/1.0; +claudebot@anthropic.com)" www.event.acesolutions-ksa.com 74.220.219.162
