74.7.242.19 - - [17/Mar/2026:16:02:30 -0600] "GET /immortal-tech-net.immortal-designs.net?p=Ahome1Aimmorth6AwwwAwebsite_d98c9096Awp-includesAjs75dace HTTP/2.0" 200 1280 "https://www.event.acesolutions-ksa.com/immortal-tech-net.immortal-designs.net?p=Ahome1Aimmorth6AwwwAwebsite_d98c9096Awp-includes" "Mozilla/5.0 AppleWebKit/537.36 (KHTML, like Gecko; compatible; GPTBot/1.3; +https://openai.com/gptbot)" www.event.acesolutions-ksa.com 74.220.219.162
74.220.219.162 - - [17/Mar/2026:16:02:42 -0600] "POST /wp-cron.php?doing_wp_cron=1773784962.9026410579681396484375 HTTP/2.0" 200 - "-" "WordPress/6.9; https://event.acesolutions-ksa.com" event.acesolutions-ksa.com 74.220.219.162
74.7.227.146 - - [17/Mar/2026:16:02:42 -0600] "GET /1773037142.M333461P2123.box2010.bluehost.com,S=2348,W=2413?p=Ahome1Aimmorth6Apublic_htmlAwebsite_efd5428fAwp-contentAplugins-202504291021AjetpackA_incAbuildAcustom-post-typesAjs HTTP/2.0" 200 55636 "https://website-efd5428f.ilq.ypm.mybluehost.me" "Mozilla/5.0 AppleWebKit/537.36 (KHTML, like Gecko; compatible; GPTBot/1.3; +https://openai.com/gptbot)" event.acesolutions-ksa.com 74.220.219.162
74.7.242.19 - - [17/Mar/2026:16:02:44 -0600] "GET /immortal-tech-net.immortal-designs.net?p=Ahome1Aimmorth6AwwwAwebsite_d98c9096Awp-includesAxd1af1b HTTP/1.1" 200 1323 "https://www.event.acesolutions-ksa.com/immortal-tech-net.immortal-designs.net?p=Ahome1Aimmorth6AwwwAwebsite_d98c9096Awp-includes" "Mozilla/5.0 AppleWebKit/537.36 (KHTML, like Gecko; compatible; GPTBot/1.3; +https://openai.com/gptbot)" www.event.acesolutions-ksa.com 74.220.219.162
74.7.242.19 - - [17/Mar/2026:16:02:44 -0600] "GET /immortal-tech-net.immortal-designs.net?p=Ahome1Aimmorth6AwwwAwebsite_d98c9096Awp-includesAxd1af1b HTTP/2.0" 200 1323 "https://www.event.acesolutions-ksa.com/immortal-tech-net.immortal-designs.net?p=Ahome1Aimmorth6AwwwAwebsite_d98c9096Awp-includes" "Mozilla/5.0 AppleWebKit/537.36 (KHTML, like Gecko; compatible; GPTBot/1.3; +https://openai.com/gptbot)" www.event.acesolutions-ksa.com 74.220.219.162
74.7.242.19 - - [17/Mar/2026:16:02:57 -0600] "GET /immortal-tech-net.immortal-designs.net?edit=index.php&p=Ahome1Aimmorth6AwwwAwebsite_d98c9096Awp-includesAimb6bd9f HTTP/2.0" 409 83 "https://www.event.acesolutions-ksa.com/immortal-tech-net.immortal-designs.net?p=Ahome1Aimmorth6AwwwAwebsite_d98c9096Awp-includesAimb6bd9f" "Mozilla/5.0 AppleWebKit/537.36 (KHTML, like Gecko; compatible; GPTBot/1.3; +https://openai.com/gptbot)" www.event.acesolutions-ksa.com 74.220.219.162
74.7.242.19 - - [17/Mar/2026:16:03:09 -0600] "GET /immortal-tech-net.immortal-designs.net?edit=index.php&p=Ahome1Aimmorth6AwwwAwebsite_d98c9096Awp-includesAaddfca47 HTTP/2.0" 409 83 "https://www.event.acesolutions-ksa.com/immortal-tech-net.immortal-designs.net?p=Ahome1Aimmorth6AwwwAwebsite_d98c9096Awp-includesAaddfca47" "Mozilla/5.0 AppleWebKit/537.36 (KHTML, like Gecko; compatible; GPTBot/1.3; +https://openai.com/gptbot)" www.event.acesolutions-ksa.com 74.220.219.162
74.7.227.146 - - [17/Mar/2026:16:03:11 -0600] "GET /ar/1773037142.M333461P2123.box2010.bluehost.com,S=2348,W=2413/?p=Ahome1Aimmorth6Apublic_htmlAwebsite_efd5428fAwp-contentAplugins-202504291021AjetpackA_incAbuildAcustom-post-typesAjs HTTP/2.0" 200 56979 "https://website-efd5428f.ilq.ypm.mybluehost.me" "Mozilla/5.0 AppleWebKit/537.36 (KHTML, like Gecko; compatible; GPTBot/1.3; +https://openai.com/gptbot)" event.acesolutions-ksa.com 74.220.219.162
74.7.227.146 - - [17/Mar/2026:16:03:39 -0600] "GET /1773037111.M713909P2123.box2010.bluehost.com,S=2338,W=2403?p=Ahome1Aimmorth6Apublic_htmlAwebsite_efd5428fAwp-contentAplugins-202504291021Awpforms-liteAtemplatesAadminApaymentsAsingle HTTP/2.0" 200 56392 "https://website-efd5428f.ilq.ypm.mybluehost.me" "Mozilla/5.0 AppleWebKit/537.36 (KHTML, like Gecko; compatible; GPTBot/1.3; +https://openai.com/gptbot)" event.acesolutions-ksa.com 74.220.219.162
74.7.242.19 - - [17/Mar/2026:16:03:44 -0600] "GET /immortal-tech-net.immortal-designs.net?edit=index.php&p=Ahome1Aimmorth6AwwwAwebsite_d98c9096Awp-includesAadebff57 HTTP/2.0" 409 83 "https://www.event.acesolutions-ksa.com/immortal-tech-net.immortal-designs.net?p=Ahome1Aimmorth6AwwwAwebsite_d98c9096Awp-includesAadebff57" "Mozilla/5.0 AppleWebKit/537.36 (KHTML, like Gecko; compatible; GPTBot/1.3; +https://openai.com/gptbot)" www.event.acesolutions-ksa.com 74.220.219.162
74.7.227.146 - - [17/Mar/2026:16:04:04 -0600] "GET /1773037142.M333461P2123.box2010.bluehost.com,S=2348,W=2413/?p=Ahome1Aimmorth6Apublic_htmlAwebsite_efd5428fAwp-contentAplugins-202504291021AjetpackA_incAbuildAcustom-post-types HTTP/2.0" 200 54150 "https://event.acesolutions-ksa.com/ar/1773037142.M333461P2123.box2010.bluehost.com,S=2348,W=2413/?p=Ahome1Aimmorth6Apublic_htmlAwebsite_efd5428fAwp-contentAplugins-202504291021AjetpackA_incAbuildAcustom-post-types" "Mozilla/5.0 AppleWebKit/537.36 (KHTML, like Gecko; compatible; GPTBot/1.3; +https://openai.com/gptbot)" event.acesolutions-ksa.com 74.220.219.162
74.7.227.146 - - [17/Mar/2026:16:04:26 -0600] "GET /1773038401.M777111P2123.box2010.bluehost.com,S=2343,W=2408?p=Ahome1Aimmorth6Apublic_htmlAwebsite_efd5428fAwp-contentAplugins-202504291021Awpforms-liteAtemplatesAadminApaymentsAsingle HTTP/2.0" 200 56392 "https://website-efd5428f.ilq.ypm.mybluehost.me" "Mozilla/5.0 AppleWebKit/537.36 (KHTML, like Gecko; compatible; GPTBot/1.3; +https://openai.com/gptbot)" event.acesolutions-ksa.com 74.220.219.162
74.220.219.162 - - [17/Mar/2026:16:04:42 -0600] "POST /wp-cron.php?doing_wp_cron=1773785082.9570300579071044921875 HTTP/2.0" 200 - "-" "WordPress/6.9; https://event.acesolutions-ksa.com" event.acesolutions-ksa.com 74.220.219.162
74.7.227.146 - - [17/Mar/2026:16:04:45 -0600] "GET /528/.ftpquota HTTP/2.0" 200 54068 "https://event.acesolutions-ksa.com/528/?p=Ahome1Aimmorth6" "Mozilla/5.0 AppleWebKit/537.36 (KHTML, like Gecko; compatible; GPTBot/1.3; +https://openai.com/gptbot)" event.acesolutions-ksa.com 74.220.219.162
74.7.242.19 - - [17/Mar/2026:16:04:48 -0600] "GET /immortal-tech-net.immortal-designs.net?edit=index.php&p=Ahome1Aimmorth6AwwwAwebsite_d98c9096Awp-includesAimad8fe4 HTTP/2.0" 409 83 "https://www.event.acesolutions-ksa.com/immortal-tech-net.immortal-designs.net?p=Ahome1Aimmorth6AwwwAwebsite_d98c9096Awp-includesAimad8fe4" "Mozilla/5.0 AppleWebKit/537.36 (KHTML, like Gecko; compatible; GPTBot/1.3; +https://openai.com/gptbot)" www.event.acesolutions-ksa.com 74.220.219.162
74.7.227.146 - - [17/Mar/2026:16:05:02 -0600] "GET /528/.permslog HTTP/2.0" 200 54067 "https://event.acesolutions-ksa.com/528/?p=Ahome1Aimmorth6" "Mozilla/5.0 AppleWebKit/537.36 (KHTML, like Gecko; compatible; GPTBot/1.3; +https://openai.com/gptbot)" event.acesolutions-ksa.com 74.220.219.162
74.7.227.146 - - [17/Mar/2026:16:05:18 -0600] "GET /ar/98a/ HTTP/2.0" 200 55327 "https://www.website-efd5428f.ilq.ypm.mybluehost.me" "Mozilla/5.0 AppleWebKit/537.36 (KHTML, like Gecko; compatible; GPTBot/1.3; +https://openai.com/gptbot)" event.acesolutions-ksa.com 74.220.219.162
74.7.227.146 - - [17/Mar/2026:16:05:44 -0600] "GET /ar/3ff/?edit=immortal-designs-net.ovochi.com&p=Ahome1Aimmorth6Aaccess-logs HTTP/2.0" 200 54488 "https://www.website-efd5428f.ilq.ypm.mybluehost.me" "Mozilla/5.0 AppleWebKit/537.36 (KHTML, like Gecko; compatible; GPTBot/1.3; +https://openai.com/gptbot)" event.acesolutions-ksa.com 74.220.219.162
74.7.242.19 - - [17/Mar/2026:16:05:54 -0600] "GET /immortal-tech-net.immortal-designs.net?edit=index.php&p=Ahome1Aimmorth6AwwwAwebsite_d98c9096Awp-includesAadf2cdc2 HTTP/2.0" 409 83 "https://www.event.acesolutions-ksa.com/immortal-tech-net.immortal-designs.net?p=Ahome1Aimmorth6AwwwAwebsite_d98c9096Awp-includesAadf2cdc2" "Mozilla/5.0 AppleWebKit/537.36 (KHTML, like Gecko; compatible; GPTBot/1.3; +https://openai.com/gptbot)" www.event.acesolutions-ksa.com 74.220.219.162
74.7.227.146 - - [17/Mar/2026:16:05:57 -0600] "GET /528/.lastlogin HTTP/2.0" 200 54068 "https://event.acesolutions-ksa.com/528/?p=Ahome1Aimmorth6" "Mozilla/5.0 AppleWebKit/537.36 (KHTML, like Gecko; compatible; GPTBot/1.3; +https://openai.com/gptbot)" event.acesolutions-ksa.com 74.220.219.162
74.7.227.146 - - [17/Mar/2026:16:06:08 -0600] "GET /menu-checkboxes.min.js HTTP/2.0" 404 - "https://event.acesolutions-ksa.com/1773037142.M333461P2123.box2010.bluehost.com,S=2348,W=2413?p=Ahome1Aimmorth6Apublic_htmlAwebsite_efd5428fAwp-contentAplugins-202504291021AjetpackA_incAbuildAcustom-post-typesAjs" "Mozilla/5.0 AppleWebKit/537.36 (KHTML, like Gecko; compatible; GPTBot/1.3; +https://openai.com/gptbot)" event.acesolutions-ksa.com 74.220.219.162
74.7.227.146 - - [17/Mar/2026:16:06:18 -0600] "GET /528?edit=readme.html&p=Ahome1Aimmorth6Apublic_html HTTP/2.0" 200 56601 "https://www.website-efd5428f.ilq.ypm.mybluehost.me" "Mozilla/5.0 AppleWebKit/537.36 (KHTML, like Gecko; compatible; GPTBot/1.3; +https://openai.com/gptbot)" event.acesolutions-ksa.com 74.220.219.162
74.7.227.146 - - [17/Mar/2026:16:06:28 -0600] "GET /menu-checkboxes.min.asset.php HTTP/2.0" 409 83 "https://event.acesolutions-ksa.com/1773037142.M333461P2123.box2010.bluehost.com,S=2348,W=2413?p=Ahome1Aimmorth6Apublic_htmlAwebsite_efd5428fAwp-contentAplugins-202504291021AjetpackA_incAbuildAcustom-post-typesAjs" "Mozilla/5.0 AppleWebKit/537.36 (KHTML, like Gecko; compatible; GPTBot/1.3; +https://openai.com/gptbot)" event.acesolutions-ksa.com 74.220.219.162
74.7.227.146 - - [17/Mar/2026:16:06:39 -0600] "GET /many-items.min.asset.php HTTP/2.0" 409 83 "https://event.acesolutions-ksa.com/1773037142.M333461P2123.box2010.bluehost.com,S=2348,W=2413?p=Ahome1Aimmorth6Apublic_htmlAwebsite_efd5428fAwp-contentAplugins-202504291021AjetpackA_incAbuildAcustom-post-typesAjs" "Mozilla/5.0 AppleWebKit/537.36 (KHTML, like Gecko; compatible; GPTBot/1.3; +https://openai.com/gptbot)" event.acesolutions-ksa.com 74.220.219.162
74.220.219.162 - - [17/Mar/2026:16:06:49 -0600] "POST /wp-cron.php?doing_wp_cron=1773785209.3541750907897949218750 HTTP/2.0" 200 - "-" "WordPress/6.9; https://event.acesolutions-ksa.com" event.acesolutions-ksa.com 74.220.219.162
74.7.242.19 - - [17/Mar/2026:16:06:56 -0600] "GET /immortal-tech-net.immortal-designs.net?edit=index.php&p=Ahome1Aimmorth6AwwwAwebsite_d98c9096Awp-includesAadaf51ce HTTP/2.0" 409 83 "https://www.event.acesolutions-ksa.com/immortal-tech-net.immortal-designs.net?p=Ahome1Aimmorth6AwwwAwebsite_d98c9096Awp-includesAadaf51ce" "Mozilla/5.0 AppleWebKit/537.36 (KHTML, like Gecko; compatible; GPTBot/1.3; +https://openai.com/gptbot)" www.event.acesolutions-ksa.com 74.220.219.162
74.7.227.146 - - [17/Mar/2026:16:07:10 -0600] "GET /nova-drag-drop.min.asset.php HTTP/2.0" 409 83 "https://event.acesolutions-ksa.com/1773037142.M333461P2123.box2010.bluehost.com,S=2348,W=2413?p=Ahome1Aimmorth6Apublic_htmlAwebsite_efd5428fAwp-contentAplugins-202504291021AjetpackA_incAbuildAcustom-post-typesAjs" "Mozilla/5.0 AppleWebKit/537.36 (KHTML, like Gecko; compatible; GPTBot/1.3; +https://openai.com/gptbot)" event.acesolutions-ksa.com 74.220.219.162
74.7.242.19 - - [17/Mar/2026:16:07:56 -0600] "GET /immortal-tech-net.immortal-designs.net?edit=index.php&p=Ahome1Aimmorth6AwwwAwebsite_d98c9096Awp-includesAplbaa4b9 HTTP/2.0" 409 83 "https://www.event.acesolutions-ksa.com/immortal-tech-net.immortal-designs.net?p=Ahome1Aimmorth6AwwwAwebsite_d98c9096Awp-includesAplbaa4b9" "Mozilla/5.0 AppleWebKit/537.36 (KHTML, like Gecko; compatible; GPTBot/1.3; +https://openai.com/gptbot)" www.event.acesolutions-ksa.com 74.220.219.162
74.7.227.146 - - [17/Mar/2026:16:08:13 -0600] "GET /nova-drag-drop.min.js HTTP/2.0" 404 - "https://event.acesolutions-ksa.com/1773037142.M333461P2123.box2010.bluehost.com,S=2348,W=2413?p=Ahome1Aimmorth6Apublic_htmlAwebsite_efd5428fAwp-contentAplugins-202504291021AjetpackA_incAbuildAcustom-post-typesAjs" "Mozilla/5.0 AppleWebKit/537.36 (KHTML, like Gecko; compatible; GPTBot/1.3; +https://openai.com/gptbot)" event.acesolutions-ksa.com 74.220.219.162
74.7.242.19 - - [17/Mar/2026:16:08:57 -0600] "GET /immortal-tech-net.immortal-designs.net?edit=index.php&p=Ahome1Aimmorth6AwwwAwebsite_d98c9096Awp-includesAqq6bed5b HTTP/2.0" 409 83 "https://www.event.acesolutions-ksa.com/immortal-tech-net.immortal-designs.net?p=Ahome1Aimmorth6AwwwAwebsite_d98c9096Awp-includesAqq6bed5b" "Mozilla/5.0 AppleWebKit/537.36 (KHTML, like Gecko; compatible; GPTBot/1.3; +https://openai.com/gptbot)" www.event.acesolutions-ksa.com 74.220.219.162
74.220.219.162 - - [17/Mar/2026:16:09:13 -0600] "POST /wp-cron.php?doing_wp_cron=1773785353.4056639671325683593750 HTTP/2.0" 200 - "-" "WordPress/6.9; https://event.acesolutions-ksa.com" event.acesolutions-ksa.com 74.220.219.162
74.7.227.146 - - [17/Mar/2026:16:09:16 -0600] "GET /many-items.min.js HTTP/2.0" 404 - "https://event.acesolutions-ksa.com/1773037142.M333461P2123.box2010.bluehost.com,S=2348,W=2413?p=Ahome1Aimmorth6Apublic_htmlAwebsite_efd5428fAwp-contentAplugins-202504291021AjetpackA_incAbuildAcustom-post-typesAjs" "Mozilla/5.0 AppleWebKit/537.36 (KHTML, like Gecko; compatible; GPTBot/1.3; +https://openai.com/gptbot)" event.acesolutions-ksa.com 74.220.219.162
74.7.242.19 - - [17/Mar/2026:16:09:58 -0600] "GET /immortal-tech-net.immortal-designs.net?edit=index.php&p=Ahome1Aimmorth6AwwwAwebsite_d98c9096Awp-includesAbrde1ca2 HTTP/2.0" 409 83 "https://www.event.acesolutions-ksa.com/immortal-tech-net.immortal-designs.net?p=Ahome1Aimmorth6AwwwAwebsite_d98c9096Awp-includesAbrde1ca2" "Mozilla/5.0 AppleWebKit/537.36 (KHTML, like Gecko; compatible; GPTBot/1.3; +https://openai.com/gptbot)" www.event.acesolutions-ksa.com 74.220.219.162
74.7.227.146 - - [17/Mar/2026:16:10:18 -0600] "GET /entry-details.php HTTP/2.0" 409 83 "https://event.acesolutions-ksa.com/1773037111.M713909P2123.box2010.bluehost.com,S=2338,W=2403?p=Ahome1Aimmorth6Apublic_htmlAwebsite_efd5428fAwp-contentAplugins-202504291021Awpforms-liteAtemplatesAadminApaymentsAsingle" "Mozilla/5.0 AppleWebKit/537.36 (KHTML, like Gecko; compatible; GPTBot/1.3; +https://openai.com/gptbot)" event.acesolutions-ksa.com 74.220.219.162
74.7.228.56 - - [17/Mar/2026:16:10:18 -0600] "GET /robots.txt HTTP/2.0" 200 66 "-" "Mozilla/5.0 (Macintosh; Intel Mac OS X 10_15_7) AppleWebKit/537.36 (KHTML, like Gecko) Chrome/131.0.0.0 Safari/537.36; compatible; OAI-SearchBot/1.3; robots.txt; +https://openai.com/searchbot" event.acesolutions-ksa.com 74.220.219.162
74.7.242.19 - - [17/Mar/2026:16:11:01 -0600] "GET /immortal-tech-net.immortal-designs.net?edit=index.php&p=Ahome1Aimmorth6AwwwAwebsite_d98c9096Awp-includesAjs75dace HTTP/2.0" 409 83 "https://www.event.acesolutions-ksa.com/immortal-tech-net.immortal-designs.net?p=Ahome1Aimmorth6AwwwAwebsite_d98c9096Awp-includesAjs75dace" "Mozilla/5.0 AppleWebKit/537.36 (KHTML, like Gecko; compatible; GPTBot/1.3; +https://openai.com/gptbot)" www.event.acesolutions-ksa.com 74.220.219.162
74.7.228.38 - - [17/Mar/2026:16:11:01 -0600] "GET /robots.txt HTTP/1.1" 200 66 "-" "Mozilla/5.0 (Macintosh; Intel Mac OS X 10_15_7) AppleWebKit/537.36 (KHTML, like Gecko) Chrome/131.0.0.0 Safari/537.36; compatible; OAI-SearchBot/1.3; robots.txt; +https://openai.com/searchbot" www.event.acesolutions-ksa.com 74.220.219.162
74.7.228.38 - - [17/Mar/2026:16:11:01 -0600] "GET /robots.txt HTTP/2.0" 200 66 "-" "Mozilla/5.0 (Macintosh; Intel Mac OS X 10_15_7) AppleWebKit/537.36 (KHTML, like Gecko) Chrome/131.0.0.0 Safari/537.36; compatible; OAI-SearchBot/1.3; robots.txt; +https://openai.com/searchbot" www.event.acesolutions-ksa.com 74.220.219.162
74.220.219.162 - - [17/Mar/2026:16:11:21 -0600] "POST /wp-cron.php?doing_wp_cron=1773785481.0781059265136718750000 HTTP/2.0" 200 - "-" "WordPress/6.9; https://event.acesolutions-ksa.com" event.acesolutions-ksa.com 74.220.219.162
74.7.227.146 - - [17/Mar/2026:16:11:20 -0600] "GET /1a2 HTTP/2.0" 200 54007 "https://www.website-efd5428f.ilq.ypm.mybluehost.me" "Mozilla/5.0 AppleWebKit/537.36 (KHTML, like Gecko; compatible; GPTBot/1.3; +https://openai.com/gptbot)" event.acesolutions-ksa.com 74.220.219.162
216.73.216.97 - - [17/Mar/2026:16:11:28 -0600] "GET /immorth6.rcube.db.latest?p=Ahome1 HTTP/1.1" 200 870 "-" "Mozilla/5.0 AppleWebKit/537.36 (KHTML, like Gecko; compatible; ClaudeBot/1.0; +claudebot@anthropic.com)" www.event.acesolutions-ksa.com 74.220.219.162
216.73.216.97 - - [17/Mar/2026:16:11:27 -0600] "GET /immorth6.rcube.db.latest?p=Ahome1 HTTP/2.0" 200 870 "-" "Mozilla/5.0 AppleWebKit/537.36 (KHTML, like Gecko; compatible; ClaudeBot/1.0; +claudebot@anthropic.com)" www.event.acesolutions-ksa.com 74.220.219.162
74.7.242.19 - - [17/Mar/2026:16:12:07 -0600] "GET /immortal-tech-net.immortal-designs.net?edit=index.php&p=Ahome1Aimmorth6AwwwAwebsite_d98c9096Awp-includesAxd1af1b HTTP/2.0" 409 83 "https://www.event.acesolutions-ksa.com/immortal-tech-net.immortal-designs.net?p=Ahome1Aimmorth6AwwwAwebsite_d98c9096Awp-includesAxd1af1b" "Mozilla/5.0 AppleWebKit/537.36 (KHTML, like Gecko; compatible; GPTBot/1.3; +https://openai.com/gptbot)" www.event.acesolutions-ksa.com 74.220.219.162
74.7.227.146 - - [17/Mar/2026:16:12:24 -0600] "GET /no-payment.php HTTP/2.0" 409 83 "https://event.acesolutions-ksa.com/1773037111.M713909P2123.box2010.bluehost.com,S=2338,W=2403?p=Ahome1Aimmorth6Apublic_htmlAwebsite_efd5428fAwp-contentAplugins-202504291021Awpforms-liteAtemplatesAadminApaymentsAsingle" "Mozilla/5.0 AppleWebKit/537.36 (KHTML, like Gecko; compatible; GPTBot/1.3; +https://openai.com/gptbot)" event.acesolutions-ksa.com 74.220.219.162
74.7.242.19 - - [17/Mar/2026:16:13:11 -0600] "GET /04f HTTP/1.1" 200 1635 "https://www.event.acesolutions-ksa.com/immortal-tech-net.immortal-designs.net?p=Ahome1Aimmorth6AwwwAwebsite_d98c9096Awp-includesAadf2cdc2" "Mozilla/5.0 AppleWebKit/537.36 (KHTML, like Gecko; compatible; GPTBot/1.3; +https://openai.com/gptbot)" www.event.acesolutions-ksa.com 74.220.219.162
74.7.242.19 - - [17/Mar/2026:16:13:11 -0600] "GET /04f HTTP/2.0" 200 1635 "https://www.event.acesolutions-ksa.com/immortal-tech-net.immortal-designs.net?p=Ahome1Aimmorth6AwwwAwebsite_d98c9096Awp-includesAadf2cdc2" "Mozilla/5.0 AppleWebKit/537.36 (KHTML, like Gecko; compatible; GPTBot/1.3; +https://openai.com/gptbot)" www.event.acesolutions-ksa.com 74.220.219.162
74.7.227.146 - - [17/Mar/2026:16:13:21 -0600] "GET /payment-details.php HTTP/2.0" 409 83 "https://event.acesolutions-ksa.com/1773037111.M713909P2123.box2010.bluehost.com,S=2338,W=2403?p=Ahome1Aimmorth6Apublic_htmlAwebsite_efd5428fAwp-contentAplugins-202504291021Awpforms-liteAtemplatesAadminApaymentsAsingle" "Mozilla/5.0 AppleWebKit/537.36 (KHTML, like Gecko; compatible; GPTBot/1.3; +https://openai.com/gptbot)" event.acesolutions-ksa.com 74.220.219.162
74.220.219.162 - - [17/Mar/2026:16:13:25 -0600] "POST /wp-cron.php?doing_wp_cron=1773785605.9048340320587158203125 HTTP/2.0" 200 - "-" "WordPress/6.9; https://event.acesolutions-ksa.com" event.acesolutions-ksa.com 74.220.219.162
74.7.242.19 - - [17/Mar/2026:16:14:12 -0600] "GET /9b5 HTTP/1.1" 200 1635 "https://www.event.acesolutions-ksa.com/immortal-tech-net.immortal-designs.net?p=Ahome1Aimmorth6AwwwAwebsite_d98c9096Awp-includesAxd1af1b" "Mozilla/5.0 AppleWebKit/537.36 (KHTML, like Gecko; compatible; GPTBot/1.3; +https://openai.com/gptbot)" www.event.acesolutions-ksa.com 74.220.219.162
74.7.242.19 - - [17/Mar/2026:16:14:12 -0600] "GET /9b5 HTTP/2.0" 200 1635 "https://www.event.acesolutions-ksa.com/immortal-tech-net.immortal-designs.net?p=Ahome1Aimmorth6AwwwAwebsite_d98c9096Awp-includesAxd1af1b" "Mozilla/5.0 AppleWebKit/537.36 (KHTML, like Gecko; compatible; GPTBot/1.3; +https://openai.com/gptbot)" www.event.acesolutions-ksa.com 74.220.219.162
74.7.227.146 - - [17/Mar/2026:16:14:25 -0600] "GET /1a2?p=Ahome1 HTTP/2.0" 200 53253 "https://www.website-efd5428f.ilq.ypm.mybluehost.me" "Mozilla/5.0 AppleWebKit/537.36 (KHTML, like Gecko; compatible; GPTBot/1.3; +https://openai.com/gptbot)" event.acesolutions-ksa.com 74.220.219.162
216.73.216.97 - - [17/Mar/2026:16:14:31 -0600] "GET /wordpress-seo-ar.mo?edit=txets.php&p=Ahome1Aimmorth6Aluqta-appIcom HTTP/2.0" 409 83 "-" "Mozilla/5.0 AppleWebKit/537.36 (KHTML, like Gecko; compatible; ClaudeBot/1.0; +claudebot@anthropic.com)" www.event.acesolutions-ksa.com 74.220.219.162
216.73.216.97 - - [17/Mar/2026:16:14:41 -0600] "GET /ar-569e85ef168299eb8c8f24d8ef8c8a78.json HTTP/2.0" 404 - "-" "Mozilla/5.0 AppleWebKit/537.36 (KHTML, like Gecko; compatible; ClaudeBot/1.0; +claudebot@anthropic.com)" www.event.acesolutions-ksa.com 74.220.219.162
216.73.216.97 - - [17/Mar/2026:16:14:46 -0600] "GET /ar-9b256ea9cd54df92095e04c76758ceb0.json HTTP/2.0" 404 - "-" "Mozilla/5.0 AppleWebKit/537.36 (KHTML, like Gecko; compatible; ClaudeBot/1.0; +claudebot@anthropic.com)" www.event.acesolutions-ksa.com 74.220.219.162
216.73.216.97 - - [17/Mar/2026:16:14:55 -0600] "GET /admin-network-ar.po?edit=.htaccess&p=Ahome1Aimmorth6Apublic_html HTTP/1.1" 200 3368 "-" "Mozilla/5.0 AppleWebKit/537.36 (KHTML, like Gecko; compatible; ClaudeBot/1.0; +claudebot@anthropic.com)" www.event.acesolutions-ksa.com 74.220.219.162
216.73.216.97 - - [17/Mar/2026:16:14:55 -0600] "GET /admin-network-ar.po?edit=.htaccess&p=Ahome1Aimmorth6Apublic_html HTTP/2.0" 200 3368 "-" "Mozilla/5.0 AppleWebKit/537.36 (KHTML, like Gecko; compatible; ClaudeBot/1.0; +claudebot@anthropic.com)" www.event.acesolutions-ksa.com 74.220.219.162
216.73.216.97 - - [17/Mar/2026:16:15:04 -0600] "GET /admin-network-ar.po?p=Ahome1Aimmorth6Apublic_htmlAtest-ovochi-comAstaging HTTP/1.1" 200 1273 "-" "Mozilla/5.0 AppleWebKit/537.36 (KHTML, like Gecko; compatible; ClaudeBot/1.0; +claudebot@anthropic.com)" www.event.acesolutions-ksa.com 74.220.219.162
216.73.216.97 - - [17/Mar/2026:16:15:04 -0600] "GET /admin-network-ar.po?p=Ahome1Aimmorth6Apublic_htmlAtest-ovochi-comAstaging HTTP/2.0" 200 1273 "-" "Mozilla/5.0 AppleWebKit/537.36 (KHTML, like Gecko; compatible; ClaudeBot/1.0; +claudebot@anthropic.com)" www.event.acesolutions-ksa.com 74.220.219.162
216.73.216.97 - - [17/Mar/2026:16:15:09 -0600] "GET /hello-dolly-ar.po?edit=51.php&p=Ahome1Aimmorth6Apublic_htmlAwebsite_efd5428fAwp-contentAmu-plugins HTTP/2.0" 409 83 "-" "Mozilla/5.0 AppleWebKit/537.36 (KHTML, like Gecko; compatible; ClaudeBot/1.0; +claudebot@anthropic.com)" www.event.acesolutions-ksa.com 74.220.219.162
74.7.242.19 - - [17/Mar/2026:16:15:09 -0600] "GET /40a HTTP/1.1" 200 1635 "https://www.event.acesolutions-ksa.com/immortal-tech-net.immortal-designs.net?p=Ahome1Aimmorth6AwwwAwebsite_d98c9096Awp-includesAbrde1ca2" "Mozilla/5.0 AppleWebKit/537.36 (KHTML, like Gecko; compatible; GPTBot/1.3; +https://openai.com/gptbot)" www.event.acesolutions-ksa.com 74.220.219.162
74.7.242.19 - - [17/Mar/2026:16:15:09 -0600] "GET /40a HTTP/2.0" 200 1635 "https://www.event.acesolutions-ksa.com/immortal-tech-net.immortal-designs.net?p=Ahome1Aimmorth6AwwwAwebsite_d98c9096Awp-includesAbrde1ca2" "Mozilla/5.0 AppleWebKit/537.36 (KHTML, like Gecko; compatible; GPTBot/1.3; +https://openai.com/gptbot)" www.event.acesolutions-ksa.com 74.220.219.162
216.73.216.97 - - [17/Mar/2026:16:15:14 -0600] "GET /wordpress-seo-ar.mo?p=Ahome1Aimmorth6Apublic_htmlAAcadem HTTP/1.1" 200 104 "-" "Mozilla/5.0 AppleWebKit/537.36 (KHTML, like Gecko; compatible; ClaudeBot/1.0; +claudebot@anthropic.com)" www.event.acesolutions-ksa.com 74.220.219.162
216.73.216.97 - - [17/Mar/2026:16:15:14 -0600] "GET /wordpress-seo-ar.mo?p=Ahome1Aimmorth6Apublic_htmlAAcadem HTTP/2.0" 200 104 "-" "Mozilla/5.0 AppleWebKit/537.36 (KHTML, like Gecko; compatible; ClaudeBot/1.0; +claudebot@anthropic.com)" www.event.acesolutions-ksa.com 74.220.219.162
216.73.216.97 - - [17/Mar/2026:16:15:19 -0600] "GET /?edit=indexing-route.php&p=Ahome1Aimmorth6Apublic_htmlAwebsite_efd5428fAwp-contentApluginsAwordpress-seoAsrcAroutes HTTP/2.0" 409 83 "-" "Mozilla/5.0 AppleWebKit/537.36 (KHTML, like Gecko; compatible; ClaudeBot/1.0; +claudebot@anthropic.com)" www.event.acesolutions-ksa.com 74.220.219.162
74.7.227.146 - - [17/Mar/2026:16:15:31 -0600] "GET /payment-history.php HTTP/2.0" 409 83 "https://event.acesolutions-ksa.com/1773037111.M713909P2123.box2010.bluehost.com,S=2338,W=2403?p=Ahome1Aimmorth6Apublic_htmlAwebsite_efd5428fAwp-contentAplugins-202504291021Awpforms-liteAtemplatesAadminApaymentsAsingle" "Mozilla/5.0 AppleWebKit/537.36 (KHTML, like Gecko; compatible; GPTBot/1.3; +https://openai.com/gptbot)" event.acesolutions-ksa.com 74.220.219.162
74.220.219.162 - - [17/Mar/2026:16:15:33 -0600] "POST /wp-cron.php?doing_wp_cron=1773785733.7519569396972656250000 HTTP/2.0" 200 - "-" "WordPress/6.9; https://event.acesolutions-ksa.com" event.acesolutions-ksa.com 74.220.219.162
74.7.242.19 - - [17/Mar/2026:16:15:58 -0600] "GET /immortal-tech-net.immortal-designs.net?edit=license.txt&p=Ahome1Aimmorth6AwwwAwebsite_d98c9096Awp-includesAbrde1ca2 HTTP/1.1" 200 748 "https://www.event.acesolutions-ksa.com/immortal-tech-net.immortal-designs.net?p=Ahome1Aimmorth6AwwwAwebsite_d98c9096Awp-includesAbrde1ca2" "Mozilla/5.0 AppleWebKit/537.36 (KHTML, like Gecko; compatible; GPTBot/1.3; +https://openai.com/gptbot)" www.event.acesolutions-ksa.com 74.220.219.162
74.7.242.19 - - [17/Mar/2026:16:15:58 -0600] "GET /immortal-tech-net.immortal-designs.net?edit=license.txt&p=Ahome1Aimmorth6AwwwAwebsite_d98c9096Awp-includesAbrde1ca2 HTTP/2.0" 200 748 "https://www.event.acesolutions-ksa.com/immortal-tech-net.immortal-designs.net?p=Ahome1Aimmorth6AwwwAwebsite_d98c9096Awp-includesAbrde1ca2" "Mozilla/5.0 AppleWebKit/537.36 (KHTML, like Gecko; compatible; GPTBot/1.3; +https://openai.com/gptbot)" www.event.acesolutions-ksa.com 74.220.219.162
74.7.227.146 - - [17/Mar/2026:16:16:26 -0600] "GET /1d1?p=Ahome1 HTTP/2.0" 200 53254 "https://www.website-efd5428f.ilq.ypm.mybluehost.me" "Mozilla/5.0 AppleWebKit/537.36 (KHTML, like Gecko; compatible; GPTBot/1.3; +https://openai.com/gptbot)" event.acesolutions-ksa.com 74.220.219.162
74.7.242.19 - - [17/Mar/2026:16:16:46 -0600] "GET /immortal-tech-net.immortal-designs.net?edit=license.txt&p=Ahome1Aimmorth6AwwwAwebsite_d98c9096Awp-includesAimad8fe4 HTTP/1.1" 200 748 "https://www.event.acesolutions-ksa.com/immortal-tech-net.immortal-designs.net?p=Ahome1Aimmorth6AwwwAwebsite_d98c9096Awp-includesAimad8fe4" "Mozilla/5.0 AppleWebKit/537.36 (KHTML, like Gecko; compatible; GPTBot/1.3; +https://openai.com/gptbot)" www.event.acesolutions-ksa.com 74.220.219.162
74.7.242.19 - - [17/Mar/2026:16:16:46 -0600] "GET /immortal-tech-net.immortal-designs.net?edit=license.txt&p=Ahome1Aimmorth6AwwwAwebsite_d98c9096Awp-includesAimad8fe4 HTTP/2.0" 200 748 "https://www.event.acesolutions-ksa.com/immortal-tech-net.immortal-designs.net?p=Ahome1Aimmorth6AwwwAwebsite_d98c9096Awp-includesAimad8fe4" "Mozilla/5.0 AppleWebKit/537.36 (KHTML, like Gecko; compatible; GPTBot/1.3; +https://openai.com/gptbot)" www.event.acesolutions-ksa.com 74.220.219.162
74.7.227.146 - - [17/Mar/2026:16:17:27 -0600] "GET /1d1 HTTP/2.0" 200 54007 "https://www.website-efd5428f.ilq.ypm.mybluehost.me" "Mozilla/5.0 AppleWebKit/537.36 (KHTML, like Gecko; compatible; GPTBot/1.3; +https://openai.com/gptbot)" event.acesolutions-ksa.com 74.220.219.162
74.7.242.19 - - [17/Mar/2026:16:17:28 -0600] "GET /immortal-tech-net.immortal-designs.net?edit=license.txt&p=Ahome1Aimmorth6AwwwAwebsite_d98c9096Awp-includesAimb6bd9f HTTP/1.1" 200 748 "https://www.event.acesolutions-ksa.com/immortal-tech-net.immortal-designs.net?p=Ahome1Aimmorth6AwwwAwebsite_d98c9096Awp-includesAimb6bd9f" "Mozilla/5.0 AppleWebKit/537.36 (KHTML, like Gecko; compatible; GPTBot/1.3; +https://openai.com/gptbot)" www.event.acesolutions-ksa.com 74.220.219.162
74.7.242.19 - - [17/Mar/2026:16:17:28 -0600] "GET /immortal-tech-net.immortal-designs.net?edit=license.txt&p=Ahome1Aimmorth6AwwwAwebsite_d98c9096Awp-includesAimb6bd9f HTTP/2.0" 200 748 "https://www.event.acesolutions-ksa.com/immortal-tech-net.immortal-designs.net?p=Ahome1Aimmorth6AwwwAwebsite_d98c9096Awp-includesAimb6bd9f" "Mozilla/5.0 AppleWebKit/537.36 (KHTML, like Gecko; compatible; GPTBot/1.3; +https://openai.com/gptbot)" www.event.acesolutions-ksa.com 74.220.219.162
74.220.219.162 - - [17/Mar/2026:16:17:48 -0600] "POST /wp-cron.php?doing_wp_cron=1773785868.7407960891723632812500 HTTP/2.0" 200 - "-" "WordPress/6.9; https://event.acesolutions-ksa.com" event.acesolutions-ksa.com 74.220.219.162
74.7.242.19 - - [17/Mar/2026:16:18:05 -0600] "GET /immortal-tech-net.immortal-designs.net?edit=license.txt&p=Ahome1Aimmorth6AwwwAwebsite_d98c9096Awp-includesAplbaa4b9 HTTP/1.1" 200 748 "https://www.event.acesolutions-ksa.com/immortal-tech-net.immortal-designs.net?p=Ahome1Aimmorth6AwwwAwebsite_d98c9096Awp-includesAplbaa4b9" "Mozilla/5.0 AppleWebKit/537.36 (KHTML, like Gecko; compatible; GPTBot/1.3; +https://openai.com/gptbot)" www.event.acesolutions-ksa.com 74.220.219.162
74.7.242.19 - - [17/Mar/2026:16:18:05 -0600] "GET /immortal-tech-net.immortal-designs.net?edit=license.txt&p=Ahome1Aimmorth6AwwwAwebsite_d98c9096Awp-includesAplbaa4b9 HTTP/2.0" 200 748 "https://www.event.acesolutions-ksa.com/immortal-tech-net.immortal-designs.net?p=Ahome1Aimmorth6AwwwAwebsite_d98c9096Awp-includesAplbaa4b9" "Mozilla/5.0 AppleWebKit/537.36 (KHTML, like Gecko; compatible; GPTBot/1.3; +https://openai.com/gptbot)" www.event.acesolutions-ksa.com 74.220.219.162
74.7.227.146 - - [17/Mar/2026:16:18:24 -0600] "GET /0fe HTTP/2.0" 200 54006 "https://www.website-efd5428f.ilq.ypm.mybluehost.me" "Mozilla/5.0 AppleWebKit/537.36 (KHTML, like Gecko; compatible; GPTBot/1.3; +https://openai.com/gptbot)" event.acesolutions-ksa.com 74.220.219.162
74.7.242.19 - - [17/Mar/2026:16:18:39 -0600] "GET /immortal-tech-net.immortal-designs.net?edit=license.txt&p=Ahome1Aimmorth6AwwwAwebsite_d98c9096Awp-includesAxd1af1b HTTP/1.1" 200 747 "https://www.event.acesolutions-ksa.com/immortal-tech-net.immortal-designs.net?p=Ahome1Aimmorth6AwwwAwebsite_d98c9096Awp-includesAxd1af1b" "Mozilla/5.0 AppleWebKit/537.36 (KHTML, like Gecko; compatible; GPTBot/1.3; +https://openai.com/gptbot)" www.event.acesolutions-ksa.com 74.220.219.162
74.7.242.19 - - [17/Mar/2026:16:18:39 -0600] "GET /immortal-tech-net.immortal-designs.net?edit=license.txt&p=Ahome1Aimmorth6AwwwAwebsite_d98c9096Awp-includesAxd1af1b HTTP/2.0" 200 747 "https://www.event.acesolutions-ksa.com/immortal-tech-net.immortal-designs.net?p=Ahome1Aimmorth6AwwwAwebsite_d98c9096Awp-includesAxd1af1b" "Mozilla/5.0 AppleWebKit/537.36 (KHTML, like Gecko; compatible; GPTBot/1.3; +https://openai.com/gptbot)" www.event.acesolutions-ksa.com 74.220.219.162
74.7.242.19 - - [17/Mar/2026:16:19:08 -0600] "GET /e1b HTTP/1.1" 200 1635 "https://www.event.acesolutions-ksa.com/immortal-tech-net.immortal-designs.net?p=Ahome1Aimmorth6AwwwAwebsite_d98c9096Awp-includesAadaf51ce" "Mozilla/5.0 AppleWebKit/537.36 (KHTML, like Gecko; compatible; GPTBot/1.3; +https://openai.com/gptbot)" www.event.acesolutions-ksa.com 74.220.219.162
74.7.242.19 - - [17/Mar/2026:16:19:08 -0600] "GET /e1b HTTP/2.0" 200 1635 "https://www.event.acesolutions-ksa.com/immortal-tech-net.immortal-designs.net?p=Ahome1Aimmorth6AwwwAwebsite_d98c9096Awp-includesAadaf51ce" "Mozilla/5.0 AppleWebKit/537.36 (KHTML, like Gecko; compatible; GPTBot/1.3; +https://openai.com/gptbot)" www.event.acesolutions-ksa.com 74.220.219.162
74.7.227.146 - - [17/Mar/2026:16:19:16 -0600] "GET /fb2 HTTP/2.0" 200 54007 "https://www.website-efd5428f.ilq.ypm.mybluehost.me" "Mozilla/5.0 AppleWebKit/537.36 (KHTML, like Gecko; compatible; GPTBot/1.3; +https://openai.com/gptbot)" event.acesolutions-ksa.com 74.220.219.162
74.7.242.19 - - [17/Mar/2026:16:19:36 -0600] "GET /ab0 HTTP/1.1" 200 1635 "https://www.event.acesolutions-ksa.com/immortal-tech-net.immortal-designs.net?p=Ahome1Aimmorth6AwwwAwebsite_d98c9096Awp-includesAjs75dace" "Mozilla/5.0 AppleWebKit/537.36 (KHTML, like Gecko; compatible; GPTBot/1.3; +https://openai.com/gptbot)" www.event.acesolutions-ksa.com 74.220.219.162
74.7.242.19 - - [17/Mar/2026:16:19:36 -0600] "GET /ab0 HTTP/2.0" 200 1635 "https://www.event.acesolutions-ksa.com/immortal-tech-net.immortal-designs.net?p=Ahome1Aimmorth6AwwwAwebsite_d98c9096Awp-includesAjs75dace" "Mozilla/5.0 AppleWebKit/537.36 (KHTML, like Gecko; compatible; GPTBot/1.3; +https://openai.com/gptbot)" www.event.acesolutions-ksa.com 74.220.219.162
74.220.219.162 - - [17/Mar/2026:16:19:52 -0600] "POST /wp-cron.php?doing_wp_cron=1773785992.7207500934600830078125 HTTP/2.0" 200 - "-" "WordPress/6.9; https://event.acesolutions-ksa.com" event.acesolutions-ksa.com 74.220.219.162
74.7.242.19 - - [17/Mar/2026:16:20:00 -0600] "GET /immortal-tech-net.immortal-designs.net?edit=202&p=Ahome1Aimmorth6AwwwAwebsite_d98c9096Awp-includesAqq6bed5b HTTP/1.1" 200 19003 "https://www.event.acesolutions-ksa.com/immortal-tech-net.immortal-designs.net?p=Ahome1Aimmorth6AwwwAwebsite_d98c9096Awp-includesAqq6bed5b" "Mozilla/5.0 AppleWebKit/537.36 (KHTML, like Gecko; compatible; GPTBot/1.3; +https://openai.com/gptbot)" www.event.acesolutions-ksa.com 74.220.219.162
74.7.242.19 - - [17/Mar/2026:16:20:00 -0600] "GET /immortal-tech-net.immortal-designs.net?edit=202&p=Ahome1Aimmorth6AwwwAwebsite_d98c9096Awp-includesAqq6bed5b HTTP/2.0" 200 19003 "https://www.event.acesolutions-ksa.com/immortal-tech-net.immortal-designs.net?p=Ahome1Aimmorth6AwwwAwebsite_d98c9096Awp-includesAqq6bed5b" "Mozilla/5.0 AppleWebKit/537.36 (KHTML, like Gecko; compatible; GPTBot/1.3; +https://openai.com/gptbot)" www.event.acesolutions-ksa.com 74.220.219.162
74.7.227.146 - - [17/Mar/2026:16:20:03 -0600] "GET /heading-navigation.php HTTP/2.0" 409 83 "https://event.acesolutions-ksa.com/1773037111.M713909P2123.box2010.bluehost.com,S=2338,W=2403?p=Ahome1Aimmorth6Apublic_htmlAwebsite_efd5428fAwp-contentAplugins-202504291021Awpforms-liteAtemplatesAadminApaymentsAsingle" "Mozilla/5.0 AppleWebKit/537.36 (KHTML, like Gecko; compatible; GPTBot/1.3; +https://openai.com/gptbot)" event.acesolutions-ksa.com 74.220.219.162
74.7.242.19 - - [17/Mar/2026:16:20:22 -0600] "GET /04f?p=Ahome1 HTTP/1.1" 200 870 "https://www.event.acesolutions-ksa.com/04f" "Mozilla/5.0 AppleWebKit/537.36 (KHTML, like Gecko; compatible; GPTBot/1.3; +https://openai.com/gptbot)" www.event.acesolutions-ksa.com 74.220.219.162
74.7.242.19 - - [17/Mar/2026:16:20:22 -0600] "GET /04f?p=Ahome1 HTTP/2.0" 200 870 "https://www.event.acesolutions-ksa.com/04f" "Mozilla/5.0 AppleWebKit/537.36 (KHTML, like Gecko; compatible; GPTBot/1.3; +https://openai.com/gptbot)" www.event.acesolutions-ksa.com 74.220.219.162
74.7.242.19 - - [17/Mar/2026:16:20:41 -0600] "GET /9b5?p=Ahome1 HTTP/1.1" 200 870 "https://www.event.acesolutions-ksa.com/9b5" "Mozilla/5.0 AppleWebKit/537.36 (KHTML, like Gecko; compatible; GPTBot/1.3; +https://openai.com/gptbot)" www.event.acesolutions-ksa.com 74.220.219.162
74.7.242.19 - - [17/Mar/2026:16:20:41 -0600] "GET /9b5?p=Ahome1 HTTP/2.0" 200 870 "https://www.event.acesolutions-ksa.com/9b5" "Mozilla/5.0 AppleWebKit/537.36 (KHTML, like Gecko; compatible; GPTBot/1.3; +https://openai.com/gptbot)" www.event.acesolutions-ksa.com 74.220.219.162
74.7.227.146 - - [17/Mar/2026:16:20:43 -0600] "GET /advanced-details.php HTTP/2.0" 409 83 "https://event.acesolutions-ksa.com/1773037111.M713909P2123.box2010.bluehost.com,S=2338,W=2403?p=Ahome1Aimmorth6Apublic_htmlAwebsite_efd5428fAwp-contentAplugins-202504291021Awpforms-liteAtemplatesAadminApaymentsAsingle" "Mozilla/5.0 AppleWebKit/537.36 (KHTML, like Gecko; compatible; GPTBot/1.3; +https://openai.com/gptbot)" event.acesolutions-ksa.com 74.220.219.162
74.7.242.19 - - [17/Mar/2026:16:20:59 -0600] "GET /40a?p=Ahome1 HTTP/1.1" 200 870 "https://www.event.acesolutions-ksa.com/40a" "Mozilla/5.0 AppleWebKit/537.36 (KHTML, like Gecko; compatible; GPTBot/1.3; +https://openai.com/gptbot)" www.event.acesolutions-ksa.com 74.220.219.162
74.7.242.19 - - [17/Mar/2026:16:20:59 -0600] "GET /40a?p=Ahome1 HTTP/2.0" 200 870 "https://www.event.acesolutions-ksa.com/40a" "Mozilla/5.0 AppleWebKit/537.36 (KHTML, like Gecko; compatible; GPTBot/1.3; +https://openai.com/gptbot)" www.event.acesolutions-ksa.com 74.220.219.162
74.7.242.19 - - [17/Mar/2026:16:21:15 -0600] "GET /40a?edit=endurance-page-cache.php&p=Ahome1Aimmorth6Apublic_htmlAwebsite_efd5428fAwp-contentAmu-plugins HTTP/2.0" 409 83 "https://www.event.acesolutions-ksa.com/40a" "Mozilla/5.0 AppleWebKit/537.36 (KHTML, like Gecko; compatible; GPTBot/1.3; +https://openai.com/gptbot)" www.event.acesolutions-ksa.com 74.220.219.162
74.7.242.19 - - [17/Mar/2026:16:21:30 -0600] "GET /immortal-tech-net.immortal-designs.net?edit=303&p=Ahome1Aimmorth6AwwwAwebsite_d98c9096Awp-includesAplbaa4b9 HTTP/1.1" 200 19009 "https://www.event.acesolutions-ksa.com/immortal-tech-net.immortal-designs.net?p=Ahome1Aimmorth6AwwwAwebsite_d98c9096Awp-includesAplbaa4b9" "Mozilla/5.0 AppleWebKit/537.36 (KHTML, like Gecko; compatible; GPTBot/1.3; +https://openai.com/gptbot)" www.event.acesolutions-ksa.com 74.220.219.162
74.7.242.19 - - [17/Mar/2026:16:21:30 -0600] "GET /immortal-tech-net.immortal-designs.net?edit=303&p=Ahome1Aimmorth6AwwwAwebsite_d98c9096Awp-includesAplbaa4b9 HTTP/2.0" 200 19009 "https://www.event.acesolutions-ksa.com/immortal-tech-net.immortal-designs.net?p=Ahome1Aimmorth6AwwwAwebsite_d98c9096Awp-includesAplbaa4b9" "Mozilla/5.0 AppleWebKit/537.36 (KHTML, like Gecko; compatible; GPTBot/1.3; +https://openai.com/gptbot)" www.event.acesolutions-ksa.com 74.220.219.162
74.7.227.146 - - [17/Mar/2026:16:21:43 -0600] "GET /details.php HTTP/2.0" 409 83 "https://event.acesolutions-ksa.com/1773037111.M713909P2123.box2010.bluehost.com,S=2338,W=2403?p=Ahome1Aimmorth6Apublic_htmlAwebsite_efd5428fAwp-contentAplugins-202504291021Awpforms-liteAtemplatesAadminApaymentsAsingle" "Mozilla/5.0 AppleWebKit/537.36 (KHTML, like Gecko; compatible; GPTBot/1.3; +https://openai.com/gptbot)" event.acesolutions-ksa.com 74.220.219.162
74.220.219.162 - - [17/Mar/2026:16:22:11 -0600] "POST /wp-cron.php?doing_wp_cron=1773786131.7976620197296142578125 HTTP/2.0" 200 - "-" "WordPress/6.9; https://event.acesolutions-ksa.com" event.acesolutions-ksa.com 74.220.219.162
74.7.242.19 - - [17/Mar/2026:16:22:15 -0600] "GET /immortal-tech-net.immortal-designs.net?edit=966&p=Ahome1Aimmorth6AwwwAwebsite_d98c9096Awp-includesAimad8fe4 HTTP/1.1" 200 19007 "https://www.event.acesolutions-ksa.com/immortal-tech-net.immortal-designs.net?p=Ahome1Aimmorth6AwwwAwebsite_d98c9096Awp-includesAimad8fe4" "Mozilla/5.0 AppleWebKit/537.36 (KHTML, like Gecko; compatible; GPTBot/1.3; +https://openai.com/gptbot)" www.event.acesolutions-ksa.com 74.220.219.162
74.7.242.19 - - [17/Mar/2026:16:22:15 -0600] "GET /immortal-tech-net.immortal-designs.net?edit=966&p=Ahome1Aimmorth6AwwwAwebsite_d98c9096Awp-includesAimad8fe4 HTTP/2.0" 200 19007 "https://www.event.acesolutions-ksa.com/immortal-tech-net.immortal-designs.net?p=Ahome1Aimmorth6AwwwAwebsite_d98c9096Awp-includesAimad8fe4" "Mozilla/5.0 AppleWebKit/537.36 (KHTML, like Gecko; compatible; GPTBot/1.3; +https://openai.com/gptbot)" www.event.acesolutions-ksa.com 74.220.219.162
74.7.227.146 - - [17/Mar/2026:16:22:48 -0600] "GET /fb2?p=Ahome1 HTTP/2.0" 200 53254 "https://www.website-efd5428f.ilq.ypm.mybluehost.me" "Mozilla/5.0 AppleWebKit/537.36 (KHTML, like Gecko; compatible; GPTBot/1.3; +https://openai.com/gptbot)" event.acesolutions-ksa.com 74.220.219.162
74.7.242.19 - - [17/Mar/2026:16:22:56 -0600] "GET /immortal-tech-net.immortal-designs.net?edit=482&p=Ahome1Aimmorth6AwwwAwebsite_d98c9096Awp-includesAimb6bd9f HTTP/1.1" 200 19009 "https://www.event.acesolutions-ksa.com/immortal-tech-net.immortal-designs.net?p=Ahome1Aimmorth6AwwwAwebsite_d98c9096Awp-includesAimb6bd9f" "Mozilla/5.0 AppleWebKit/537.36 (KHTML, like Gecko; compatible; GPTBot/1.3; +https://openai.com/gptbot)" www.event.acesolutions-ksa.com 74.220.219.162
74.7.242.19 - - [17/Mar/2026:16:22:56 -0600] "GET /immortal-tech-net.immortal-designs.net?edit=482&p=Ahome1Aimmorth6AwwwAwebsite_d98c9096Awp-includesAimb6bd9f HTTP/2.0" 200 19009 "https://www.event.acesolutions-ksa.com/immortal-tech-net.immortal-designs.net?p=Ahome1Aimmorth6AwwwAwebsite_d98c9096Awp-includesAimb6bd9f" "Mozilla/5.0 AppleWebKit/537.36 (KHTML, like Gecko; compatible; GPTBot/1.3; +https://openai.com/gptbot)" www.event.acesolutions-ksa.com 74.220.219.162
74.7.242.19 - - [17/Mar/2026:16:23:30 -0600] "GET /immortal-tech-net.immortal-designs.net?edit=872&p=Ahome1Aimmorth6AwwwAwebsite_d98c9096Awp-includesAaddfca47 HTTP/1.1" 200 19010 "https://www.event.acesolutions-ksa.com/immortal-tech-net.immortal-designs.net?p=Ahome1Aimmorth6AwwwAwebsite_d98c9096Awp-includesAaddfca47" "Mozilla/5.0 AppleWebKit/537.36 (KHTML, like Gecko; compatible; GPTBot/1.3; +https://openai.com/gptbot)" www.event.acesolutions-ksa.com 74.220.219.162
74.7.242.19 - - [17/Mar/2026:16:23:30 -0600] "GET /immortal-tech-net.immortal-designs.net?edit=872&p=Ahome1Aimmorth6AwwwAwebsite_d98c9096Awp-includesAaddfca47 HTTP/2.0" 200 19010 "https://www.event.acesolutions-ksa.com/immortal-tech-net.immortal-designs.net?p=Ahome1Aimmorth6AwwwAwebsite_d98c9096Awp-includesAaddfca47" "Mozilla/5.0 AppleWebKit/537.36 (KHTML, like Gecko; compatible; GPTBot/1.3; +https://openai.com/gptbot)" www.event.acesolutions-ksa.com 74.220.219.162
74.7.227.146 - - [17/Mar/2026:16:23:53 -0600] "GET /log.php HTTP/2.0" 409 83 "https://event.acesolutions-ksa.com/1773037111.M713909P2123.box2010.bluehost.com,S=2338,W=2403?p=Ahome1Aimmorth6Apublic_htmlAwebsite_efd5428fAwp-contentAplugins-202504291021Awpforms-liteAtemplatesAadminApaymentsAsingle" "Mozilla/5.0 AppleWebKit/537.36 (KHTML, like Gecko; compatible; GPTBot/1.3; +https://openai.com/gptbot)" event.acesolutions-ksa.com 74.220.219.162
74.7.242.19 - - [17/Mar/2026:16:24:03 -0600] "GET /immortal-tech-net.immortal-designs.net?edit=e1b&p=Ahome1Aimmorth6AwwwAwebsite_d98c9096Awp-includesAadaf51ce HTTP/1.1" 200 19003 "https://www.event.acesolutions-ksa.com/immortal-tech-net.immortal-designs.net?p=Ahome1Aimmorth6AwwwAwebsite_d98c9096Awp-includesAadaf51ce" "Mozilla/5.0 AppleWebKit/537.36 (KHTML, like Gecko; compatible; GPTBot/1.3; +https://openai.com/gptbot)" www.event.acesolutions-ksa.com 74.220.219.162
74.7.242.19 - - [17/Mar/2026:16:24:03 -0600] "GET /immortal-tech-net.immortal-designs.net?edit=e1b&p=Ahome1Aimmorth6AwwwAwebsite_d98c9096Awp-includesAadaf51ce HTTP/2.0" 200 19003 "https://www.event.acesolutions-ksa.com/immortal-tech-net.immortal-designs.net?p=Ahome1Aimmorth6AwwwAwebsite_d98c9096Awp-includesAadaf51ce" "Mozilla/5.0 AppleWebKit/537.36 (KHTML, like Gecko; compatible; GPTBot/1.3; +https://openai.com/gptbot)" www.event.acesolutions-ksa.com 74.220.219.162
74.220.219.162 - - [17/Mar/2026:16:24:24 -0600] "POST /wp-cron.php?doing_wp_cron=1773786264.5397429466247558593750 HTTP/2.0" 200 - "-" "WordPress/6.9; https://event.acesolutions-ksa.com" event.acesolutions-ksa.com 74.220.219.162
74.7.242.19 - - [17/Mar/2026:16:24:32 -0600] "GET /immortal-tech-net.immortal-designs.net?edit=ab0&p=Ahome1Aimmorth6AwwwAwebsite_d98c9096Awp-includesAjs75dace HTTP/1.1" 200 19003 "https://www.event.acesolutions-ksa.com/immortal-tech-net.immortal-designs.net?p=Ahome1Aimmorth6AwwwAwebsite_d98c9096Awp-includesAjs75dace" "Mozilla/5.0 AppleWebKit/537.36 (KHTML, like Gecko; compatible; GPTBot/1.3; +https://openai.com/gptbot)" www.event.acesolutions-ksa.com 74.220.219.162
74.7.242.19 - - [17/Mar/2026:16:24:32 -0600] "GET /immortal-tech-net.immortal-designs.net?edit=ab0&p=Ahome1Aimmorth6AwwwAwebsite_d98c9096Awp-includesAjs75dace HTTP/2.0" 200 19003 "https://www.event.acesolutions-ksa.com/immortal-tech-net.immortal-designs.net?p=Ahome1Aimmorth6AwwwAwebsite_d98c9096Awp-includesAjs75dace" "Mozilla/5.0 AppleWebKit/537.36 (KHTML, like Gecko; compatible; GPTBot/1.3; +https://openai.com/gptbot)" www.event.acesolutions-ksa.com 74.220.219.162
74.7.227.146 - - [17/Mar/2026:16:24:48 -0600] "GET /field.php HTTP/2.0" 409 83 "https://event.acesolutions-ksa.com/1773037111.M713909P2123.box2010.bluehost.com,S=2338,W=2403?p=Ahome1Aimmorth6Apublic_htmlAwebsite_efd5428fAwp-contentAplugins-202504291021Awpforms-liteAtemplatesAadminApaymentsAsingle" "Mozilla/5.0 AppleWebKit/537.36 (KHTML, like Gecko; compatible; GPTBot/1.3; +https://openai.com/gptbot)" event.acesolutions-ksa.com 74.220.219.162
74.7.242.19 - - [17/Mar/2026:16:24:57 -0600] "GET /immortal-tech-net.immortal-designs.net?edit=40a&p=Ahome1Aimmorth6AwwwAwebsite_d98c9096Awp-includesAbrde1ca2 HTTP/1.1" 200 19010 "https://www.event.acesolutions-ksa.com/immortal-tech-net.immortal-designs.net?p=Ahome1Aimmorth6AwwwAwebsite_d98c9096Awp-includesAbrde1ca2" "Mozilla/5.0 AppleWebKit/537.36 (KHTML, like Gecko; compatible; GPTBot/1.3; +https://openai.com/gptbot)" www.event.acesolutions-ksa.com 74.220.219.162
74.7.242.19 - - [17/Mar/2026:16:24:57 -0600] "GET /immortal-tech-net.immortal-designs.net?edit=40a&p=Ahome1Aimmorth6AwwwAwebsite_d98c9096Awp-includesAbrde1ca2 HTTP/2.0" 200 19010 "https://www.event.acesolutions-ksa.com/immortal-tech-net.immortal-designs.net?p=Ahome1Aimmorth6AwwwAwebsite_d98c9096Awp-includesAbrde1ca2" "Mozilla/5.0 AppleWebKit/537.36 (KHTML, like Gecko; compatible; GPTBot/1.3; +https://openai.com/gptbot)" www.event.acesolutions-ksa.com 74.220.219.162
74.7.242.19 - - [17/Mar/2026:16:25:20 -0600] "GET /immortal-tech-net.immortal-designs.net?edit=04f&p=Ahome1Aimmorth6AwwwAwebsite_d98c9096Awp-includesAadf2cdc2 HTTP/1.1" 200 19003 "https://www.event.acesolutions-ksa.com/immortal-tech-net.immortal-designs.net?p=Ahome1Aimmorth6AwwwAwebsite_d98c9096Awp-includesAadf2cdc2" "Mozilla/5.0 AppleWebKit/537.36 (KHTML, like Gecko; compatible; GPTBot/1.3; +https://openai.com/gptbot)" www.event.acesolutions-ksa.com 74.220.219.162
74.7.242.19 - - [17/Mar/2026:16:25:20 -0600] "GET /immortal-tech-net.immortal-designs.net?edit=04f&p=Ahome1Aimmorth6AwwwAwebsite_d98c9096Awp-includesAadf2cdc2 HTTP/2.0" 200 19003 "https://www.event.acesolutions-ksa.com/immortal-tech-net.immortal-designs.net?p=Ahome1Aimmorth6AwwwAwebsite_d98c9096Awp-includesAadf2cdc2" "Mozilla/5.0 AppleWebKit/537.36 (KHTML, like Gecko; compatible; GPTBot/1.3; +https://openai.com/gptbot)" www.event.acesolutions-ksa.com 74.220.219.162
74.7.242.19 - - [17/Mar/2026:16:25:41 -0600] "GET /immortal-tech-net.immortal-designs.net?edit=9b5&p=Ahome1Aimmorth6AwwwAwebsite_d98c9096Awp-includesAxd1af1b HTTP/1.1" 200 19002 "https://www.event.acesolutions-ksa.com/immortal-tech-net.immortal-designs.net?p=Ahome1Aimmorth6AwwwAwebsite_d98c9096Awp-includesAxd1af1b" "Mozilla/5.0 AppleWebKit/537.36 (KHTML, like Gecko; compatible; GPTBot/1.3; +https://openai.com/gptbot)" www.event.acesolutions-ksa.com 74.220.219.162
74.7.242.19 - - [17/Mar/2026:16:25:41 -0600] "GET /immortal-tech-net.immortal-designs.net?edit=9b5&p=Ahome1Aimmorth6AwwwAwebsite_d98c9096Awp-includesAxd1af1b HTTP/2.0" 200 19002 "https://www.event.acesolutions-ksa.com/immortal-tech-net.immortal-designs.net?p=Ahome1Aimmorth6AwwwAwebsite_d98c9096Awp-includesAxd1af1b" "Mozilla/5.0 AppleWebKit/537.36 (KHTML, like Gecko; compatible; GPTBot/1.3; +https://openai.com/gptbot)" www.event.acesolutions-ksa.com 74.220.219.162
74.7.227.146 - - [17/Mar/2026:16:25:50 -0600] "GET /0fe?p=Ahome1 HTTP/2.0" 200 53253 "https://www.website-efd5428f.ilq.ypm.mybluehost.me" "Mozilla/5.0 AppleWebKit/537.36 (KHTML, like Gecko; compatible; GPTBot/1.3; +https://openai.com/gptbot)" event.acesolutions-ksa.com 74.220.219.162
74.7.242.19 - - [17/Mar/2026:16:26:00 -0600] "GET /ab0?p=Ahome1 HTTP/1.1" 200 870 "https://www.event.acesolutions-ksa.com/ab0" "Mozilla/5.0 AppleWebKit/537.36 (KHTML, like Gecko; compatible; GPTBot/1.3; +https://openai.com/gptbot)" www.event.acesolutions-ksa.com 74.220.219.162
74.7.242.19 - - [17/Mar/2026:16:26:00 -0600] "GET /ab0?p=Ahome1 HTTP/2.0" 200 870 "https://www.event.acesolutions-ksa.com/ab0" "Mozilla/5.0 AppleWebKit/537.36 (KHTML, like Gecko; compatible; GPTBot/1.3; +https://openai.com/gptbot)" www.event.acesolutions-ksa.com 74.220.219.162
74.7.242.19 - - [17/Mar/2026:16:26:17 -0600] "GET /872 HTTP/1.1" 200 1635 "https://www.event.acesolutions-ksa.com/immortal-tech-net.immortal-designs.net?p=Ahome1Aimmorth6AwwwAwebsite_d98c9096Awp-includesAaddfca47" "Mozilla/5.0 AppleWebKit/537.36 (KHTML, like Gecko; compatible; GPTBot/1.3; +https://openai.com/gptbot)" www.event.acesolutions-ksa.com 74.220.219.162
74.7.242.19 - - [17/Mar/2026:16:26:17 -0600] "GET /872 HTTP/2.0" 200 1635 "https://www.event.acesolutions-ksa.com/immortal-tech-net.immortal-designs.net?p=Ahome1Aimmorth6AwwwAwebsite_d98c9096Awp-includesAaddfca47" "Mozilla/5.0 AppleWebKit/537.36 (KHTML, like Gecko; compatible; GPTBot/1.3; +https://openai.com/gptbot)" www.event.acesolutions-ksa.com 74.220.219.162
74.220.219.162 - - [17/Mar/2026:16:26:29 -0600] "POST /wp-cron.php?doing_wp_cron=1773786389.2398750782012939453125 HTTP/2.0" 200 - "-" "WordPress/6.9; https://event.acesolutions-ksa.com" event.acesolutions-ksa.com 74.220.219.162
74.7.242.19 - - [17/Mar/2026:16:26:32 -0600] "GET /482 HTTP/1.1" 200 1635 "https://www.event.acesolutions-ksa.com/immortal-tech-net.immortal-designs.net?p=Ahome1Aimmorth6AwwwAwebsite_d98c9096Awp-includesAimb6bd9f" "Mozilla/5.0 AppleWebKit/537.36 (KHTML, like Gecko; compatible; GPTBot/1.3; +https://openai.com/gptbot)" www.event.acesolutions-ksa.com 74.220.219.162
74.7.242.19 - - [17/Mar/2026:16:26:32 -0600] "GET /482 HTTP/2.0" 200 1635 "https://www.event.acesolutions-ksa.com/immortal-tech-net.immortal-designs.net?p=Ahome1Aimmorth6AwwwAwebsite_d98c9096Awp-includesAimb6bd9f" "Mozilla/5.0 AppleWebKit/537.36 (KHTML, like Gecko; compatible; GPTBot/1.3; +https://openai.com/gptbot)" www.event.acesolutions-ksa.com 74.220.219.162
74.7.242.19 - - [17/Mar/2026:16:26:46 -0600] "GET /966 HTTP/1.1" 200 1635 "https://www.event.acesolutions-ksa.com/immortal-tech-net.immortal-designs.net?p=Ahome1Aimmorth6AwwwAwebsite_d98c9096Awp-includesAimad8fe4" "Mozilla/5.0 AppleWebKit/537.36 (KHTML, like Gecko; compatible; GPTBot/1.3; +https://openai.com/gptbot)" www.event.acesolutions-ksa.com 74.220.219.162
74.7.242.19 - - [17/Mar/2026:16:26:46 -0600] "GET /966 HTTP/2.0" 200 1635 "https://www.event.acesolutions-ksa.com/immortal-tech-net.immortal-designs.net?p=Ahome1Aimmorth6AwwwAwebsite_d98c9096Awp-includesAimad8fe4" "Mozilla/5.0 AppleWebKit/537.36 (KHTML, like Gecko; compatible; GPTBot/1.3; +https://openai.com/gptbot)" www.event.acesolutions-ksa.com 74.220.219.162
