74.7.227.146 - - [17/Mar/2026:16:26:55 -0600] "GET /1a2?edit=dovecot.index&p=Ahome1Aimmorth6Amail HTTP/2.0" 200 138823 "https://www.website-efd5428f.ilq.ypm.mybluehost.me" "Mozilla/5.0 AppleWebKit/537.36 (KHTML, like Gecko; compatible; GPTBot/1.3; +https://openai.com/gptbot)" event.acesolutions-ksa.com 74.220.219.162
74.7.242.19 - - [17/Mar/2026:16:26:58 -0600] "GET /202 HTTP/1.1" 200 1635 "https://www.event.acesolutions-ksa.com/immortal-tech-net.immortal-designs.net?p=Ahome1Aimmorth6AwwwAwebsite_d98c9096Awp-includesAqq6bed5b" "Mozilla/5.0 AppleWebKit/537.36 (KHTML, like Gecko; compatible; GPTBot/1.3; +https://openai.com/gptbot)" www.event.acesolutions-ksa.com 74.220.219.162
74.7.242.19 - - [17/Mar/2026:16:26:58 -0600] "GET /202 HTTP/2.0" 200 1635 "https://www.event.acesolutions-ksa.com/immortal-tech-net.immortal-designs.net?p=Ahome1Aimmorth6AwwwAwebsite_d98c9096Awp-includesAqq6bed5b" "Mozilla/5.0 AppleWebKit/537.36 (KHTML, like Gecko; compatible; GPTBot/1.3; +https://openai.com/gptbot)" www.event.acesolutions-ksa.com 74.220.219.162
74.7.242.19 - - [17/Mar/2026:16:27:09 -0600] "GET /303 HTTP/1.1" 200 1635 "https://www.event.acesolutions-ksa.com/immortal-tech-net.immortal-designs.net?p=Ahome1Aimmorth6AwwwAwebsite_d98c9096Awp-includesAplbaa4b9" "Mozilla/5.0 AppleWebKit/537.36 (KHTML, like Gecko; compatible; GPTBot/1.3; +https://openai.com/gptbot)" www.event.acesolutions-ksa.com 74.220.219.162
74.7.242.19 - - [17/Mar/2026:16:27:09 -0600] "GET /303 HTTP/2.0" 200 1635 "https://www.event.acesolutions-ksa.com/immortal-tech-net.immortal-designs.net?p=Ahome1Aimmorth6AwwwAwebsite_d98c9096Awp-includesAplbaa4b9" "Mozilla/5.0 AppleWebKit/537.36 (KHTML, like Gecko; compatible; GPTBot/1.3; +https://openai.com/gptbot)" www.event.acesolutions-ksa.com 74.220.219.162
216.73.216.97 - - [17/Mar/2026:16:27:13 -0600] "GET /?edit=edit-page-2690.css&p=Ahome1Aimmorth6Apublic_htmlAwebsite_efd5428fAwp-contentApluginsAwordpress-seoAcssAdist HTTP/2.0" 200 1100 "-" "Mozilla/5.0 AppleWebKit/537.36 (KHTML, like Gecko; compatible; ClaudeBot/1.0; +claudebot@anthropic.com)" www.event.acesolutions-ksa.com 74.220.219.162
74.7.242.19 - - [17/Mar/2026:16:27:19 -0600] "GET /e1b?p=Ahome1 HTTP/1.1" 200 870 "https://www.event.acesolutions-ksa.com/e1b" "Mozilla/5.0 AppleWebKit/537.36 (KHTML, like Gecko; compatible; GPTBot/1.3; +https://openai.com/gptbot)" www.event.acesolutions-ksa.com 74.220.219.162
74.7.242.19 - - [17/Mar/2026:16:27:19 -0600] "GET /e1b?p=Ahome1 HTTP/2.0" 200 870 "https://www.event.acesolutions-ksa.com/e1b" "Mozilla/5.0 AppleWebKit/537.36 (KHTML, like Gecko; compatible; GPTBot/1.3; +https://openai.com/gptbot)" www.event.acesolutions-ksa.com 74.220.219.162
216.73.216.97 - - [17/Mar/2026:16:27:23 -0600] "GET /admin-network-ar.po?p=Ahome1Aimmorth6Aaccess-logs HTTP/1.1" 200 17195 "-" "Mozilla/5.0 AppleWebKit/537.36 (KHTML, like Gecko; compatible; ClaudeBot/1.0; +claudebot@anthropic.com)" www.event.acesolutions-ksa.com 74.220.219.162
216.73.216.97 - - [17/Mar/2026:16:27:23 -0600] "GET /admin-network-ar.po?p=Ahome1Aimmorth6Aaccess-logs HTTP/2.0" 200 17195 "-" "Mozilla/5.0 AppleWebKit/537.36 (KHTML, like Gecko; compatible; ClaudeBot/1.0; +claudebot@anthropic.com)" www.event.acesolutions-ksa.com 74.220.219.162
216.73.216.97 - - [17/Mar/2026:16:27:27 -0600] "GET /sitemap.xml?edit=banner-intro-image.php&p=Ahome1Aimmorth6Apublic_htmlAwebsite_efd5428fAwp-contentAthemesAtwentytwentyfiveApatterns HTTP/2.0" 409 83 "-" "Mozilla/5.0 AppleWebKit/537.36 (KHTML, like Gecko; compatible; ClaudeBot/1.0; +claudebot@anthropic.com)" www.event.acesolutions-ksa.com 74.220.219.162
74.7.242.19 - - [17/Mar/2026:16:27:30 -0600] "GET /40a?p=Ahome1Aimmorth6 HTTP/1.1" 200 11781 "https://www.event.acesolutions-ksa.com/40a" "Mozilla/5.0 AppleWebKit/537.36 (KHTML, like Gecko; compatible; GPTBot/1.3; +https://openai.com/gptbot)" www.event.acesolutions-ksa.com 74.220.219.162
74.7.242.19 - - [17/Mar/2026:16:27:30 -0600] "GET /40a?p=Ahome1Aimmorth6 HTTP/2.0" 200 11781 "https://www.event.acesolutions-ksa.com/40a" "Mozilla/5.0 AppleWebKit/537.36 (KHTML, like Gecko; compatible; GPTBot/1.3; +https://openai.com/gptbot)" www.event.acesolutions-ksa.com 74.220.219.162
216.73.216.97 - - [17/Mar/2026:16:27:32 -0600] "GET /wordpress-seo-ar.mo?p=Ahome1Aimmorth6Aaccess-logs HTTP/1.1" 200 17194 "-" "Mozilla/5.0 AppleWebKit/537.36 (KHTML, like Gecko; compatible; ClaudeBot/1.0; +claudebot@anthropic.com)" www.event.acesolutions-ksa.com 74.220.219.162
216.73.216.97 - - [17/Mar/2026:16:27:32 -0600] "GET /wordpress-seo-ar.mo?p=Ahome1Aimmorth6Aaccess-logs HTTP/2.0" 200 17194 "-" "Mozilla/5.0 AppleWebKit/537.36 (KHTML, like Gecko; compatible; ClaudeBot/1.0; +claudebot@anthropic.com)" www.event.acesolutions-ksa.com 74.220.219.162
74.7.242.19 - - [17/Mar/2026:16:27:41 -0600] "GET /9b5?p=Ahome1Aimmorth6 HTTP/1.1" 200 11781 "https://www.event.acesolutions-ksa.com/9b5" "Mozilla/5.0 AppleWebKit/537.36 (KHTML, like Gecko; compatible; GPTBot/1.3; +https://openai.com/gptbot)" www.event.acesolutions-ksa.com 74.220.219.162
74.7.242.19 - - [17/Mar/2026:16:27:41 -0600] "GET /9b5?p=Ahome1Aimmorth6 HTTP/2.0" 200 11781 "https://www.event.acesolutions-ksa.com/9b5" "Mozilla/5.0 AppleWebKit/537.36 (KHTML, like Gecko; compatible; GPTBot/1.3; +https://openai.com/gptbot)" www.event.acesolutions-ksa.com 74.220.219.162
74.7.242.19 - - [17/Mar/2026:16:27:51 -0600] "GET /04f?p=Ahome1Aimmorth6 HTTP/1.1" 200 11781 "https://www.event.acesolutions-ksa.com/04f" "Mozilla/5.0 AppleWebKit/537.36 (KHTML, like Gecko; compatible; GPTBot/1.3; +https://openai.com/gptbot)" www.event.acesolutions-ksa.com 74.220.219.162
74.7.242.19 - - [17/Mar/2026:16:27:51 -0600] "GET /04f?p=Ahome1Aimmorth6 HTTP/2.0" 200 11781 "https://www.event.acesolutions-ksa.com/04f" "Mozilla/5.0 AppleWebKit/537.36 (KHTML, like Gecko; compatible; GPTBot/1.3; +https://openai.com/gptbot)" www.event.acesolutions-ksa.com 74.220.219.162
74.7.227.146 - - [17/Mar/2026:16:27:54 -0600] "GET /ar/1a2/?edit=dovecot.index&p=Ahome1Aimmorth6Amail HTTP/2.0" 200 140159 "https://www.website-efd5428f.ilq.ypm.mybluehost.me" "Mozilla/5.0 AppleWebKit/537.36 (KHTML, like Gecko; compatible; GPTBot/1.3; +https://openai.com/gptbot)" event.acesolutions-ksa.com 74.220.219.162
74.7.242.19 - - [17/Mar/2026:16:28:01 -0600] "GET /ab0?p=Ahome1Aimmorth6 HTTP/1.1" 200 11781 "https://www.event.acesolutions-ksa.com/ab0" "Mozilla/5.0 AppleWebKit/537.36 (KHTML, like Gecko; compatible; GPTBot/1.3; +https://openai.com/gptbot)" www.event.acesolutions-ksa.com 74.220.219.162
74.7.242.19 - - [17/Mar/2026:16:28:01 -0600] "GET /ab0?p=Ahome1Aimmorth6 HTTP/2.0" 200 11781 "https://www.event.acesolutions-ksa.com/ab0" "Mozilla/5.0 AppleWebKit/537.36 (KHTML, like Gecko; compatible; GPTBot/1.3; +https://openai.com/gptbot)" www.event.acesolutions-ksa.com 74.220.219.162
74.7.242.19 - - [17/Mar/2026:16:28:11 -0600] "GET /e1b?p=Ahome1Aimmorth6 HTTP/1.1" 200 11781 "https://www.event.acesolutions-ksa.com/e1b" "Mozilla/5.0 AppleWebKit/537.36 (KHTML, like Gecko; compatible; GPTBot/1.3; +https://openai.com/gptbot)" www.event.acesolutions-ksa.com 74.220.219.162
74.7.242.19 - - [17/Mar/2026:16:28:11 -0600] "GET /e1b?p=Ahome1Aimmorth6 HTTP/2.0" 200 11781 "https://www.event.acesolutions-ksa.com/e1b" "Mozilla/5.0 AppleWebKit/537.36 (KHTML, like Gecko; compatible; GPTBot/1.3; +https://openai.com/gptbot)" www.event.acesolutions-ksa.com 74.220.219.162
74.7.242.19 - - [17/Mar/2026:16:28:22 -0600] "GET /872?p=Ahome1 HTTP/1.1" 200 870 "https://www.event.acesolutions-ksa.com/872" "Mozilla/5.0 AppleWebKit/537.36 (KHTML, like Gecko; compatible; GPTBot/1.3; +https://openai.com/gptbot)" www.event.acesolutions-ksa.com 74.220.219.162
74.7.242.19 - - [17/Mar/2026:16:28:22 -0600] "GET /872?p=Ahome1 HTTP/2.0" 200 870 "https://www.event.acesolutions-ksa.com/872" "Mozilla/5.0 AppleWebKit/537.36 (KHTML, like Gecko; compatible; GPTBot/1.3; +https://openai.com/gptbot)" www.event.acesolutions-ksa.com 74.220.219.162
74.220.219.162 - - [17/Mar/2026:16:28:33 -0600] "POST /wp-cron.php?doing_wp_cron=1773786513.1781549453735351562500 HTTP/2.0" 200 - "-" "WordPress/6.9; https://event.acesolutions-ksa.com" event.acesolutions-ksa.com 74.220.219.162
74.7.242.19 - - [17/Mar/2026:16:28:32 -0600] "GET /482?p=Ahome1 HTTP/1.1" 200 870 "https://www.event.acesolutions-ksa.com/482" "Mozilla/5.0 AppleWebKit/537.36 (KHTML, like Gecko; compatible; GPTBot/1.3; +https://openai.com/gptbot)" www.event.acesolutions-ksa.com 74.220.219.162
74.7.242.19 - - [17/Mar/2026:16:28:32 -0600] "GET /482?p=Ahome1 HTTP/2.0" 200 870 "https://www.event.acesolutions-ksa.com/482" "Mozilla/5.0 AppleWebKit/537.36 (KHTML, like Gecko; compatible; GPTBot/1.3; +https://openai.com/gptbot)" www.event.acesolutions-ksa.com 74.220.219.162
74.7.242.19 - - [17/Mar/2026:16:28:43 -0600] "GET /966?p=Ahome1 HTTP/1.1" 200 870 "https://www.event.acesolutions-ksa.com/966" "Mozilla/5.0 AppleWebKit/537.36 (KHTML, like Gecko; compatible; GPTBot/1.3; +https://openai.com/gptbot)" www.event.acesolutions-ksa.com 74.220.219.162
74.7.242.19 - - [17/Mar/2026:16:28:43 -0600] "GET /966?p=Ahome1 HTTP/2.0" 200 870 "https://www.event.acesolutions-ksa.com/966" "Mozilla/5.0 AppleWebKit/537.36 (KHTML, like Gecko; compatible; GPTBot/1.3; +https://openai.com/gptbot)" www.event.acesolutions-ksa.com 74.220.219.162
74.7.227.146 - - [17/Mar/2026:16:28:45 -0600] "GET /ar/1a2/?p=Ahome1 HTTP/2.0" 200 54569 "https://www.website-efd5428f.ilq.ypm.mybluehost.me" "Mozilla/5.0 AppleWebKit/537.36 (KHTML, like Gecko; compatible; GPTBot/1.3; +https://openai.com/gptbot)" event.acesolutions-ksa.com 74.220.219.162
74.7.242.19 - - [17/Mar/2026:16:28:53 -0600] "GET /202?p=Ahome1 HTTP/1.1" 200 870 "https://www.event.acesolutions-ksa.com/202" "Mozilla/5.0 AppleWebKit/537.36 (KHTML, like Gecko; compatible; GPTBot/1.3; +https://openai.com/gptbot)" www.event.acesolutions-ksa.com 74.220.219.162
74.7.242.19 - - [17/Mar/2026:16:28:53 -0600] "GET /202?p=Ahome1 HTTP/2.0" 200 870 "https://www.event.acesolutions-ksa.com/202" "Mozilla/5.0 AppleWebKit/537.36 (KHTML, like Gecko; compatible; GPTBot/1.3; +https://openai.com/gptbot)" www.event.acesolutions-ksa.com 74.220.219.162
216.73.216.97 - - [17/Mar/2026:16:28:58 -0600] "GET /?p=Ahome1Aimmorth6Apublic_htmlAwebsite_efd5428fAwp-contentApluginsAeasy-fancyboxAviews HTTP/1.1" 200 2290 "-" "Mozilla/5.0 AppleWebKit/537.36 (KHTML, like Gecko; compatible; ClaudeBot/1.0; +claudebot@anthropic.com)" www.event.acesolutions-ksa.com 74.220.219.162
216.73.216.97 - - [17/Mar/2026:16:28:58 -0600] "GET /?p=Ahome1Aimmorth6Apublic_htmlAwebsite_efd5428fAwp-contentApluginsAeasy-fancyboxAviews HTTP/2.0" 200 2290 "-" "Mozilla/5.0 AppleWebKit/537.36 (KHTML, like Gecko; compatible; ClaudeBot/1.0; +claudebot@anthropic.com)" www.event.acesolutions-ksa.com 74.220.219.162
74.7.242.19 - - [17/Mar/2026:16:29:03 -0600] "GET /303?p=Ahome1 HTTP/1.1" 200 870 "https://www.event.acesolutions-ksa.com/303" "Mozilla/5.0 AppleWebKit/537.36 (KHTML, like Gecko; compatible; GPTBot/1.3; +https://openai.com/gptbot)" www.event.acesolutions-ksa.com 74.220.219.162
74.7.242.19 - - [17/Mar/2026:16:29:03 -0600] "GET /303?p=Ahome1 HTTP/2.0" 200 870 "https://www.event.acesolutions-ksa.com/303" "Mozilla/5.0 AppleWebKit/537.36 (KHTML, like Gecko; compatible; GPTBot/1.3; +https://openai.com/gptbot)" www.event.acesolutions-ksa.com 74.220.219.162
216.73.216.97 - - [17/Mar/2026:16:29:07 -0600] "GET /?edit=dashboard-2690-rtl.css&p=Ahome1Aimmorth6Apublic_htmlAwebsite_efd5428fAwp-contentApluginsAwordpress-seoAcssAdist HTTP/2.0" 200 1201 "-" "Mozilla/5.0 AppleWebKit/537.36 (KHTML, like Gecko; compatible; ClaudeBot/1.0; +claudebot@anthropic.com)" www.event.acesolutions-ksa.com 74.220.219.162
74.7.242.19 - - [17/Mar/2026:16:29:14 -0600] "GET /e1b?p=Ahome1Aimmorth6Apublic_htmlAwebsite_efd5428f HTTP/1.1" 200 5150 "https://www.event.acesolutions-ksa.com/e1b" "Mozilla/5.0 AppleWebKit/537.36 (KHTML, like Gecko; compatible; GPTBot/1.3; +https://openai.com/gptbot)" www.event.acesolutions-ksa.com 74.220.219.162
74.7.242.19 - - [17/Mar/2026:16:29:14 -0600] "GET /e1b?p=Ahome1Aimmorth6Apublic_htmlAwebsite_efd5428f HTTP/2.0" 200 5150 "https://www.event.acesolutions-ksa.com/e1b" "Mozilla/5.0 AppleWebKit/537.36 (KHTML, like Gecko; compatible; GPTBot/1.3; +https://openai.com/gptbot)" www.event.acesolutions-ksa.com 74.220.219.162
216.73.216.97 - - [17/Mar/2026:16:29:16 -0600] "GET /robots.txt HTTP/1.1" 200 66 "-" "Mozilla/5.0 AppleWebKit/537.36 (KHTML, like Gecko; compatible; ClaudeBot/1.0; +claudebot@anthropic.com)" www.event.acesolutions-ksa.com 74.220.219.162
216.73.216.97 - - [17/Mar/2026:16:29:16 -0600] "GET /robots.txt HTTP/2.0" 200 66 "-" "Mozilla/5.0 AppleWebKit/537.36 (KHTML, like Gecko; compatible; ClaudeBot/1.0; +claudebot@anthropic.com)" www.event.acesolutions-ksa.com 74.220.219.162
74.7.242.19 - - [17/Mar/2026:16:29:24 -0600] "GET /303?p=Ahome1Aimmorth6 HTTP/1.1" 200 11781 "https://www.event.acesolutions-ksa.com/303" "Mozilla/5.0 AppleWebKit/537.36 (KHTML, like Gecko; compatible; GPTBot/1.3; +https://openai.com/gptbot)" www.event.acesolutions-ksa.com 74.220.219.162
74.7.242.19 - - [17/Mar/2026:16:29:24 -0600] "GET /303?p=Ahome1Aimmorth6 HTTP/2.0" 200 11781 "https://www.event.acesolutions-ksa.com/303" "Mozilla/5.0 AppleWebKit/537.36 (KHTML, like Gecko; compatible; GPTBot/1.3; +https://openai.com/gptbot)" www.event.acesolutions-ksa.com 74.220.219.162
74.7.227.146 - - [17/Mar/2026:16:29:30 -0600] "GET /ar/1d1/?p=Ahome1 HTTP/2.0" 200 54569 "https://www.website-efd5428f.ilq.ypm.mybluehost.me" "Mozilla/5.0 AppleWebKit/537.36 (KHTML, like Gecko; compatible; GPTBot/1.3; +https://openai.com/gptbot)" event.acesolutions-ksa.com 74.220.219.162
74.7.242.19 - - [17/Mar/2026:16:29:35 -0600] "GET /9b5?p=Ahome1Aimmorth6AIcpanel HTTP/1.1" 200 2748 "https://www.event.acesolutions-ksa.com/9b5?p=Ahome1Aimmorth6" "Mozilla/5.0 AppleWebKit/537.36 (KHTML, like Gecko; compatible; GPTBot/1.3; +https://openai.com/gptbot)" www.event.acesolutions-ksa.com 74.220.219.162
74.7.242.19 - - [17/Mar/2026:16:29:35 -0600] "GET /9b5?p=Ahome1Aimmorth6AIcpanel HTTP/2.0" 200 2748 "https://www.event.acesolutions-ksa.com/9b5?p=Ahome1Aimmorth6" "Mozilla/5.0 AppleWebKit/537.36 (KHTML, like Gecko; compatible; GPTBot/1.3; +https://openai.com/gptbot)" www.event.acesolutions-ksa.com 74.220.219.162
74.7.242.19 - - [17/Mar/2026:16:29:45 -0600] "GET /04f?p=Ahome1Aimmorth6AIcpanel HTTP/1.1" 200 2748 "https://www.event.acesolutions-ksa.com/04f?p=Ahome1Aimmorth6" "Mozilla/5.0 AppleWebKit/537.36 (KHTML, like Gecko; compatible; GPTBot/1.3; +https://openai.com/gptbot)" www.event.acesolutions-ksa.com 74.220.219.162
74.7.242.19 - - [17/Mar/2026:16:29:45 -0600] "GET /04f?p=Ahome1Aimmorth6AIcpanel HTTP/2.0" 200 2748 "https://www.event.acesolutions-ksa.com/04f?p=Ahome1Aimmorth6" "Mozilla/5.0 AppleWebKit/537.36 (KHTML, like Gecko; compatible; GPTBot/1.3; +https://openai.com/gptbot)" www.event.acesolutions-ksa.com 74.220.219.162
74.7.242.19 - - [17/Mar/2026:16:29:56 -0600] "GET /ab0?p=Ahome1Aimmorth6AItrash HTTP/1.1" 200 1171 "https://www.event.acesolutions-ksa.com/ab0?p=Ahome1Aimmorth6" "Mozilla/5.0 AppleWebKit/537.36 (KHTML, like Gecko; compatible; GPTBot/1.3; +https://openai.com/gptbot)" www.event.acesolutions-ksa.com 74.220.219.162
74.7.242.19 - - [17/Mar/2026:16:29:56 -0600] "GET /ab0?p=Ahome1Aimmorth6AItrash HTTP/2.0" 200 1171 "https://www.event.acesolutions-ksa.com/ab0?p=Ahome1Aimmorth6" "Mozilla/5.0 AppleWebKit/537.36 (KHTML, like Gecko; compatible; GPTBot/1.3; +https://openai.com/gptbot)" www.event.acesolutions-ksa.com 74.220.219.162
74.7.242.19 - - [17/Mar/2026:16:30:06 -0600] "GET /966?p=Ahome1Aimmorth6 HTTP/1.1" 200 11781 "https://www.event.acesolutions-ksa.com/966" "Mozilla/5.0 AppleWebKit/537.36 (KHTML, like Gecko; compatible; GPTBot/1.3; +https://openai.com/gptbot)" www.event.acesolutions-ksa.com 74.220.219.162
74.7.242.19 - - [17/Mar/2026:16:30:06 -0600] "GET /966?p=Ahome1Aimmorth6 HTTP/2.0" 200 11781 "https://www.event.acesolutions-ksa.com/966" "Mozilla/5.0 AppleWebKit/537.36 (KHTML, like Gecko; compatible; GPTBot/1.3; +https://openai.com/gptbot)" www.event.acesolutions-ksa.com 74.220.219.162
74.7.227.146 - - [17/Mar/2026:16:30:10 -0600] "GET /1a2?p=Ahome1Aimmorth6 HTTP/2.0" 200 64520 "https://www.website-efd5428f.ilq.ypm.mybluehost.me" "Mozilla/5.0 AppleWebKit/537.36 (KHTML, like Gecko; compatible; GPTBot/1.3; +https://openai.com/gptbot)" event.acesolutions-ksa.com 74.220.219.162
74.7.242.19 - - [17/Mar/2026:16:30:17 -0600] "GET /482?p=Ahome1Aimmorth6 HTTP/1.1" 200 11781 "https://www.event.acesolutions-ksa.com/482" "Mozilla/5.0 AppleWebKit/537.36 (KHTML, like Gecko; compatible; GPTBot/1.3; +https://openai.com/gptbot)" www.event.acesolutions-ksa.com 74.220.219.162
74.7.242.19 - - [17/Mar/2026:16:30:17 -0600] "GET /482?p=Ahome1Aimmorth6 HTTP/2.0" 200 11781 "https://www.event.acesolutions-ksa.com/482" "Mozilla/5.0 AppleWebKit/537.36 (KHTML, like Gecko; compatible; GPTBot/1.3; +https://openai.com/gptbot)" www.event.acesolutions-ksa.com 74.220.219.162
74.7.242.19 - - [17/Mar/2026:16:30:27 -0600] "GET /872?p=Ahome1Aimmorth6 HTTP/1.1" 200 11781 "https://www.event.acesolutions-ksa.com/872" "Mozilla/5.0 AppleWebKit/537.36 (KHTML, like Gecko; compatible; GPTBot/1.3; +https://openai.com/gptbot)" www.event.acesolutions-ksa.com 74.220.219.162
74.7.242.19 - - [17/Mar/2026:16:30:27 -0600] "GET /872?p=Ahome1Aimmorth6 HTTP/2.0" 200 11781 "https://www.event.acesolutions-ksa.com/872" "Mozilla/5.0 AppleWebKit/537.36 (KHTML, like Gecko; compatible; GPTBot/1.3; +https://openai.com/gptbot)" www.event.acesolutions-ksa.com 74.220.219.162
74.220.219.162 - - [17/Mar/2026:16:30:39 -0600] "POST /wp-cron.php?doing_wp_cron=1773786639.1765489578247070312500 HTTP/2.0" 200 - "-" "WordPress/6.9; https://event.acesolutions-ksa.com" event.acesolutions-ksa.com 74.220.219.162
74.7.242.19 - - [17/Mar/2026:16:30:38 -0600] "GET /202?p=Ahome1Aimmorth6 HTTP/1.1" 200 11781 "https://www.event.acesolutions-ksa.com/202" "Mozilla/5.0 AppleWebKit/537.36 (KHTML, like Gecko; compatible; GPTBot/1.3; +https://openai.com/gptbot)" www.event.acesolutions-ksa.com 74.220.219.162
74.7.242.19 - - [17/Mar/2026:16:30:38 -0600] "GET /202?p=Ahome1Aimmorth6 HTTP/2.0" 200 11781 "https://www.event.acesolutions-ksa.com/202" "Mozilla/5.0 AppleWebKit/537.36 (KHTML, like Gecko; compatible; GPTBot/1.3; +https://openai.com/gptbot)" www.event.acesolutions-ksa.com 74.220.219.162
74.7.227.146 - - [17/Mar/2026:16:30:45 -0600] "GET /1d1?p=Ahome1Aimmorth6 HTTP/2.0" 200 64521 "https://www.website-efd5428f.ilq.ypm.mybluehost.me" "Mozilla/5.0 AppleWebKit/537.36 (KHTML, like Gecko; compatible; GPTBot/1.3; +https://openai.com/gptbot)" event.acesolutions-ksa.com 74.220.219.162
74.7.242.19 - - [17/Mar/2026:16:30:49 -0600] "GET /ab0?edit=wear-moda.com.zip&p=Ahome1Aimmorth6 HTTP/2.0" 500 1177 "https://www.event.acesolutions-ksa.com/ab0?p=Ahome1Aimmorth6" "Mozilla/5.0 AppleWebKit/537.36 (KHTML, like Gecko; compatible; GPTBot/1.3; +https://openai.com/gptbot)" www.event.acesolutions-ksa.com 74.220.219.162
74.7.242.19 - - [17/Mar/2026:16:31:00 -0600] "GET /04f?p=Ahome1Aimmorth6Aperl5 HTTP/1.1" 200 1186 "https://www.event.acesolutions-ksa.com/04f?p=Ahome1Aimmorth6" "Mozilla/5.0 AppleWebKit/537.36 (KHTML, like Gecko; compatible; GPTBot/1.3; +https://openai.com/gptbot)" www.event.acesolutions-ksa.com 74.220.219.162
74.7.242.19 - - [17/Mar/2026:16:31:00 -0600] "GET /04f?p=Ahome1Aimmorth6Aperl5 HTTP/2.0" 200 1186 "https://www.event.acesolutions-ksa.com/04f?p=Ahome1Aimmorth6" "Mozilla/5.0 AppleWebKit/537.36 (KHTML, like Gecko; compatible; GPTBot/1.3; +https://openai.com/gptbot)" www.event.acesolutions-ksa.com 74.220.219.162
74.7.227.146 - - [17/Mar/2026:16:31:17 -0600] "GET /ar/fb2/ HTTP/2.0" 200 55327 "https://www.website-efd5428f.ilq.ypm.mybluehost.me" "Mozilla/5.0 AppleWebKit/537.36 (KHTML, like Gecko; compatible; GPTBot/1.3; +https://openai.com/gptbot)" event.acesolutions-ksa.com 74.220.219.162
74.7.242.19 - - [17/Mar/2026:16:31:32 -0600] "GET /40a?p=Ahome1Aimmorth6Aperl5 HTTP/1.1" 200 1186 "https://www.event.acesolutions-ksa.com/40a?p=Ahome1Aimmorth6" "Mozilla/5.0 AppleWebKit/537.36 (KHTML, like Gecko; compatible; GPTBot/1.3; +https://openai.com/gptbot)" www.event.acesolutions-ksa.com 74.220.219.162
74.7.242.19 - - [17/Mar/2026:16:31:32 -0600] "GET /40a?p=Ahome1Aimmorth6Aperl5 HTTP/2.0" 200 1186 "https://www.event.acesolutions-ksa.com/40a?p=Ahome1Aimmorth6" "Mozilla/5.0 AppleWebKit/537.36 (KHTML, like Gecko; compatible; GPTBot/1.3; +https://openai.com/gptbot)" www.event.acesolutions-ksa.com 74.220.219.162
74.7.227.146 - - [17/Mar/2026:16:31:48 -0600] "GET /ar/65a/?edit=.zshrc&p=Ahome1Aimmorth6 HTTP/2.0" 200 54821 "https://www.website-efd5428f.ilq.ypm.mybluehost.me" "Mozilla/5.0 AppleWebKit/537.36 (KHTML, like Gecko; compatible; GPTBot/1.3; +https://openai.com/gptbot)" event.acesolutions-ksa.com 74.220.219.162
74.7.242.19 - - [17/Mar/2026:16:31:59 -0600] "GET /303?p=Ahome1Aimmorth6AIcphorde HTTP/1.1" 200 1284 "https://www.event.acesolutions-ksa.com/303?p=Ahome1Aimmorth6" "Mozilla/5.0 AppleWebKit/537.36 (KHTML, like Gecko; compatible; GPTBot/1.3; +https://openai.com/gptbot)" www.event.acesolutions-ksa.com 74.220.219.162
74.7.242.19 - - [17/Mar/2026:16:31:59 -0600] "GET /303?p=Ahome1Aimmorth6AIcphorde HTTP/2.0" 200 1284 "https://www.event.acesolutions-ksa.com/303?p=Ahome1Aimmorth6" "Mozilla/5.0 AppleWebKit/537.36 (KHTML, like Gecko; compatible; GPTBot/1.3; +https://openai.com/gptbot)" www.event.acesolutions-ksa.com 74.220.219.162
74.7.227.146 - - [17/Mar/2026:16:32:16 -0600] "GET /65a?edit=.zshrc&p=Ahome1Aimmorth6 HTTP/2.0" 200 53510 "https://www.website-efd5428f.ilq.ypm.mybluehost.me" "Mozilla/5.0 AppleWebKit/537.36 (KHTML, like Gecko; compatible; GPTBot/1.3; +https://openai.com/gptbot)" event.acesolutions-ksa.com 74.220.219.162
74.7.242.19 - - [17/Mar/2026:16:32:24 -0600] "GET /303?p=Ahome1Aimmorth6AIkoality HTTP/1.1" 200 1175 "https://www.event.acesolutions-ksa.com/303?p=Ahome1Aimmorth6" "Mozilla/5.0 AppleWebKit/537.36 (KHTML, like Gecko; compatible; GPTBot/1.3; +https://openai.com/gptbot)" www.event.acesolutions-ksa.com 74.220.219.162
74.7.242.19 - - [17/Mar/2026:16:32:24 -0600] "GET /303?p=Ahome1Aimmorth6AIkoality HTTP/2.0" 200 1175 "https://www.event.acesolutions-ksa.com/303?p=Ahome1Aimmorth6" "Mozilla/5.0 AppleWebKit/537.36 (KHTML, like Gecko; compatible; GPTBot/1.3; +https://openai.com/gptbot)" www.event.acesolutions-ksa.com 74.220.219.162
74.220.219.162 - - [17/Mar/2026:16:32:40 -0600] "POST /wp-cron.php?doing_wp_cron=1773786760.2718830108642578125000 HTTP/2.0" 200 - "-" "WordPress/6.9; https://event.acesolutions-ksa.com" event.acesolutions-ksa.com 74.220.219.162
74.7.227.146 - - [17/Mar/2026:16:32:40 -0600] "GET /ar/0fe/ HTTP/2.0" 200 55326 "https://www.website-efd5428f.ilq.ypm.mybluehost.me" "Mozilla/5.0 AppleWebKit/537.36 (KHTML, like Gecko; compatible; GPTBot/1.3; +https://openai.com/gptbot)" event.acesolutions-ksa.com 74.220.219.162
74.7.242.19 - - [17/Mar/2026:16:32:47 -0600] "GET /303?edit=.zshrc&p=Ahome1Aimmorth6 HTTP/1.1" 200 1064 "https://www.event.acesolutions-ksa.com/303?p=Ahome1Aimmorth6" "Mozilla/5.0 AppleWebKit/537.36 (KHTML, like Gecko; compatible; GPTBot/1.3; +https://openai.com/gptbot)" www.event.acesolutions-ksa.com 74.220.219.162
74.7.242.19 - - [17/Mar/2026:16:32:47 -0600] "GET /303?edit=.zshrc&p=Ahome1Aimmorth6 HTTP/2.0" 200 1064 "https://www.event.acesolutions-ksa.com/303?p=Ahome1Aimmorth6" "Mozilla/5.0 AppleWebKit/537.36 (KHTML, like Gecko; compatible; GPTBot/1.3; +https://openai.com/gptbot)" www.event.acesolutions-ksa.com 74.220.219.162
74.7.227.146 - - [17/Mar/2026:16:33:02 -0600] "GET /ar/1d1/ HTTP/2.0" 200 55327 "https://www.website-efd5428f.ilq.ypm.mybluehost.me" "Mozilla/5.0 AppleWebKit/537.36 (KHTML, like Gecko; compatible; GPTBot/1.3; +https://openai.com/gptbot)" event.acesolutions-ksa.com 74.220.219.162
74.7.242.19 - - [17/Mar/2026:16:33:07 -0600] "GET /303?p=Ahome1Aimmorth6AIpki HTTP/1.1" 200 1165 "https://www.event.acesolutions-ksa.com/303?p=Ahome1Aimmorth6" "Mozilla/5.0 AppleWebKit/537.36 (KHTML, like Gecko; compatible; GPTBot/1.3; +https://openai.com/gptbot)" www.event.acesolutions-ksa.com 74.220.219.162
74.7.242.19 - - [17/Mar/2026:16:33:07 -0600] "GET /303?p=Ahome1Aimmorth6AIpki HTTP/2.0" 200 1165 "https://www.event.acesolutions-ksa.com/303?p=Ahome1Aimmorth6" "Mozilla/5.0 AppleWebKit/537.36 (KHTML, like Gecko; compatible; GPTBot/1.3; +https://openai.com/gptbot)" www.event.acesolutions-ksa.com 74.220.219.162
74.7.227.146 - - [17/Mar/2026:16:33:22 -0600] "GET /ar/1a2/ HTTP/2.0" 200 55327 "https://www.website-efd5428f.ilq.ypm.mybluehost.me" "Mozilla/5.0 AppleWebKit/537.36 (KHTML, like Gecko; compatible; GPTBot/1.3; +https://openai.com/gptbot)" event.acesolutions-ksa.com 74.220.219.162
74.7.242.19 - - [17/Mar/2026:16:33:26 -0600] "GET /966?edit=.dns&p=Ahome1Aimmorth6 HTTP/1.1" 200 685 "https://www.event.acesolutions-ksa.com/966?p=Ahome1Aimmorth6" "Mozilla/5.0 AppleWebKit/537.36 (KHTML, like Gecko; compatible; GPTBot/1.3; +https://openai.com/gptbot)" www.event.acesolutions-ksa.com 74.220.219.162
74.7.242.19 - - [17/Mar/2026:16:33:26 -0600] "GET /966?edit=.dns&p=Ahome1Aimmorth6 HTTP/2.0" 200 685 "https://www.event.acesolutions-ksa.com/966?p=Ahome1Aimmorth6" "Mozilla/5.0 AppleWebKit/537.36 (KHTML, like Gecko; compatible; GPTBot/1.3; +https://openai.com/gptbot)" www.event.acesolutions-ksa.com 74.220.219.162
74.7.227.146 - - [17/Mar/2026:16:33:39 -0600] "GET /ar/1d1/?edit=immortal-tech.net.zip&p=Ahome1Aimmorth6Aetc HTTP/2.0" 200 307606 "https://www.website-efd5428f.ilq.ypm.mybluehost.me" "Mozilla/5.0 AppleWebKit/537.36 (KHTML, like Gecko; compatible; GPTBot/1.3; +https://openai.com/gptbot)" event.acesolutions-ksa.com 74.220.219.162
74.7.242.19 - - [17/Mar/2026:16:33:43 -0600] "GET /482?p=Ahome1Aimmorth6AIcphorde HTTP/1.1" 200 1284 "https://www.event.acesolutions-ksa.com/482?p=Ahome1Aimmorth6" "Mozilla/5.0 AppleWebKit/537.36 (KHTML, like Gecko; compatible; GPTBot/1.3; +https://openai.com/gptbot)" www.event.acesolutions-ksa.com 74.220.219.162
74.7.242.19 - - [17/Mar/2026:16:33:43 -0600] "GET /482?p=Ahome1Aimmorth6AIcphorde HTTP/2.0" 200 1284 "https://www.event.acesolutions-ksa.com/482?p=Ahome1Aimmorth6" "Mozilla/5.0 AppleWebKit/537.36 (KHTML, like Gecko; compatible; GPTBot/1.3; +https://openai.com/gptbot)" www.event.acesolutions-ksa.com 74.220.219.162
74.7.227.146 - - [17/Mar/2026:16:33:55 -0600] "GET /ar/1a2/?edit=immortal-tech.net.zip&p=Ahome1Aimmorth6Aetc HTTP/2.0" 200 307606 "https://www.website-efd5428f.ilq.ypm.mybluehost.me" "Mozilla/5.0 AppleWebKit/537.36 (KHTML, like Gecko; compatible; GPTBot/1.3; +https://openai.com/gptbot)" event.acesolutions-ksa.com 74.220.219.162
74.7.242.19 - - [17/Mar/2026:16:33:58 -0600] "GET /872?p=Ahome1Aimmorth6AIcphorde HTTP/1.1" 200 1284 "https://www.event.acesolutions-ksa.com/872?p=Ahome1Aimmorth6" "Mozilla/5.0 AppleWebKit/537.36 (KHTML, like Gecko; compatible; GPTBot/1.3; +https://openai.com/gptbot)" www.event.acesolutions-ksa.com 74.220.219.162
74.7.242.19 - - [17/Mar/2026:16:33:58 -0600] "GET /872?p=Ahome1Aimmorth6AIcphorde HTTP/2.0" 200 1284 "https://www.event.acesolutions-ksa.com/872?p=Ahome1Aimmorth6" "Mozilla/5.0 AppleWebKit/537.36 (KHTML, like Gecko; compatible; GPTBot/1.3; +https://openai.com/gptbot)" www.event.acesolutions-ksa.com 74.220.219.162
74.7.227.146 - - [17/Mar/2026:16:34:09 -0600] "GET /528/.htaccess.phpupgrader.a0f99283 HTTP/2.0" 409 83 "https://event.acesolutions-ksa.com/528/?p=Ahome1Aimmorth6" "Mozilla/5.0 AppleWebKit/537.36 (KHTML, like Gecko; compatible; GPTBot/1.3; +https://openai.com/gptbot)" event.acesolutions-ksa.com 74.220.219.162
74.7.242.19 - - [17/Mar/2026:16:34:12 -0600] "GET /202?p=Ahome1Aimmorth6Alogs HTTP/1.1" 200 1223 "https://www.event.acesolutions-ksa.com/202?p=Ahome1Aimmorth6" "Mozilla/5.0 AppleWebKit/537.36 (KHTML, like Gecko; compatible; GPTBot/1.3; +https://openai.com/gptbot)" www.event.acesolutions-ksa.com 74.220.219.162
74.7.242.19 - - [17/Mar/2026:16:34:12 -0600] "GET /202?p=Ahome1Aimmorth6Alogs HTTP/2.0" 200 1223 "https://www.event.acesolutions-ksa.com/202?p=Ahome1Aimmorth6" "Mozilla/5.0 AppleWebKit/537.36 (KHTML, like Gecko; compatible; GPTBot/1.3; +https://openai.com/gptbot)" www.event.acesolutions-ksa.com 74.220.219.162
74.7.227.146 - - [17/Mar/2026:16:34:21 -0600] "GET /1a2/?p=Ahome1 HTTP/2.0" 200 53272 "https://event.acesolutions-ksa.com/ar/1a2/?p=Ahome1" "Mozilla/5.0 AppleWebKit/537.36 (KHTML, like Gecko; compatible; GPTBot/1.3; +https://openai.com/gptbot)" event.acesolutions-ksa.com 74.220.219.162
74.7.242.19 - - [17/Mar/2026:16:34:24 -0600] "GET /202?edit=immorth6_WPE0Y.1758642588.sql.gz&p=Ahome1Aimmorth6 HTTP/2.0" 200 701 "https://www.event.acesolutions-ksa.com/202?p=Ahome1Aimmorth6" "Mozilla/5.0 AppleWebKit/537.36 (KHTML, like Gecko; compatible; GPTBot/1.3; +https://openai.com/gptbot)" www.event.acesolutions-ksa.com 74.220.219.162
74.7.242.19 - - [17/Mar/2026:16:34:35 -0600] "GET /966?p=Ahome1Aimmorth6AIcphorde HTTP/1.1" 200 1284 "https://www.event.acesolutions-ksa.com/966?p=Ahome1Aimmorth6" "Mozilla/5.0 AppleWebKit/537.36 (KHTML, like Gecko; compatible; GPTBot/1.3; +https://openai.com/gptbot)" www.event.acesolutions-ksa.com 74.220.219.162
74.7.242.19 - - [17/Mar/2026:16:34:35 -0600] "GET /966?p=Ahome1Aimmorth6AIcphorde HTTP/2.0" 200 1284 "https://www.event.acesolutions-ksa.com/966?p=Ahome1Aimmorth6" "Mozilla/5.0 AppleWebKit/537.36 (KHTML, like Gecko; compatible; GPTBot/1.3; +https://openai.com/gptbot)" www.event.acesolutions-ksa.com 74.220.219.162
74.220.219.162 - - [17/Mar/2026:16:34:42 -0600] "POST /wp-cron.php?doing_wp_cron=1773786882.4073119163513183593750 HTTP/2.0" 200 - "-" "WordPress/6.9; https://event.acesolutions-ksa.com" event.acesolutions-ksa.com 74.220.219.162
74.7.242.19 - - [17/Mar/2026:16:34:45 -0600] "GET /202?p=Ahome1Aimmorth6AIcphorde HTTP/1.1" 200 1284 "https://www.event.acesolutions-ksa.com/202?p=Ahome1Aimmorth6" "Mozilla/5.0 AppleWebKit/537.36 (KHTML, like Gecko; compatible; GPTBot/1.3; +https://openai.com/gptbot)" www.event.acesolutions-ksa.com 74.220.219.162
74.7.242.19 - - [17/Mar/2026:16:34:45 -0600] "GET /202?p=Ahome1Aimmorth6AIcphorde HTTP/2.0" 200 1284 "https://www.event.acesolutions-ksa.com/202?p=Ahome1Aimmorth6" "Mozilla/5.0 AppleWebKit/537.36 (KHTML, like Gecko; compatible; GPTBot/1.3; +https://openai.com/gptbot)" www.event.acesolutions-ksa.com 74.220.219.162
74.7.242.19 - - [17/Mar/2026:16:34:56 -0600] "GET /482?edit=.emacs&p=Ahome1Aimmorth6 HTTP/1.1" 200 985 "https://www.event.acesolutions-ksa.com/482?p=Ahome1Aimmorth6" "Mozilla/5.0 AppleWebKit/537.36 (KHTML, like Gecko; compatible; GPTBot/1.3; +https://openai.com/gptbot)" www.event.acesolutions-ksa.com 74.220.219.162
74.7.242.19 - - [17/Mar/2026:16:34:56 -0600] "GET /482?edit=.emacs&p=Ahome1Aimmorth6 HTTP/2.0" 200 985 "https://www.event.acesolutions-ksa.com/482?p=Ahome1Aimmorth6" "Mozilla/5.0 AppleWebKit/537.36 (KHTML, like Gecko; compatible; GPTBot/1.3; +https://openai.com/gptbot)" www.event.acesolutions-ksa.com 74.220.219.162
74.7.227.146 - - [17/Mar/2026:16:35:01 -0600] "GET /1d1/?p=Ahome1 HTTP/2.0" 200 53273 "https://event.acesolutions-ksa.com/ar/1d1/?p=Ahome1" "Mozilla/5.0 AppleWebKit/537.36 (KHTML, like Gecko; compatible; GPTBot/1.3; +https://openai.com/gptbot)" event.acesolutions-ksa.com 74.220.219.162
74.7.242.19 - - [17/Mar/2026:16:35:06 -0600] "GET /482?edit=.zshrc&p=Ahome1Aimmorth6 HTTP/1.1" 200 1064 "https://www.event.acesolutions-ksa.com/482?p=Ahome1Aimmorth6" "Mozilla/5.0 AppleWebKit/537.36 (KHTML, like Gecko; compatible; GPTBot/1.3; +https://openai.com/gptbot)" www.event.acesolutions-ksa.com 74.220.219.162
74.7.242.19 - - [17/Mar/2026:16:35:06 -0600] "GET /482?edit=.zshrc&p=Ahome1Aimmorth6 HTTP/2.0" 200 1064 "https://www.event.acesolutions-ksa.com/482?p=Ahome1Aimmorth6" "Mozilla/5.0 AppleWebKit/537.36 (KHTML, like Gecko; compatible; GPTBot/1.3; +https://openai.com/gptbot)" www.event.acesolutions-ksa.com 74.220.219.162
74.7.242.19 - - [17/Mar/2026:16:35:17 -0600] "GET /872?edit=.zshrc&p=Ahome1Aimmorth6 HTTP/1.1" 200 1064 "https://www.event.acesolutions-ksa.com/872?p=Ahome1Aimmorth6" "Mozilla/5.0 AppleWebKit/537.36 (KHTML, like Gecko; compatible; GPTBot/1.3; +https://openai.com/gptbot)" www.event.acesolutions-ksa.com 74.220.219.162
74.7.242.19 - - [17/Mar/2026:16:35:17 -0600] "GET /872?edit=.zshrc&p=Ahome1Aimmorth6 HTTP/2.0" 200 1064 "https://www.event.acesolutions-ksa.com/872?p=Ahome1Aimmorth6" "Mozilla/5.0 AppleWebKit/537.36 (KHTML, like Gecko; compatible; GPTBot/1.3; +https://openai.com/gptbot)" www.event.acesolutions-ksa.com 74.220.219.162
74.7.242.19 - - [17/Mar/2026:16:35:27 -0600] "GET /872?edit=.emacs&p=Ahome1Aimmorth6 HTTP/1.1" 200 985 "https://www.event.acesolutions-ksa.com/872?p=Ahome1Aimmorth6" "Mozilla/5.0 AppleWebKit/537.36 (KHTML, like Gecko; compatible; GPTBot/1.3; +https://openai.com/gptbot)" www.event.acesolutions-ksa.com 74.220.219.162
74.7.242.19 - - [17/Mar/2026:16:35:27 -0600] "GET /872?edit=.emacs&p=Ahome1Aimmorth6 HTTP/2.0" 200 985 "https://www.event.acesolutions-ksa.com/872?p=Ahome1Aimmorth6" "Mozilla/5.0 AppleWebKit/537.36 (KHTML, like Gecko; compatible; GPTBot/1.3; +https://openai.com/gptbot)" www.event.acesolutions-ksa.com 74.220.219.162
74.7.227.146 - - [17/Mar/2026:16:35:35 -0600] "GET /ar/1773037142.M333461P2123.box2010.bluehost.com,S=2348,W=2413/admin.asset.php HTTP/2.0" 409 83 "https://event.acesolutions-ksa.com/ar/1773037142.M333461P2123.box2010.bluehost.com,S=2348,W=2413/?p=Ahome1Aimmorth6Apublic_htmlAwebsite_efd5428fAwp-contentAplugins-202504291021AjetpackA_incAbuild" "Mozilla/5.0 AppleWebKit/537.36 (KHTML, like Gecko; compatible; GPTBot/1.3; +https://openai.com/gptbot)" event.acesolutions-ksa.com 74.220.219.162
74.7.242.19 - - [17/Mar/2026:16:35:38 -0600] "GET /966?p=Ahome1Aimmorth6AIkoality HTTP/1.1" 200 1175 "https://www.event.acesolutions-ksa.com/966?p=Ahome1Aimmorth6" "Mozilla/5.0 AppleWebKit/537.36 (KHTML, like Gecko; compatible; GPTBot/1.3; +https://openai.com/gptbot)" www.event.acesolutions-ksa.com 74.220.219.162
74.7.242.19 - - [17/Mar/2026:16:35:38 -0600] "GET /966?p=Ahome1Aimmorth6AIkoality HTTP/2.0" 200 1175 "https://www.event.acesolutions-ksa.com/966?p=Ahome1Aimmorth6" "Mozilla/5.0 AppleWebKit/537.36 (KHTML, like Gecko; compatible; GPTBot/1.3; +https://openai.com/gptbot)" www.event.acesolutions-ksa.com 74.220.219.162
74.7.242.19 - - [17/Mar/2026:16:35:48 -0600] "GET /202?p=Ahome1Aimmorth6AIkoality HTTP/1.1" 200 1175 "https://www.event.acesolutions-ksa.com/202?p=Ahome1Aimmorth6" "Mozilla/5.0 AppleWebKit/537.36 (KHTML, like Gecko; compatible; GPTBot/1.3; +https://openai.com/gptbot)" www.event.acesolutions-ksa.com 74.220.219.162
74.7.242.19 - - [17/Mar/2026:16:35:48 -0600] "GET /202?p=Ahome1Aimmorth6AIkoality HTTP/2.0" 200 1175 "https://www.event.acesolutions-ksa.com/202?p=Ahome1Aimmorth6" "Mozilla/5.0 AppleWebKit/537.36 (KHTML, like Gecko; compatible; GPTBot/1.3; +https://openai.com/gptbot)" www.event.acesolutions-ksa.com 74.220.219.162
74.7.242.19 - - [17/Mar/2026:16:35:59 -0600] "GET /202?edit=.zshrc&p=Ahome1Aimmorth6 HTTP/1.1" 200 1064 "https://www.event.acesolutions-ksa.com/202?p=Ahome1Aimmorth6" "Mozilla/5.0 AppleWebKit/537.36 (KHTML, like Gecko; compatible; GPTBot/1.3; +https://openai.com/gptbot)" www.event.acesolutions-ksa.com 74.220.219.162
74.7.242.19 - - [17/Mar/2026:16:35:59 -0600] "GET /202?edit=.zshrc&p=Ahome1Aimmorth6 HTTP/2.0" 200 1064 "https://www.event.acesolutions-ksa.com/202?p=Ahome1Aimmorth6" "Mozilla/5.0 AppleWebKit/537.36 (KHTML, like Gecko; compatible; GPTBot/1.3; +https://openai.com/gptbot)" www.event.acesolutions-ksa.com 74.220.219.162
74.7.227.146 - - [17/Mar/2026:16:36:06 -0600] "GET /fb2?p=Ahome1Aimmorth6 HTTP/2.0" 200 64521 "https://www.website-efd5428f.ilq.ypm.mybluehost.me" "Mozilla/5.0 AppleWebKit/537.36 (KHTML, like Gecko; compatible; GPTBot/1.3; +https://openai.com/gptbot)" event.acesolutions-ksa.com 74.220.219.162
74.7.242.19 - - [17/Mar/2026:16:36:09 -0600] "GET /966?p=Ahome1Aimmorth6AIpki HTTP/1.1" 200 1165 "https://www.event.acesolutions-ksa.com/966?p=Ahome1Aimmorth6" "Mozilla/5.0 AppleWebKit/537.36 (KHTML, like Gecko; compatible; GPTBot/1.3; +https://openai.com/gptbot)" www.event.acesolutions-ksa.com 74.220.219.162
74.7.242.19 - - [17/Mar/2026:16:36:09 -0600] "GET /966?p=Ahome1Aimmorth6AIpki HTTP/2.0" 200 1165 "https://www.event.acesolutions-ksa.com/966?p=Ahome1Aimmorth6" "Mozilla/5.0 AppleWebKit/537.36 (KHTML, like Gecko; compatible; GPTBot/1.3; +https://openai.com/gptbot)" www.event.acesolutions-ksa.com 74.220.219.162
74.7.242.19 - - [17/Mar/2026:16:36:20 -0600] "GET /872?p=Ahome1Aimmorth6AIpki HTTP/1.1" 200 1165 "https://www.event.acesolutions-ksa.com/872?p=Ahome1Aimmorth6" "Mozilla/5.0 AppleWebKit/537.36 (KHTML, like Gecko; compatible; GPTBot/1.3; +https://openai.com/gptbot)" www.event.acesolutions-ksa.com 74.220.219.162
74.7.242.19 - - [17/Mar/2026:16:36:20 -0600] "GET /872?p=Ahome1Aimmorth6AIpki HTTP/2.0" 200 1165 "https://www.event.acesolutions-ksa.com/872?p=Ahome1Aimmorth6" "Mozilla/5.0 AppleWebKit/537.36 (KHTML, like Gecko; compatible; GPTBot/1.3; +https://openai.com/gptbot)" www.event.acesolutions-ksa.com 74.220.219.162
74.7.242.19 - - [17/Mar/2026:16:36:31 -0600] "GET /966?p=Ahome1Aimmorth6Amail HTTP/1.1" 200 5729 "https://www.event.acesolutions-ksa.com/966?p=Ahome1Aimmorth6" "Mozilla/5.0 AppleWebKit/537.36 (KHTML, like Gecko; compatible; GPTBot/1.3; +https://openai.com/gptbot)" www.event.acesolutions-ksa.com 74.220.219.162
74.7.242.19 - - [17/Mar/2026:16:36:31 -0600] "GET /966?p=Ahome1Aimmorth6Amail HTTP/2.0" 200 5729 "https://www.event.acesolutions-ksa.com/966?p=Ahome1Aimmorth6" "Mozilla/5.0 AppleWebKit/537.36 (KHTML, like Gecko; compatible; GPTBot/1.3; +https://openai.com/gptbot)" www.event.acesolutions-ksa.com 74.220.219.162
74.220.219.162 - - [17/Mar/2026:16:36:42 -0600] "POST /wp-cron.php?doing_wp_cron=1773787002.6923000812530517578125 HTTP/2.0" 200 - "-" "WordPress/6.9; https://event.acesolutions-ksa.com" event.acesolutions-ksa.com 74.220.219.162
74.7.242.19 - - [17/Mar/2026:16:36:42 -0600] "GET /202?p=Ahome1Aimmorth6Amail HTTP/1.1" 200 5729 "https://www.event.acesolutions-ksa.com/202?p=Ahome1Aimmorth6" "Mozilla/5.0 AppleWebKit/537.36 (KHTML, like Gecko; compatible; GPTBot/1.3; +https://openai.com/gptbot)" www.event.acesolutions-ksa.com 74.220.219.162
74.7.242.19 - - [17/Mar/2026:16:36:42 -0600] "GET /202?p=Ahome1Aimmorth6Amail HTTP/2.0" 200 5729 "https://www.event.acesolutions-ksa.com/202?p=Ahome1Aimmorth6" "Mozilla/5.0 AppleWebKit/537.36 (KHTML, like Gecko; compatible; GPTBot/1.3; +https://openai.com/gptbot)" www.event.acesolutions-ksa.com 74.220.219.162
74.7.242.19 - - [17/Mar/2026:16:36:52 -0600] "GET /872?p=Ahome1Aimmorth6Alogs HTTP/1.1" 200 1223 "https://www.event.acesolutions-ksa.com/872?p=Ahome1Aimmorth6" "Mozilla/5.0 AppleWebKit/537.36 (KHTML, like Gecko; compatible; GPTBot/1.3; +https://openai.com/gptbot)" www.event.acesolutions-ksa.com 74.220.219.162
74.7.242.19 - - [17/Mar/2026:16:36:52 -0600] "GET /872?p=Ahome1Aimmorth6Alogs HTTP/2.0" 200 1223 "https://www.event.acesolutions-ksa.com/872?p=Ahome1Aimmorth6" "Mozilla/5.0 AppleWebKit/537.36 (KHTML, like Gecko; compatible; GPTBot/1.3; +https://openai.com/gptbot)" www.event.acesolutions-ksa.com 74.220.219.162
74.7.242.19 - - [17/Mar/2026:16:37:03 -0600] "GET /482?p=Ahome1Aimmorth6Alogs HTTP/1.1" 200 1223 "https://www.event.acesolutions-ksa.com/482?p=Ahome1Aimmorth6" "Mozilla/5.0 AppleWebKit/537.36 (KHTML, like Gecko; compatible; GPTBot/1.3; +https://openai.com/gptbot)" www.event.acesolutions-ksa.com 74.220.219.162
74.7.242.19 - - [17/Mar/2026:16:37:03 -0600] "GET /482?p=Ahome1Aimmorth6Alogs HTTP/2.0" 200 1223 "https://www.event.acesolutions-ksa.com/482?p=Ahome1Aimmorth6" "Mozilla/5.0 AppleWebKit/537.36 (KHTML, like Gecko; compatible; GPTBot/1.3; +https://openai.com/gptbot)" www.event.acesolutions-ksa.com 74.220.219.162
74.7.227.146 - - [17/Mar/2026:16:37:11 -0600] "GET /fb2/ HTTP/2.0" 200 54023 "https://event.acesolutions-ksa.com/ar/fb2/" "Mozilla/5.0 AppleWebKit/537.36 (KHTML, like Gecko; compatible; GPTBot/1.3; +https://openai.com/gptbot)" event.acesolutions-ksa.com 74.220.219.162
74.7.242.19 - - [17/Mar/2026:16:37:14 -0600] "GET /482?p=Ahome1Aimmorth6Amail HTTP/1.1" 200 5729 "https://www.event.acesolutions-ksa.com/482?p=Ahome1Aimmorth6" "Mozilla/5.0 AppleWebKit/537.36 (KHTML, like Gecko; compatible; GPTBot/1.3; +https://openai.com/gptbot)" www.event.acesolutions-ksa.com 74.220.219.162
74.7.242.19 - - [17/Mar/2026:16:37:13 -0600] "GET /482?p=Ahome1Aimmorth6Amail HTTP/2.0" 200 5729 "https://www.event.acesolutions-ksa.com/482?p=Ahome1Aimmorth6" "Mozilla/5.0 AppleWebKit/537.36 (KHTML, like Gecko; compatible; GPTBot/1.3; +https://openai.com/gptbot)" www.event.acesolutions-ksa.com 74.220.219.162
74.7.242.19 - - [17/Mar/2026:16:37:25 -0600] "GET /966?p=Ahome1Aimmorth6Alogs HTTP/1.1" 200 1223 "https://www.event.acesolutions-ksa.com/966?p=Ahome1Aimmorth6" "Mozilla/5.0 AppleWebKit/537.36 (KHTML, like Gecko; compatible; GPTBot/1.3; +https://openai.com/gptbot)" www.event.acesolutions-ksa.com 74.220.219.162
74.7.242.19 - - [17/Mar/2026:16:37:24 -0600] "GET /966?p=Ahome1Aimmorth6Alogs HTTP/2.0" 200 1223 "https://www.event.acesolutions-ksa.com/966?p=Ahome1Aimmorth6" "Mozilla/5.0 AppleWebKit/537.36 (KHTML, like Gecko; compatible; GPTBot/1.3; +https://openai.com/gptbot)" www.event.acesolutions-ksa.com 74.220.219.162
74.7.242.19 - - [17/Mar/2026:16:37:35 -0600] "GET /303?p=Ahome1Aimmorth6Amail HTTP/1.1" 200 5729 "https://www.event.acesolutions-ksa.com/303?p=Ahome1Aimmorth6" "Mozilla/5.0 AppleWebKit/537.36 (KHTML, like Gecko; compatible; GPTBot/1.3; +https://openai.com/gptbot)" www.event.acesolutions-ksa.com 74.220.219.162
74.7.242.19 - - [17/Mar/2026:16:37:35 -0600] "GET /303?p=Ahome1Aimmorth6Amail HTTP/2.0" 200 5729 "https://www.event.acesolutions-ksa.com/303?p=Ahome1Aimmorth6" "Mozilla/5.0 AppleWebKit/537.36 (KHTML, like Gecko; compatible; GPTBot/1.3; +https://openai.com/gptbot)" www.event.acesolutions-ksa.com 74.220.219.162
74.7.242.19 - - [17/Mar/2026:16:37:45 -0600] "GET /202?p=Ahome1Aimmorth6AIpki HTTP/1.1" 200 1165 "https://www.event.acesolutions-ksa.com/202?p=Ahome1Aimmorth6" "Mozilla/5.0 AppleWebKit/537.36 (KHTML, like Gecko; compatible; GPTBot/1.3; +https://openai.com/gptbot)" www.event.acesolutions-ksa.com 74.220.219.162
74.7.242.19 - - [17/Mar/2026:16:37:45 -0600] "GET /202?p=Ahome1Aimmorth6AIpki HTTP/2.0" 200 1165 "https://www.event.acesolutions-ksa.com/202?p=Ahome1Aimmorth6" "Mozilla/5.0 AppleWebKit/537.36 (KHTML, like Gecko; compatible; GPTBot/1.3; +https://openai.com/gptbot)" www.event.acesolutions-ksa.com 74.220.219.162
74.7.242.19 - - [17/Mar/2026:16:37:55 -0600] "GET /872?p=Ahome1Aimmorth6Amail HTTP/1.1" 200 5729 "https://www.event.acesolutions-ksa.com/872?p=Ahome1Aimmorth6" "Mozilla/5.0 AppleWebKit/537.36 (KHTML, like Gecko; compatible; GPTBot/1.3; +https://openai.com/gptbot)" www.event.acesolutions-ksa.com 74.220.219.162
74.7.242.19 - - [17/Mar/2026:16:37:55 -0600] "GET /872?p=Ahome1Aimmorth6Amail HTTP/2.0" 200 5729 "https://www.event.acesolutions-ksa.com/872?p=Ahome1Aimmorth6" "Mozilla/5.0 AppleWebKit/537.36 (KHTML, like Gecko; compatible; GPTBot/1.3; +https://openai.com/gptbot)" www.event.acesolutions-ksa.com 74.220.219.162
216.73.216.97 - - [17/Mar/2026:16:38:02 -0600] "GET /wordpress-seo-ar.mo?edit=.permslog&p=Ahome1Aimmorth6 HTTP/1.1" 200 6000 "-" "Mozilla/5.0 AppleWebKit/537.36 (KHTML, like Gecko; compatible; ClaudeBot/1.0; +claudebot@anthropic.com)" www.event.acesolutions-ksa.com 74.220.219.162
216.73.216.97 - - [17/Mar/2026:16:38:02 -0600] "GET /wordpress-seo-ar.mo?edit=.permslog&p=Ahome1Aimmorth6 HTTP/2.0" 200 6000 "-" "Mozilla/5.0 AppleWebKit/537.36 (KHTML, like Gecko; compatible; ClaudeBot/1.0; +claudebot@anthropic.com)" www.event.acesolutions-ksa.com 74.220.219.162
74.7.242.19 - - [17/Mar/2026:16:38:06 -0600] "GET /482?p=Ahome1Aimmorth6AIpki HTTP/1.1" 200 1165 "https://www.event.acesolutions-ksa.com/482?p=Ahome1Aimmorth6" "Mozilla/5.0 AppleWebKit/537.36 (KHTML, like Gecko; compatible; GPTBot/1.3; +https://openai.com/gptbot)" www.event.acesolutions-ksa.com 74.220.219.162
74.7.242.19 - - [17/Mar/2026:16:38:06 -0600] "GET /482?p=Ahome1Aimmorth6AIpki HTTP/2.0" 200 1165 "https://www.event.acesolutions-ksa.com/482?p=Ahome1Aimmorth6" "Mozilla/5.0 AppleWebKit/537.36 (KHTML, like Gecko; compatible; GPTBot/1.3; +https://openai.com/gptbot)" www.event.acesolutions-ksa.com 74.220.219.162
74.7.227.146 - - [17/Mar/2026:16:38:07 -0600] "GET /ar/0fe/?p=Ahome1Aimmorth6Apublic_html HTTP/2.0" 200 60186 "https://event.acesolutions-ksa.com/ar/0fe/" "Mozilla/5.0 AppleWebKit/537.36 (KHTML, like Gecko; compatible; GPTBot/1.3; +https://openai.com/gptbot)" event.acesolutions-ksa.com 74.220.219.162
74.7.242.19 - - [17/Mar/2026:16:38:16 -0600] "GET /303?p=Ahome1Aimmorth6Alogs HTTP/1.1" 200 1223 "https://www.event.acesolutions-ksa.com/303?p=Ahome1Aimmorth6" "Mozilla/5.0 AppleWebKit/537.36 (KHTML, like Gecko; compatible; GPTBot/1.3; +https://openai.com/gptbot)" www.event.acesolutions-ksa.com 74.220.219.162
74.7.242.19 - - [17/Mar/2026:16:38:16 -0600] "GET /303?p=Ahome1Aimmorth6Alogs HTTP/2.0" 200 1223 "https://www.event.acesolutions-ksa.com/303?p=Ahome1Aimmorth6" "Mozilla/5.0 AppleWebKit/537.36 (KHTML, like Gecko; compatible; GPTBot/1.3; +https://openai.com/gptbot)" www.event.acesolutions-ksa.com 74.220.219.162
74.7.242.19 - - [17/Mar/2026:16:38:27 -0600] "GET /966?p=Ahome1Aimmorth6AmailAtmp HTTP/1.1" 200 910 "https://www.event.acesolutions-ksa.com/966?p=Ahome1Aimmorth6Amail" "Mozilla/5.0 AppleWebKit/537.36 (KHTML, like Gecko; compatible; GPTBot/1.3; +https://openai.com/gptbot)" www.event.acesolutions-ksa.com 74.220.219.162
74.7.242.19 - - [17/Mar/2026:16:38:27 -0600] "GET /966?p=Ahome1Aimmorth6AmailAtmp HTTP/2.0" 200 910 "https://www.event.acesolutions-ksa.com/966?p=Ahome1Aimmorth6Amail" "Mozilla/5.0 AppleWebKit/537.36 (KHTML, like Gecko; compatible; GPTBot/1.3; +https://openai.com/gptbot)" www.event.acesolutions-ksa.com 74.220.219.162
74.7.242.19 - - [17/Mar/2026:16:38:37 -0600] "GET /202?p=Ahome1Aimmorth6AmailAIinfo%40alltheway_com_sa HTTP/1.1" 200 3845 "https://www.event.acesolutions-ksa.com/202?p=Ahome1Aimmorth6Amail" "Mozilla/5.0 AppleWebKit/537.36 (KHTML, like Gecko; compatible; GPTBot/1.3; +https://openai.com/gptbot)" www.event.acesolutions-ksa.com 74.220.219.162
74.7.242.19 - - [17/Mar/2026:16:38:37 -0600] "GET /202?p=Ahome1Aimmorth6AmailAIinfo%40alltheway_com_sa HTTP/2.0" 200 3845 "https://www.event.acesolutions-ksa.com/202?p=Ahome1Aimmorth6Amail" "Mozilla/5.0 AppleWebKit/537.36 (KHTML, like Gecko; compatible; GPTBot/1.3; +https://openai.com/gptbot)" www.event.acesolutions-ksa.com 74.220.219.162
74.220.219.162 - - [17/Mar/2026:16:38:49 -0600] "POST /wp-cron.php?doing_wp_cron=1773787129.7982039451599121093750 HTTP/2.0" 200 - "-" "WordPress/6.9; https://event.acesolutions-ksa.com" event.acesolutions-ksa.com 74.220.219.162
74.7.242.19 - - [17/Mar/2026:16:38:48 -0600] "GET /202?p=Ahome1Aimmorth6AmailAnew HTTP/1.1" 200 3863422 "https://www.event.acesolutions-ksa.com/202?p=Ahome1Aimmorth6Amail" "Mozilla/5.0 AppleWebKit/537.36 (KHTML, like Gecko; compatible; GPTBot/1.3; +https://openai.com/gptbot)" www.event.acesolutions-ksa.com 74.220.219.162
74.7.242.19 - - [17/Mar/2026:16:38:48 -0600] "GET /202?p=Ahome1Aimmorth6AmailAnew HTTP/2.0" 200 3863422 "https://www.event.acesolutions-ksa.com/202?p=Ahome1Aimmorth6Amail" "Mozilla/5.0 AppleWebKit/537.36 (KHTML, like Gecko; compatible; GPTBot/1.3; +https://openai.com/gptbot)" www.event.acesolutions-ksa.com 74.220.219.162
74.7.242.19 - - [17/Mar/2026:16:38:58 -0600] "GET /966?p=Ahome1Aimmorth6AmailAnew HTTP/1.1" 200 3863422 "https://www.event.acesolutions-ksa.com/966?p=Ahome1Aimmorth6Amail" "Mozilla/5.0 AppleWebKit/537.36 (KHTML, like Gecko; compatible; GPTBot/1.3; +https://openai.com/gptbot)" www.event.acesolutions-ksa.com 74.220.219.162
74.7.242.19 - - [17/Mar/2026:16:38:58 -0600] "GET /966?p=Ahome1Aimmorth6AmailAnew HTTP/2.0" 200 3863422 "https://www.event.acesolutions-ksa.com/966?p=Ahome1Aimmorth6Amail" "Mozilla/5.0 AppleWebKit/537.36 (KHTML, like Gecko; compatible; GPTBot/1.3; +https://openai.com/gptbot)" www.event.acesolutions-ksa.com 74.220.219.162
74.7.227.146 - - [17/Mar/2026:16:39:00 -0600] "GET /0fe/ HTTP/2.0" 200 54022 "https://event.acesolutions-ksa.com/ar/0fe/" "Mozilla/5.0 AppleWebKit/537.36 (KHTML, like Gecko; compatible; GPTBot/1.3; +https://openai.com/gptbot)" event.acesolutions-ksa.com 74.220.219.162
74.7.242.19 - - [17/Mar/2026:16:39:09 -0600] "GET /482?p=Ahome1Aimmorth6AmailAcur HTTP/1.1" 200 318069 "https://www.event.acesolutions-ksa.com/482?p=Ahome1Aimmorth6Amail" "Mozilla/5.0 AppleWebKit/537.36 (KHTML, like Gecko; compatible; GPTBot/1.3; +https://openai.com/gptbot)" www.event.acesolutions-ksa.com 74.220.219.162
74.7.242.19 - - [17/Mar/2026:16:39:09 -0600] "GET /482?p=Ahome1Aimmorth6AmailAcur HTTP/2.0" 200 318069 "https://www.event.acesolutions-ksa.com/482?p=Ahome1Aimmorth6Amail" "Mozilla/5.0 AppleWebKit/537.36 (KHTML, like Gecko; compatible; GPTBot/1.3; +https://openai.com/gptbot)" www.event.acesolutions-ksa.com 74.220.219.162
74.7.242.19 - - [17/Mar/2026:16:39:19 -0600] "GET /482?p=Ahome1Aimmorth6AmailAtmp HTTP/1.1" 200 910 "https://www.event.acesolutions-ksa.com/482?p=Ahome1Aimmorth6Amail" "Mozilla/5.0 AppleWebKit/537.36 (KHTML, like Gecko; compatible; GPTBot/1.3; +https://openai.com/gptbot)" www.event.acesolutions-ksa.com 74.220.219.162
74.7.242.19 - - [17/Mar/2026:16:39:19 -0600] "GET /482?p=Ahome1Aimmorth6AmailAtmp HTTP/2.0" 200 910 "https://www.event.acesolutions-ksa.com/482?p=Ahome1Aimmorth6Amail" "Mozilla/5.0 AppleWebKit/537.36 (KHTML, like Gecko; compatible; GPTBot/1.3; +https://openai.com/gptbot)" www.event.acesolutions-ksa.com 74.220.219.162
74.7.242.19 - - [17/Mar/2026:16:39:29 -0600] "GET /303?p=Ahome1Aimmorth6AmailAcur HTTP/1.1" 200 318069 "https://www.event.acesolutions-ksa.com/303?p=Ahome1Aimmorth6Amail" "Mozilla/5.0 AppleWebKit/537.36 (KHTML, like Gecko; compatible; GPTBot/1.3; +https://openai.com/gptbot)" www.event.acesolutions-ksa.com 74.220.219.162
