74.7.242.19 - - [17/Mar/2026:13:35:54 -0600] "GET /649?edit=1773031294.M323768P728811.box2010.bluehost.com%2CS%3D2348%2CW%3D2413&p=Ahome1Aimmorth6AmailAnew HTTP/1.1" 200 1721 "https://www.event.acesolutions-ksa.com/649?p=Ahome1Aimmorth6AmailAnew" "Mozilla/5.0 AppleWebKit/537.36 (KHTML, like Gecko; compatible; GPTBot/1.3; +https://openai.com/gptbot)" www.event.acesolutions-ksa.com 74.220.219.162
74.7.242.19 - - [17/Mar/2026:13:35:54 -0600] "GET /649?edit=1773031294.M323768P728811.box2010.bluehost.com%2CS%3D2348%2CW%3D2413&p=Ahome1Aimmorth6AmailAnew HTTP/2.0" 200 1721 "https://www.event.acesolutions-ksa.com/649?p=Ahome1Aimmorth6AmailAnew" "Mozilla/5.0 AppleWebKit/537.36 (KHTML, like Gecko; compatible; GPTBot/1.3; +https://openai.com/gptbot)" www.event.acesolutions-ksa.com 74.220.219.162
74.7.242.19 - - [17/Mar/2026:13:36:04 -0600] "GET /316?edit=1773031510.M192002P728811.box2010.bluehost.com%2CS%3D2338%2CW%3D2403&p=Ahome1Aimmorth6AmailAnew HTTP/1.1" 200 1685 "https://www.event.acesolutions-ksa.com/316?p=Ahome1Aimmorth6AmailAnew" "Mozilla/5.0 AppleWebKit/537.36 (KHTML, like Gecko; compatible; GPTBot/1.3; +https://openai.com/gptbot)" www.event.acesolutions-ksa.com 74.220.219.162
74.7.242.19 - - [17/Mar/2026:13:36:04 -0600] "GET /316?edit=1773031510.M192002P728811.box2010.bluehost.com%2CS%3D2338%2CW%3D2403&p=Ahome1Aimmorth6AmailAnew HTTP/2.0" 200 1685 "https://www.event.acesolutions-ksa.com/316?p=Ahome1Aimmorth6AmailAnew" "Mozilla/5.0 AppleWebKit/537.36 (KHTML, like Gecko; compatible; GPTBot/1.3; +https://openai.com/gptbot)" www.event.acesolutions-ksa.com 74.220.219.162
74.7.242.19 - - [17/Mar/2026:13:36:15 -0600] "GET /299?edit=1773025906.M635800P448681.box2010.bluehost.com%2CS%3D2348%2CW%3D2413&p=Ahome1Aimmorth6AmailAnew HTTP/1.1" 200 1701 "https://www.event.acesolutions-ksa.com/299?p=Ahome1Aimmorth6AmailAnew" "Mozilla/5.0 AppleWebKit/537.36 (KHTML, like Gecko; compatible; GPTBot/1.3; +https://openai.com/gptbot)" www.event.acesolutions-ksa.com 74.220.219.162
74.7.242.19 - - [17/Mar/2026:13:36:15 -0600] "GET /299?edit=1773025906.M635800P448681.box2010.bluehost.com%2CS%3D2348%2CW%3D2413&p=Ahome1Aimmorth6AmailAnew HTTP/2.0" 200 1701 "https://www.event.acesolutions-ksa.com/299?p=Ahome1Aimmorth6AmailAnew" "Mozilla/5.0 AppleWebKit/537.36 (KHTML, like Gecko; compatible; GPTBot/1.3; +https://openai.com/gptbot)" www.event.acesolutions-ksa.com 74.220.219.162
74.7.242.19 - - [17/Mar/2026:13:36:26 -0600] "GET /390?edit=1773031131.M39629P728811.box2010.bluehost.com%2CS%3D2343%2CW%3D2408&p=Ahome1Aimmorth6AmailAnew HTTP/1.1" 200 1661 "https://www.event.acesolutions-ksa.com/390?p=Ahome1Aimmorth6AmailAnew" "Mozilla/5.0 AppleWebKit/537.36 (KHTML, like Gecko; compatible; GPTBot/1.3; +https://openai.com/gptbot)" www.event.acesolutions-ksa.com 74.220.219.162
74.7.242.19 - - [17/Mar/2026:13:36:26 -0600] "GET /390?edit=1773031131.M39629P728811.box2010.bluehost.com%2CS%3D2343%2CW%3D2408&p=Ahome1Aimmorth6AmailAnew HTTP/2.0" 200 1661 "https://www.event.acesolutions-ksa.com/390?p=Ahome1Aimmorth6AmailAnew" "Mozilla/5.0 AppleWebKit/537.36 (KHTML, like Gecko; compatible; GPTBot/1.3; +https://openai.com/gptbot)" www.event.acesolutions-ksa.com 74.220.219.162
74.220.219.162 - - [17/Mar/2026:13:36:37 -0600] "POST /wp-cron.php?doing_wp_cron=1773776197.2892289161682128906250 HTTP/2.0" 200 - "-" "WordPress/6.9; https://event.acesolutions-ksa.com" event.acesolutions-ksa.com 74.220.219.162
74.7.242.19 - - [17/Mar/2026:13:36:36 -0600] "GET /299?edit=1773024573.M802753P256026.box2010.bluehost.com%2CS%3D2348%2CW%3D2413&p=Ahome1Aimmorth6AmailAnew HTTP/1.1" 200 1647 "https://www.event.acesolutions-ksa.com/299?p=Ahome1Aimmorth6AmailAnew" "Mozilla/5.0 AppleWebKit/537.36 (KHTML, like Gecko; compatible; GPTBot/1.3; +https://openai.com/gptbot)" www.event.acesolutions-ksa.com 74.220.219.162
74.7.242.19 - - [17/Mar/2026:13:36:36 -0600] "GET /299?edit=1773024573.M802753P256026.box2010.bluehost.com%2CS%3D2348%2CW%3D2413&p=Ahome1Aimmorth6AmailAnew HTTP/2.0" 200 1647 "https://www.event.acesolutions-ksa.com/299?p=Ahome1Aimmorth6AmailAnew" "Mozilla/5.0 AppleWebKit/537.36 (KHTML, like Gecko; compatible; GPTBot/1.3; +https://openai.com/gptbot)" www.event.acesolutions-ksa.com 74.220.219.162
74.7.242.19 - - [17/Mar/2026:13:36:47 -0600] "GET /391?edit=1773025932.M395233P435617.box2010.bluehost.com%2CS%3D2348%2CW%3D2413&p=Ahome1Aimmorth6AmailAnew HTTP/1.1" 200 1672 "https://www.event.acesolutions-ksa.com/391?p=Ahome1Aimmorth6AmailAnew" "Mozilla/5.0 AppleWebKit/537.36 (KHTML, like Gecko; compatible; GPTBot/1.3; +https://openai.com/gptbot)" www.event.acesolutions-ksa.com 74.220.219.162
74.7.242.19 - - [17/Mar/2026:13:36:47 -0600] "GET /391?edit=1773025932.M395233P435617.box2010.bluehost.com%2CS%3D2348%2CW%3D2413&p=Ahome1Aimmorth6AmailAnew HTTP/2.0" 200 1672 "https://www.event.acesolutions-ksa.com/391?p=Ahome1Aimmorth6AmailAnew" "Mozilla/5.0 AppleWebKit/537.36 (KHTML, like Gecko; compatible; GPTBot/1.3; +https://openai.com/gptbot)" www.event.acesolutions-ksa.com 74.220.219.162
74.7.227.146 - - [17/Mar/2026:13:36:48 -0600] "GET /3ff/immorth6_wearmoda.1638377192.sql HTTP/2.0" 406 226 "https://event.acesolutions-ksa.com/3ff/?p=Ahome1Aimmorth6" "Mozilla/5.0 AppleWebKit/537.36 (KHTML, like Gecko; compatible; GPTBot/1.3; +https://openai.com/gptbot)" event.acesolutions-ksa.com 74.220.219.162
74.7.242.19 - - [17/Mar/2026:13:36:58 -0600] "GET /299?edit=1773027617.M290276P448681.box2010.bluehost.com%2CS%3D2348%2CW%3D2413&p=Ahome1Aimmorth6AmailAnew HTTP/1.1" 200 1673 "https://www.event.acesolutions-ksa.com/299?p=Ahome1Aimmorth6AmailAnew" "Mozilla/5.0 AppleWebKit/537.36 (KHTML, like Gecko; compatible; GPTBot/1.3; +https://openai.com/gptbot)" www.event.acesolutions-ksa.com 74.220.219.162
74.7.242.19 - - [17/Mar/2026:13:36:58 -0600] "GET /299?edit=1773027617.M290276P448681.box2010.bluehost.com%2CS%3D2348%2CW%3D2413&p=Ahome1Aimmorth6AmailAnew HTTP/2.0" 200 1673 "https://www.event.acesolutions-ksa.com/299?p=Ahome1Aimmorth6AmailAnew" "Mozilla/5.0 AppleWebKit/537.36 (KHTML, like Gecko; compatible; GPTBot/1.3; +https://openai.com/gptbot)" www.event.acesolutions-ksa.com 74.220.219.162
74.7.242.19 - - [17/Mar/2026:13:37:09 -0600] "GET /316?edit=1773042780.M722889P187002.box2010.bluehost.com%2CS%3D2348%2CW%3D2413&p=Ahome1Aimmorth6AmailAnew HTTP/1.1" 200 1675 "https://www.event.acesolutions-ksa.com/316?p=Ahome1Aimmorth6AmailAnew" "Mozilla/5.0 AppleWebKit/537.36 (KHTML, like Gecko; compatible; GPTBot/1.3; +https://openai.com/gptbot)" www.event.acesolutions-ksa.com 74.220.219.162
74.7.242.19 - - [17/Mar/2026:13:37:09 -0600] "GET /316?edit=1773042780.M722889P187002.box2010.bluehost.com%2CS%3D2348%2CW%3D2413&p=Ahome1Aimmorth6AmailAnew HTTP/2.0" 200 1675 "https://www.event.acesolutions-ksa.com/316?p=Ahome1Aimmorth6AmailAnew" "Mozilla/5.0 AppleWebKit/537.36 (KHTML, like Gecko; compatible; GPTBot/1.3; +https://openai.com/gptbot)" www.event.acesolutions-ksa.com 74.220.219.162
216.73.216.97 - - [17/Mar/2026:13:37:15 -0600] "GET /?edit=wordpress-seo-ar-1452e0d46abef67e70f842f830b10ec9.json&p=Ahome1Aimmorth6Apublic_htmlAwebsite_efd5428fAwp-contentAlanguagesAplugins HTTP/2.0" 200 2113 "-" "Mozilla/5.0 AppleWebKit/537.36 (KHTML, like Gecko; compatible; ClaudeBot/1.0; +claudebot@anthropic.com)" www.event.acesolutions-ksa.com 74.220.219.162
74.7.242.19 - - [17/Mar/2026:13:37:19 -0600] "GET /390?edit=1773027893.M467762P448681.box2010.bluehost.com%2CS%3D2348%2CW%3D2413&p=Ahome1Aimmorth6AmailAnew HTTP/1.1" 200 1681 "https://www.event.acesolutions-ksa.com/390?p=Ahome1Aimmorth6AmailAnew" "Mozilla/5.0 AppleWebKit/537.36 (KHTML, like Gecko; compatible; GPTBot/1.3; +https://openai.com/gptbot)" www.event.acesolutions-ksa.com 74.220.219.162
74.7.242.19 - - [17/Mar/2026:13:37:19 -0600] "GET /390?edit=1773027893.M467762P448681.box2010.bluehost.com%2CS%3D2348%2CW%3D2413&p=Ahome1Aimmorth6AmailAnew HTTP/2.0" 200 1681 "https://www.event.acesolutions-ksa.com/390?p=Ahome1Aimmorth6AmailAnew" "Mozilla/5.0 AppleWebKit/537.36 (KHTML, like Gecko; compatible; GPTBot/1.3; +https://openai.com/gptbot)" www.event.acesolutions-ksa.com 74.220.219.162
216.73.216.97 - - [17/Mar/2026:13:37:25 -0600] "GET /admin-network-ar.po?p=Ahome1Aimmorth6AetcAivy-menuIcom HTTP/1.1" 200 2604 "-" "Mozilla/5.0 AppleWebKit/537.36 (KHTML, like Gecko; compatible; ClaudeBot/1.0; +claudebot@anthropic.com)" www.event.acesolutions-ksa.com 74.220.219.162
216.73.216.97 - - [17/Mar/2026:13:37:25 -0600] "GET /admin-network-ar.po?p=Ahome1Aimmorth6AetcAivy-menuIcom HTTP/2.0" 200 2604 "-" "Mozilla/5.0 AppleWebKit/537.36 (KHTML, like Gecko; compatible; ClaudeBot/1.0; +claudebot@anthropic.com)" www.event.acesolutions-ksa.com 74.220.219.162
74.7.242.19 - - [17/Mar/2026:13:37:30 -0600] "GET /390?edit=1773045247.M849123P647468.box2010.bluehost.com%2CS%3D2348%2CW%3D2413&p=Ahome1Aimmorth6AmailAnew HTTP/1.1" 200 1677 "https://www.event.acesolutions-ksa.com/390?p=Ahome1Aimmorth6AmailAnew" "Mozilla/5.0 AppleWebKit/537.36 (KHTML, like Gecko; compatible; GPTBot/1.3; +https://openai.com/gptbot)" www.event.acesolutions-ksa.com 74.220.219.162
74.7.242.19 - - [17/Mar/2026:13:37:30 -0600] "GET /390?edit=1773045247.M849123P647468.box2010.bluehost.com%2CS%3D2348%2CW%3D2413&p=Ahome1Aimmorth6AmailAnew HTTP/2.0" 200 1677 "https://www.event.acesolutions-ksa.com/390?p=Ahome1Aimmorth6AmailAnew" "Mozilla/5.0 AppleWebKit/537.36 (KHTML, like Gecko; compatible; GPTBot/1.3; +https://openai.com/gptbot)" www.event.acesolutions-ksa.com 74.220.219.162
74.7.242.19 - - [17/Mar/2026:13:37:40 -0600] "GET /299?edit=1773024306.M355115P256026.box2010.bluehost.com%2CS%3D2348%2CW%3D2413&p=Ahome1Aimmorth6AmailAnew HTTP/1.1" 200 1663 "https://www.event.acesolutions-ksa.com/299?p=Ahome1Aimmorth6AmailAnew" "Mozilla/5.0 AppleWebKit/537.36 (KHTML, like Gecko; compatible; GPTBot/1.3; +https://openai.com/gptbot)" www.event.acesolutions-ksa.com 74.220.219.162
74.7.242.19 - - [17/Mar/2026:13:37:40 -0600] "GET /299?edit=1773024306.M355115P256026.box2010.bluehost.com%2CS%3D2348%2CW%3D2413&p=Ahome1Aimmorth6AmailAnew HTTP/2.0" 200 1663 "https://www.event.acesolutions-ksa.com/299?p=Ahome1Aimmorth6AmailAnew" "Mozilla/5.0 AppleWebKit/537.36 (KHTML, like Gecko; compatible; GPTBot/1.3; +https://openai.com/gptbot)" www.event.acesolutions-ksa.com 74.220.219.162
74.7.242.19 - - [17/Mar/2026:13:37:50 -0600] "GET /299?edit=1773025767.M820251P435617.box2010.bluehost.com%2CS%3D2348%2CW%3D2413&p=Ahome1Aimmorth6AmailAnew HTTP/1.1" 200 1679 "https://www.event.acesolutions-ksa.com/299?p=Ahome1Aimmorth6AmailAnew" "Mozilla/5.0 AppleWebKit/537.36 (KHTML, like Gecko; compatible; GPTBot/1.3; +https://openai.com/gptbot)" www.event.acesolutions-ksa.com 74.220.219.162
74.7.242.19 - - [17/Mar/2026:13:37:50 -0600] "GET /299?edit=1773025767.M820251P435617.box2010.bluehost.com%2CS%3D2348%2CW%3D2413&p=Ahome1Aimmorth6AmailAnew HTTP/2.0" 200 1679 "https://www.event.acesolutions-ksa.com/299?p=Ahome1Aimmorth6AmailAnew" "Mozilla/5.0 AppleWebKit/537.36 (KHTML, like Gecko; compatible; GPTBot/1.3; +https://openai.com/gptbot)" www.event.acesolutions-ksa.com 74.220.219.162
74.7.227.146 - - [17/Mar/2026:13:37:51 -0600] "GET /1773035926.M777592P1004786.box2010.bluehost.com,S=2348,W=2413/?edit=immortal-tech-net.immortal-designs.net-ssl_log&p=Ahome1Aimmorth6Aaccess-logs HTTP/2.0" 200 54534 "https://event.acesolutions-ksa.com/ar/1773035926.M777592P1004786.box2010.bluehost.com,S=2348,W=2413/?edit=immortal-tech-net.immortal-designs.net-ssl_log&p=Ahome1Aimmorth6Aaccess-logs" "Mozilla/5.0 AppleWebKit/537.36 (KHTML, like Gecko; compatible; GPTBot/1.3; +https://openai.com/gptbot)" event.acesolutions-ksa.com 74.220.219.162
74.7.242.19 - - [17/Mar/2026:13:38:00 -0600] "GET /390?edit=1773016581.M365452P788663.box2010.bluehost.com%2CS%3D2348%2CW%3D2413&p=Ahome1Aimmorth6AmailAnew HTTP/1.1" 200 1683 "https://www.event.acesolutions-ksa.com/390?p=Ahome1Aimmorth6AmailAnew" "Mozilla/5.0 AppleWebKit/537.36 (KHTML, like Gecko; compatible; GPTBot/1.3; +https://openai.com/gptbot)" www.event.acesolutions-ksa.com 74.220.219.162
74.7.242.19 - - [17/Mar/2026:13:38:00 -0600] "GET /390?edit=1773016581.M365452P788663.box2010.bluehost.com%2CS%3D2348%2CW%3D2413&p=Ahome1Aimmorth6AmailAnew HTTP/2.0" 200 1683 "https://www.event.acesolutions-ksa.com/390?p=Ahome1Aimmorth6AmailAnew" "Mozilla/5.0 AppleWebKit/537.36 (KHTML, like Gecko; compatible; GPTBot/1.3; +https://openai.com/gptbot)" www.event.acesolutions-ksa.com 74.220.219.162
74.7.242.19 - - [17/Mar/2026:13:38:11 -0600] "GET /390?edit=1773026004.M475663P448681.box2010.bluehost.com%2CS%3D2343%2CW%3D2408&p=Ahome1Aimmorth6AmailAnew HTTP/1.1" 200 1677 "https://www.event.acesolutions-ksa.com/390?p=Ahome1Aimmorth6AmailAnew" "Mozilla/5.0 AppleWebKit/537.36 (KHTML, like Gecko; compatible; GPTBot/1.3; +https://openai.com/gptbot)" www.event.acesolutions-ksa.com 74.220.219.162
74.7.242.19 - - [17/Mar/2026:13:38:11 -0600] "GET /390?edit=1773026004.M475663P448681.box2010.bluehost.com%2CS%3D2343%2CW%3D2408&p=Ahome1Aimmorth6AmailAnew HTTP/2.0" 200 1677 "https://www.event.acesolutions-ksa.com/390?p=Ahome1Aimmorth6AmailAnew" "Mozilla/5.0 AppleWebKit/537.36 (KHTML, like Gecko; compatible; GPTBot/1.3; +https://openai.com/gptbot)" www.event.acesolutions-ksa.com 74.220.219.162
74.7.242.19 - - [17/Mar/2026:13:38:21 -0600] "GET /391?edit=1773025065.M178649P256026.box2010.bluehost.com%2CS%3D2352%2CW%3D2417&p=Ahome1Aimmorth6AmailAnew HTTP/1.1" 200 1670 "https://www.event.acesolutions-ksa.com/391?p=Ahome1Aimmorth6AmailAnew" "Mozilla/5.0 AppleWebKit/537.36 (KHTML, like Gecko; compatible; GPTBot/1.3; +https://openai.com/gptbot)" www.event.acesolutions-ksa.com 74.220.219.162
74.7.242.19 - - [17/Mar/2026:13:38:21 -0600] "GET /391?edit=1773025065.M178649P256026.box2010.bluehost.com%2CS%3D2352%2CW%3D2417&p=Ahome1Aimmorth6AmailAnew HTTP/2.0" 200 1670 "https://www.event.acesolutions-ksa.com/391?p=Ahome1Aimmorth6AmailAnew" "Mozilla/5.0 AppleWebKit/537.36 (KHTML, like Gecko; compatible; GPTBot/1.3; +https://openai.com/gptbot)" www.event.acesolutions-ksa.com 74.220.219.162
74.7.242.19 - - [17/Mar/2026:13:38:31 -0600] "GET /649?edit=1773016991.M884272P788663.box2010.bluehost.com%2CS%3D2343%2CW%3D2408&p=Ahome1Aimmorth6AmailAnew HTTP/1.1" 200 1672 "https://www.event.acesolutions-ksa.com/649?p=Ahome1Aimmorth6AmailAnew" "Mozilla/5.0 AppleWebKit/537.36 (KHTML, like Gecko; compatible; GPTBot/1.3; +https://openai.com/gptbot)" www.event.acesolutions-ksa.com 74.220.219.162
74.7.242.19 - - [17/Mar/2026:13:38:31 -0600] "GET /649?edit=1773016991.M884272P788663.box2010.bluehost.com%2CS%3D2343%2CW%3D2408&p=Ahome1Aimmorth6AmailAnew HTTP/2.0" 200 1672 "https://www.event.acesolutions-ksa.com/649?p=Ahome1Aimmorth6AmailAnew" "Mozilla/5.0 AppleWebKit/537.36 (KHTML, like Gecko; compatible; GPTBot/1.3; +https://openai.com/gptbot)" www.event.acesolutions-ksa.com 74.220.219.162
74.220.219.162 - - [17/Mar/2026:13:38:43 -0600] "POST /wp-cron.php?doing_wp_cron=1773776323.2557260990142822265625 HTTP/2.0" 200 - "-" "WordPress/6.9; https://event.acesolutions-ksa.com" event.acesolutions-ksa.com 74.220.219.162
74.7.242.19 - - [17/Mar/2026:13:38:42 -0600] "GET /391?edit=1773042296.M821484P187002.box2010.bluehost.com%2CS%3D2343%2CW%3D2408&p=Ahome1Aimmorth6AmailAnew HTTP/1.1" 200 1643 "https://www.event.acesolutions-ksa.com/391?p=Ahome1Aimmorth6AmailAnew" "Mozilla/5.0 AppleWebKit/537.36 (KHTML, like Gecko; compatible; GPTBot/1.3; +https://openai.com/gptbot)" www.event.acesolutions-ksa.com 74.220.219.162
74.7.242.19 - - [17/Mar/2026:13:38:42 -0600] "GET /391?edit=1773042296.M821484P187002.box2010.bluehost.com%2CS%3D2343%2CW%3D2408&p=Ahome1Aimmorth6AmailAnew HTTP/2.0" 200 1643 "https://www.event.acesolutions-ksa.com/391?p=Ahome1Aimmorth6AmailAnew" "Mozilla/5.0 AppleWebKit/537.36 (KHTML, like Gecko; compatible; GPTBot/1.3; +https://openai.com/gptbot)" www.event.acesolutions-ksa.com 74.220.219.162
74.7.227.146 - - [17/Mar/2026:13:38:50 -0600] "GET /3ff/immorth6_wearmoda.1616344659.sql HTTP/2.0" 406 226 "https://event.acesolutions-ksa.com/3ff/?p=Ahome1Aimmorth6" "Mozilla/5.0 AppleWebKit/537.36 (KHTML, like Gecko; compatible; GPTBot/1.3; +https://openai.com/gptbot)" event.acesolutions-ksa.com 74.220.219.162
74.7.242.19 - - [17/Mar/2026:13:38:53 -0600] "GET /316?edit=1773027371.M533277P448681.box2010.bluehost.com%2CS%3D2348%2CW%3D2413&p=Ahome1Aimmorth6AmailAnew HTTP/1.1" 200 1656 "https://www.event.acesolutions-ksa.com/316?p=Ahome1Aimmorth6AmailAnew" "Mozilla/5.0 AppleWebKit/537.36 (KHTML, like Gecko; compatible; GPTBot/1.3; +https://openai.com/gptbot)" www.event.acesolutions-ksa.com 74.220.219.162
74.7.242.19 - - [17/Mar/2026:13:38:53 -0600] "GET /316?edit=1773027371.M533277P448681.box2010.bluehost.com%2CS%3D2348%2CW%3D2413&p=Ahome1Aimmorth6AmailAnew HTTP/2.0" 200 1656 "https://www.event.acesolutions-ksa.com/316?p=Ahome1Aimmorth6AmailAnew" "Mozilla/5.0 AppleWebKit/537.36 (KHTML, like Gecko; compatible; GPTBot/1.3; +https://openai.com/gptbot)" www.event.acesolutions-ksa.com 74.220.219.162
74.7.242.19 - - [17/Mar/2026:13:39:04 -0600] "GET /390?edit=1773037742.M700775P2123.box2010.bluehost.com%2CS%3D2348%2CW%3D2413&p=Ahome1Aimmorth6AmailAnew HTTP/1.1" 200 1666 "https://www.event.acesolutions-ksa.com/390?p=Ahome1Aimmorth6AmailAnew" "Mozilla/5.0 AppleWebKit/537.36 (KHTML, like Gecko; compatible; GPTBot/1.3; +https://openai.com/gptbot)" www.event.acesolutions-ksa.com 74.220.219.162
74.7.242.19 - - [17/Mar/2026:13:39:04 -0600] "GET /390?edit=1773037742.M700775P2123.box2010.bluehost.com%2CS%3D2348%2CW%3D2413&p=Ahome1Aimmorth6AmailAnew HTTP/2.0" 200 1666 "https://www.event.acesolutions-ksa.com/390?p=Ahome1Aimmorth6AmailAnew" "Mozilla/5.0 AppleWebKit/537.36 (KHTML, like Gecko; compatible; GPTBot/1.3; +https://openai.com/gptbot)" www.event.acesolutions-ksa.com 74.220.219.162
74.7.242.19 - - [17/Mar/2026:13:39:16 -0600] "GET /390?edit=1773026011.M898399P435617.box2010.bluehost.com%2CS%3D2348%2CW%3D2413&p=Ahome1Aimmorth6AmailAnew HTTP/1.1" 200 1690 "https://www.event.acesolutions-ksa.com/390?p=Ahome1Aimmorth6AmailAnew" "Mozilla/5.0 AppleWebKit/537.36 (KHTML, like Gecko; compatible; GPTBot/1.3; +https://openai.com/gptbot)" www.event.acesolutions-ksa.com 74.220.219.162
74.7.242.19 - - [17/Mar/2026:13:39:16 -0600] "GET /390?edit=1773026011.M898399P435617.box2010.bluehost.com%2CS%3D2348%2CW%3D2413&p=Ahome1Aimmorth6AmailAnew HTTP/2.0" 200 1690 "https://www.event.acesolutions-ksa.com/390?p=Ahome1Aimmorth6AmailAnew" "Mozilla/5.0 AppleWebKit/537.36 (KHTML, like Gecko; compatible; GPTBot/1.3; +https://openai.com/gptbot)" www.event.acesolutions-ksa.com 74.220.219.162
74.7.242.19 - - [17/Mar/2026:13:39:25 -0600] "GET /299?edit=1773022843.M935681P256026.box2010.bluehost.com%2CS%3D2348%2CW%3D2413&p=Ahome1Aimmorth6AmailAnew HTTP/1.1" 200 1662 "https://www.event.acesolutions-ksa.com/299?p=Ahome1Aimmorth6AmailAnew" "Mozilla/5.0 AppleWebKit/537.36 (KHTML, like Gecko; compatible; GPTBot/1.3; +https://openai.com/gptbot)" www.event.acesolutions-ksa.com 74.220.219.162
74.7.242.19 - - [17/Mar/2026:13:39:25 -0600] "GET /299?edit=1773022843.M935681P256026.box2010.bluehost.com%2CS%3D2348%2CW%3D2413&p=Ahome1Aimmorth6AmailAnew HTTP/2.0" 200 1662 "https://www.event.acesolutions-ksa.com/299?p=Ahome1Aimmorth6AmailAnew" "Mozilla/5.0 AppleWebKit/537.36 (KHTML, like Gecko; compatible; GPTBot/1.3; +https://openai.com/gptbot)" www.event.acesolutions-ksa.com 74.220.219.162
74.7.242.19 - - [17/Mar/2026:13:39:35 -0600] "GET /391?edit=1773022418.M719917P256026.box2010.bluehost.com%2CS%3D2348%2CW%3D2413&p=Ahome1Aimmorth6AmailAnew HTTP/1.1" 200 1674 "https://www.event.acesolutions-ksa.com/391?p=Ahome1Aimmorth6AmailAnew" "Mozilla/5.0 AppleWebKit/537.36 (KHTML, like Gecko; compatible; GPTBot/1.3; +https://openai.com/gptbot)" www.event.acesolutions-ksa.com 74.220.219.162
74.7.242.19 - - [17/Mar/2026:13:39:35 -0600] "GET /391?edit=1773022418.M719917P256026.box2010.bluehost.com%2CS%3D2348%2CW%3D2413&p=Ahome1Aimmorth6AmailAnew HTTP/2.0" 200 1674 "https://www.event.acesolutions-ksa.com/391?p=Ahome1Aimmorth6AmailAnew" "Mozilla/5.0 AppleWebKit/537.36 (KHTML, like Gecko; compatible; GPTBot/1.3; +https://openai.com/gptbot)" www.event.acesolutions-ksa.com 74.220.219.162
74.7.242.19 - - [17/Mar/2026:13:39:46 -0600] "GET /299?edit=1754068302.M717536P829814.box2010.bluehost.com%2CS%3D4239%2CW%3D4338%3A2%2C&p=Ahome1Aimmorth6AmailAcur HTTP/1.1" 200 2560 "https://www.event.acesolutions-ksa.com/299?p=Ahome1Aimmorth6AmailAcur" "Mozilla/5.0 AppleWebKit/537.36 (KHTML, like Gecko; compatible; GPTBot/1.3; +https://openai.com/gptbot)" www.event.acesolutions-ksa.com 74.220.219.162
74.7.242.19 - - [17/Mar/2026:13:39:46 -0600] "GET /299?edit=1754068302.M717536P829814.box2010.bluehost.com%2CS%3D4239%2CW%3D4338%3A2%2C&p=Ahome1Aimmorth6AmailAcur HTTP/2.0" 200 2560 "https://www.event.acesolutions-ksa.com/299?p=Ahome1Aimmorth6AmailAcur" "Mozilla/5.0 AppleWebKit/537.36 (KHTML, like Gecko; compatible; GPTBot/1.3; +https://openai.com/gptbot)" www.event.acesolutions-ksa.com 74.220.219.162
74.7.227.146 - - [17/Mar/2026:13:39:48 -0600] "GET /ar/3ff/?edit=immortal-designs.net-ssl_log&p=Ahome1Aimmorth6Aaccess-logs HTTP/2.0" 200 54484 "https://www.website-efd5428f.ilq.ypm.mybluehost.me" "Mozilla/5.0 AppleWebKit/537.36 (KHTML, like Gecko; compatible; GPTBot/1.3; +https://openai.com/gptbot)" event.acesolutions-ksa.com 74.220.219.162
74.7.242.19 - - [17/Mar/2026:13:39:56 -0600] "GET /391?edit=1773025978.M151299P448681.box2010.bluehost.com%2CS%3D2343%2CW%3D2408&p=Ahome1Aimmorth6AmailAnew HTTP/1.1" 200 1672 "https://www.event.acesolutions-ksa.com/391?p=Ahome1Aimmorth6AmailAnew" "Mozilla/5.0 AppleWebKit/537.36 (KHTML, like Gecko; compatible; GPTBot/1.3; +https://openai.com/gptbot)" www.event.acesolutions-ksa.com 74.220.219.162
74.7.242.19 - - [17/Mar/2026:13:39:56 -0600] "GET /391?edit=1773025978.M151299P448681.box2010.bluehost.com%2CS%3D2343%2CW%3D2408&p=Ahome1Aimmorth6AmailAnew HTTP/2.0" 200 1672 "https://www.event.acesolutions-ksa.com/391?p=Ahome1Aimmorth6AmailAnew" "Mozilla/5.0 AppleWebKit/537.36 (KHTML, like Gecko; compatible; GPTBot/1.3; +https://openai.com/gptbot)" www.event.acesolutions-ksa.com 74.220.219.162
74.7.242.19 - - [17/Mar/2026:13:40:07 -0600] "GET /299?edit=1773027930.M589426P448681.box2010.bluehost.com%2CS%3D2343%2CW%3D2408&p=Ahome1Aimmorth6AmailAnew HTTP/1.1" 200 1636 "https://www.event.acesolutions-ksa.com/299?p=Ahome1Aimmorth6AmailAnew" "Mozilla/5.0 AppleWebKit/537.36 (KHTML, like Gecko; compatible; GPTBot/1.3; +https://openai.com/gptbot)" www.event.acesolutions-ksa.com 74.220.219.162
74.7.242.19 - - [17/Mar/2026:13:40:07 -0600] "GET /299?edit=1773027930.M589426P448681.box2010.bluehost.com%2CS%3D2343%2CW%3D2408&p=Ahome1Aimmorth6AmailAnew HTTP/2.0" 200 1636 "https://www.event.acesolutions-ksa.com/299?p=Ahome1Aimmorth6AmailAnew" "Mozilla/5.0 AppleWebKit/537.36 (KHTML, like Gecko; compatible; GPTBot/1.3; +https://openai.com/gptbot)" www.event.acesolutions-ksa.com 74.220.219.162
216.73.216.97 - - [17/Mar/2026:13:40:09 -0600] "GET /?edit=plans-2690-rtl.css&p=Ahome1Aimmorth6Apublic_htmlAwebsite_efd5428fAwp-contentApluginsAwordpress-seoAcssAdist HTTP/2.0" 200 908 "-" "Mozilla/5.0 AppleWebKit/537.36 (KHTML, like Gecko; compatible; ClaudeBot/1.0; +claudebot@anthropic.com)" www.event.acesolutions-ksa.com 74.220.219.162
74.7.242.19 - - [17/Mar/2026:13:40:17 -0600] "GET /649?edit=1773026038.M328591P435617.box2010.bluehost.com%2CS%3D2348%2CW%3D2413&p=Ahome1Aimmorth6AmailAnew HTTP/1.1" 200 1688 "https://www.event.acesolutions-ksa.com/649?p=Ahome1Aimmorth6AmailAnew" "Mozilla/5.0 AppleWebKit/537.36 (KHTML, like Gecko; compatible; GPTBot/1.3; +https://openai.com/gptbot)" www.event.acesolutions-ksa.com 74.220.219.162
74.7.242.19 - - [17/Mar/2026:13:40:17 -0600] "GET /649?edit=1773026038.M328591P435617.box2010.bluehost.com%2CS%3D2348%2CW%3D2413&p=Ahome1Aimmorth6AmailAnew HTTP/2.0" 200 1688 "https://www.event.acesolutions-ksa.com/649?p=Ahome1Aimmorth6AmailAnew" "Mozilla/5.0 AppleWebKit/537.36 (KHTML, like Gecko; compatible; GPTBot/1.3; +https://openai.com/gptbot)" www.event.acesolutions-ksa.com 74.220.219.162
74.7.242.19 - - [17/Mar/2026:13:40:27 -0600] "GET /391?edit=1773042974.M53100P187002.box2010.bluehost.com%2CS%3D2348%2CW%3D2413&p=Ahome1Aimmorth6AmailAnew HTTP/1.1" 200 1657 "https://www.event.acesolutions-ksa.com/391?p=Ahome1Aimmorth6AmailAnew" "Mozilla/5.0 AppleWebKit/537.36 (KHTML, like Gecko; compatible; GPTBot/1.3; +https://openai.com/gptbot)" www.event.acesolutions-ksa.com 74.220.219.162
74.7.242.19 - - [17/Mar/2026:13:40:27 -0600] "GET /391?edit=1773042974.M53100P187002.box2010.bluehost.com%2CS%3D2348%2CW%3D2413&p=Ahome1Aimmorth6AmailAnew HTTP/2.0" 200 1657 "https://www.event.acesolutions-ksa.com/391?p=Ahome1Aimmorth6AmailAnew" "Mozilla/5.0 AppleWebKit/537.36 (KHTML, like Gecko; compatible; GPTBot/1.3; +https://openai.com/gptbot)" www.event.acesolutions-ksa.com 74.220.219.162
74.7.242.19 - - [17/Mar/2026:13:40:38 -0600] "GET /316?edit=1773035389.M959697P945953.box2010.bluehost.com%2CS%3D2343%2CW%3D2408&p=Ahome1Aimmorth6AmailAnew HTTP/1.1" 200 1655 "https://www.event.acesolutions-ksa.com/316?p=Ahome1Aimmorth6AmailAnew" "Mozilla/5.0 AppleWebKit/537.36 (KHTML, like Gecko; compatible; GPTBot/1.3; +https://openai.com/gptbot)" www.event.acesolutions-ksa.com 74.220.219.162
74.7.242.19 - - [17/Mar/2026:13:40:37 -0600] "GET /316?edit=1773035389.M959697P945953.box2010.bluehost.com%2CS%3D2343%2CW%3D2408&p=Ahome1Aimmorth6AmailAnew HTTP/2.0" 200 1655 "https://www.event.acesolutions-ksa.com/316?p=Ahome1Aimmorth6AmailAnew" "Mozilla/5.0 AppleWebKit/537.36 (KHTML, like Gecko; compatible; GPTBot/1.3; +https://openai.com/gptbot)" www.event.acesolutions-ksa.com 74.220.219.162
74.220.219.162 - - [17/Mar/2026:13:40:43 -0600] "POST /wp-cron.php?doing_wp_cron=1773776443.7933518886566162109375 HTTP/2.0" 200 - "-" "WordPress/6.9; https://event.acesolutions-ksa.com" event.acesolutions-ksa.com 74.220.219.162
74.7.227.146 - - [17/Mar/2026:13:40:43 -0600] "GET /dovecot-uidvalidity.698ee2dc/ HTTP/2.0" 200 54193 "https://event.acesolutions-ksa.com/ar/dovecot-uidvalidity.698ee2dc/" "Mozilla/5.0 AppleWebKit/537.36 (KHTML, like Gecko; compatible; GPTBot/1.3; +https://openai.com/gptbot)" event.acesolutions-ksa.com 74.220.219.162
74.7.242.19 - - [17/Mar/2026:13:40:48 -0600] "GET /316?edit=1773035488.M779317P945953.box2010.bluehost.com%2CS%3D2343%2CW%3D2408&p=Ahome1Aimmorth6AmailAnew HTTP/1.1" 200 1679 "https://www.event.acesolutions-ksa.com/316?p=Ahome1Aimmorth6AmailAnew" "Mozilla/5.0 AppleWebKit/537.36 (KHTML, like Gecko; compatible; GPTBot/1.3; +https://openai.com/gptbot)" www.event.acesolutions-ksa.com 74.220.219.162
74.7.242.19 - - [17/Mar/2026:13:40:48 -0600] "GET /316?edit=1773035488.M779317P945953.box2010.bluehost.com%2CS%3D2343%2CW%3D2408&p=Ahome1Aimmorth6AmailAnew HTTP/2.0" 200 1679 "https://www.event.acesolutions-ksa.com/316?p=Ahome1Aimmorth6AmailAnew" "Mozilla/5.0 AppleWebKit/537.36 (KHTML, like Gecko; compatible; GPTBot/1.3; +https://openai.com/gptbot)" www.event.acesolutions-ksa.com 74.220.219.162
74.7.242.19 - - [17/Mar/2026:13:40:58 -0600] "GET /390?edit=1763417491.M711504P726947.box2010.bluehost.com%2CS%3D3389%2CW%3D3480&p=Ahome1Aimmorth6AmailAnew HTTP/1.1" 200 2166 "https://www.event.acesolutions-ksa.com/390?p=Ahome1Aimmorth6AmailAnew" "Mozilla/5.0 AppleWebKit/537.36 (KHTML, like Gecko; compatible; GPTBot/1.3; +https://openai.com/gptbot)" www.event.acesolutions-ksa.com 74.220.219.162
74.7.242.19 - - [17/Mar/2026:13:40:58 -0600] "GET /390?edit=1763417491.M711504P726947.box2010.bluehost.com%2CS%3D3389%2CW%3D3480&p=Ahome1Aimmorth6AmailAnew HTTP/2.0" 200 2166 "https://www.event.acesolutions-ksa.com/390?p=Ahome1Aimmorth6AmailAnew" "Mozilla/5.0 AppleWebKit/537.36 (KHTML, like Gecko; compatible; GPTBot/1.3; +https://openai.com/gptbot)" www.event.acesolutions-ksa.com 74.220.219.162
74.7.242.19 - - [17/Mar/2026:13:41:08 -0600] "GET /391?edit=1773045033.M172794P647468.box2010.bluehost.com%2CS%3D2348%2CW%3D2413&p=Ahome1Aimmorth6AmailAnew HTTP/1.1" 200 1694 "https://www.event.acesolutions-ksa.com/391?p=Ahome1Aimmorth6AmailAnew" "Mozilla/5.0 AppleWebKit/537.36 (KHTML, like Gecko; compatible; GPTBot/1.3; +https://openai.com/gptbot)" www.event.acesolutions-ksa.com 74.220.219.162
74.7.242.19 - - [17/Mar/2026:13:41:08 -0600] "GET /391?edit=1773045033.M172794P647468.box2010.bluehost.com%2CS%3D2348%2CW%3D2413&p=Ahome1Aimmorth6AmailAnew HTTP/2.0" 200 1694 "https://www.event.acesolutions-ksa.com/391?p=Ahome1Aimmorth6AmailAnew" "Mozilla/5.0 AppleWebKit/537.36 (KHTML, like Gecko; compatible; GPTBot/1.3; +https://openai.com/gptbot)" www.event.acesolutions-ksa.com 74.220.219.162
74.7.242.19 - - [17/Mar/2026:13:41:19 -0600] "GET /299?edit=1773035411.M784052P970615.box2010.bluehost.com%2CS%3D2343%2CW%3D2408&p=Ahome1Aimmorth6AmailAnew HTTP/1.1" 200 1670 "https://www.event.acesolutions-ksa.com/299?p=Ahome1Aimmorth6AmailAnew" "Mozilla/5.0 AppleWebKit/537.36 (KHTML, like Gecko; compatible; GPTBot/1.3; +https://openai.com/gptbot)" www.event.acesolutions-ksa.com 74.220.219.162
74.7.242.19 - - [17/Mar/2026:13:41:19 -0600] "GET /299?edit=1773035411.M784052P970615.box2010.bluehost.com%2CS%3D2343%2CW%3D2408&p=Ahome1Aimmorth6AmailAnew HTTP/2.0" 200 1670 "https://www.event.acesolutions-ksa.com/299?p=Ahome1Aimmorth6AmailAnew" "Mozilla/5.0 AppleWebKit/537.36 (KHTML, like Gecko; compatible; GPTBot/1.3; +https://openai.com/gptbot)" www.event.acesolutions-ksa.com 74.220.219.162
74.7.242.19 - - [17/Mar/2026:13:41:29 -0600] "GET /649?edit=1773033679.M157210P849584.box2010.bluehost.com%2CS%3D2348%2CW%3D2413&p=Ahome1Aimmorth6AmailAnew HTTP/1.1" 200 1662 "https://www.event.acesolutions-ksa.com/649?p=Ahome1Aimmorth6AmailAnew" "Mozilla/5.0 AppleWebKit/537.36 (KHTML, like Gecko; compatible; GPTBot/1.3; +https://openai.com/gptbot)" www.event.acesolutions-ksa.com 74.220.219.162
74.7.242.19 - - [17/Mar/2026:13:41:29 -0600] "GET /649?edit=1773033679.M157210P849584.box2010.bluehost.com%2CS%3D2348%2CW%3D2413&p=Ahome1Aimmorth6AmailAnew HTTP/2.0" 200 1662 "https://www.event.acesolutions-ksa.com/649?p=Ahome1Aimmorth6AmailAnew" "Mozilla/5.0 AppleWebKit/537.36 (KHTML, like Gecko; compatible; GPTBot/1.3; +https://openai.com/gptbot)" www.event.acesolutions-ksa.com 74.220.219.162
74.7.227.146 - - [17/Mar/2026:13:41:36 -0600] "GET /ar/dovecot-uidvalidity.698ee2dc/endurance-page-cache.php HTTP/2.0" 409 83 "https://event.acesolutions-ksa.com/ar/dovecot-uidvalidity.698ee2dc/" "Mozilla/5.0 AppleWebKit/537.36 (KHTML, like Gecko; compatible; GPTBot/1.3; +https://openai.com/gptbot)" event.acesolutions-ksa.com 74.220.219.162
74.7.242.19 - - [17/Mar/2026:13:41:39 -0600] "GET /390?edit=1773033692.M464226P849584.box2010.bluehost.com%2CS%3D2348%2CW%3D2413&p=Ahome1Aimmorth6AmailAnew HTTP/1.1" 200 1688 "https://www.event.acesolutions-ksa.com/390?p=Ahome1Aimmorth6AmailAnew" "Mozilla/5.0 AppleWebKit/537.36 (KHTML, like Gecko; compatible; GPTBot/1.3; +https://openai.com/gptbot)" www.event.acesolutions-ksa.com 74.220.219.162
74.7.242.19 - - [17/Mar/2026:13:41:39 -0600] "GET /390?edit=1773033692.M464226P849584.box2010.bluehost.com%2CS%3D2348%2CW%3D2413&p=Ahome1Aimmorth6AmailAnew HTTP/2.0" 200 1688 "https://www.event.acesolutions-ksa.com/390?p=Ahome1Aimmorth6AmailAnew" "Mozilla/5.0 AppleWebKit/537.36 (KHTML, like Gecko; compatible; GPTBot/1.3; +https://openai.com/gptbot)" www.event.acesolutions-ksa.com 74.220.219.162
74.7.242.19 - - [17/Mar/2026:13:41:50 -0600] "GET /299?edit=1773016576.M897851P788663.box2010.bluehost.com%2CS%3D2348%2CW%3D2413&p=Ahome1Aimmorth6AmailAnew HTTP/1.1" 200 1682 "https://www.event.acesolutions-ksa.com/299?p=Ahome1Aimmorth6AmailAnew" "Mozilla/5.0 AppleWebKit/537.36 (KHTML, like Gecko; compatible; GPTBot/1.3; +https://openai.com/gptbot)" www.event.acesolutions-ksa.com 74.220.219.162
74.7.242.19 - - [17/Mar/2026:13:41:50 -0600] "GET /299?edit=1773016576.M897851P788663.box2010.bluehost.com%2CS%3D2348%2CW%3D2413&p=Ahome1Aimmorth6AmailAnew HTTP/2.0" 200 1682 "https://www.event.acesolutions-ksa.com/299?p=Ahome1Aimmorth6AmailAnew" "Mozilla/5.0 AppleWebKit/537.36 (KHTML, like Gecko; compatible; GPTBot/1.3; +https://openai.com/gptbot)" www.event.acesolutions-ksa.com 74.220.219.162
74.7.242.19 - - [17/Mar/2026:13:42:01 -0600] "GET /299?edit=1773042277.M21511P187002.box2010.bluehost.com%2CS%3D2343%2CW%3D2408&p=Ahome1Aimmorth6AmailAnew HTTP/1.1" 200 1660 "https://www.event.acesolutions-ksa.com/299?p=Ahome1Aimmorth6AmailAnew" "Mozilla/5.0 AppleWebKit/537.36 (KHTML, like Gecko; compatible; GPTBot/1.3; +https://openai.com/gptbot)" www.event.acesolutions-ksa.com 74.220.219.162
74.7.242.19 - - [17/Mar/2026:13:42:01 -0600] "GET /299?edit=1773042277.M21511P187002.box2010.bluehost.com%2CS%3D2343%2CW%3D2408&p=Ahome1Aimmorth6AmailAnew HTTP/2.0" 200 1660 "https://www.event.acesolutions-ksa.com/299?p=Ahome1Aimmorth6AmailAnew" "Mozilla/5.0 AppleWebKit/537.36 (KHTML, like Gecko; compatible; GPTBot/1.3; +https://openai.com/gptbot)" www.event.acesolutions-ksa.com 74.220.219.162
74.7.242.19 - - [17/Mar/2026:13:42:11 -0600] "GET /316?edit=1773023073.M211018P256026.box2010.bluehost.com%2CS%3D2348%2CW%3D2413&p=Ahome1Aimmorth6AmailAnew HTTP/1.1" 200 1680 "https://www.event.acesolutions-ksa.com/316?p=Ahome1Aimmorth6AmailAnew" "Mozilla/5.0 AppleWebKit/537.36 (KHTML, like Gecko; compatible; GPTBot/1.3; +https://openai.com/gptbot)" www.event.acesolutions-ksa.com 74.220.219.162
74.7.242.19 - - [17/Mar/2026:13:42:11 -0600] "GET /316?edit=1773023073.M211018P256026.box2010.bluehost.com%2CS%3D2348%2CW%3D2413&p=Ahome1Aimmorth6AmailAnew HTTP/2.0" 200 1680 "https://www.event.acesolutions-ksa.com/316?p=Ahome1Aimmorth6AmailAnew" "Mozilla/5.0 AppleWebKit/537.36 (KHTML, like Gecko; compatible; GPTBot/1.3; +https://openai.com/gptbot)" www.event.acesolutions-ksa.com 74.220.219.162
74.7.242.19 - - [17/Mar/2026:13:42:21 -0600] "GET /316?edit=1773040425.M806251P187002.box2010.bluehost.com%2CS%3D2348%2CW%3D2413&p=Ahome1Aimmorth6AmailAnew HTTP/1.1" 200 1685 "https://www.event.acesolutions-ksa.com/316?p=Ahome1Aimmorth6AmailAnew" "Mozilla/5.0 AppleWebKit/537.36 (KHTML, like Gecko; compatible; GPTBot/1.3; +https://openai.com/gptbot)" www.event.acesolutions-ksa.com 74.220.219.162
74.7.242.19 - - [17/Mar/2026:13:42:21 -0600] "GET /316?edit=1773040425.M806251P187002.box2010.bluehost.com%2CS%3D2348%2CW%3D2413&p=Ahome1Aimmorth6AmailAnew HTTP/2.0" 200 1685 "https://www.event.acesolutions-ksa.com/316?p=Ahome1Aimmorth6AmailAnew" "Mozilla/5.0 AppleWebKit/537.36 (KHTML, like Gecko; compatible; GPTBot/1.3; +https://openai.com/gptbot)" www.event.acesolutions-ksa.com 74.220.219.162
74.7.227.146 - - [17/Mar/2026:13:42:21 -0600] "GET /ar/2f1/?edit=immortal-tech.net.zip&p=Ahome1Aimmorth6Aetc HTTP/2.0" 200 307606 "https://www.website-efd5428f.ilq.ypm.mybluehost.me" "Mozilla/5.0 AppleWebKit/537.36 (KHTML, like Gecko; compatible; GPTBot/1.3; +https://openai.com/gptbot)" event.acesolutions-ksa.com 74.220.219.162
74.7.242.19 - - [17/Mar/2026:13:42:32 -0600] "GET /316?edit=1773041384.M804536P187002.box2010.bluehost.com%2CS%3D2348%2CW%3D2413&p=Ahome1Aimmorth6AmailAnew HTTP/1.1" 200 1691 "https://www.event.acesolutions-ksa.com/316?p=Ahome1Aimmorth6AmailAnew" "Mozilla/5.0 AppleWebKit/537.36 (KHTML, like Gecko; compatible; GPTBot/1.3; +https://openai.com/gptbot)" www.event.acesolutions-ksa.com 74.220.219.162
74.7.242.19 - - [17/Mar/2026:13:42:32 -0600] "GET /316?edit=1773041384.M804536P187002.box2010.bluehost.com%2CS%3D2348%2CW%3D2413&p=Ahome1Aimmorth6AmailAnew HTTP/2.0" 200 1691 "https://www.event.acesolutions-ksa.com/316?p=Ahome1Aimmorth6AmailAnew" "Mozilla/5.0 AppleWebKit/537.36 (KHTML, like Gecko; compatible; GPTBot/1.3; +https://openai.com/gptbot)" www.event.acesolutions-ksa.com 74.220.219.162
74.7.242.19 - - [17/Mar/2026:13:42:43 -0600] "GET /299?edit=1773037428.M301294P2123.box2010.bluehost.com%2CS%3D2343%2CW%3D2408&p=Ahome1Aimmorth6AmailAnew HTTP/1.1" 200 1687 "https://www.event.acesolutions-ksa.com/299?p=Ahome1Aimmorth6AmailAnew" "Mozilla/5.0 AppleWebKit/537.36 (KHTML, like Gecko; compatible; GPTBot/1.3; +https://openai.com/gptbot)" www.event.acesolutions-ksa.com 74.220.219.162
74.7.242.19 - - [17/Mar/2026:13:42:43 -0600] "GET /299?edit=1773037428.M301294P2123.box2010.bluehost.com%2CS%3D2343%2CW%3D2408&p=Ahome1Aimmorth6AmailAnew HTTP/2.0" 200 1687 "https://www.event.acesolutions-ksa.com/299?p=Ahome1Aimmorth6AmailAnew" "Mozilla/5.0 AppleWebKit/537.36 (KHTML, like Gecko; compatible; GPTBot/1.3; +https://openai.com/gptbot)" www.event.acesolutions-ksa.com 74.220.219.162
74.220.219.162 - - [17/Mar/2026:13:42:54 -0600] "POST /wp-cron.php?doing_wp_cron=1773776574.1977689266204833984375 HTTP/2.0" 200 - "-" "WordPress/6.9; https://event.acesolutions-ksa.com" event.acesolutions-ksa.com 74.220.219.162
74.7.242.19 - - [17/Mar/2026:13:42:53 -0600] "GET /316?edit=1773025101.M505804P256026.box2010.bluehost.com%2CS%3D2348%2CW%3D2413&p=Ahome1Aimmorth6AmailAnew HTTP/1.1" 200 1676 "https://www.event.acesolutions-ksa.com/316?p=Ahome1Aimmorth6AmailAnew" "Mozilla/5.0 AppleWebKit/537.36 (KHTML, like Gecko; compatible; GPTBot/1.3; +https://openai.com/gptbot)" www.event.acesolutions-ksa.com 74.220.219.162
74.7.242.19 - - [17/Mar/2026:13:42:53 -0600] "GET /316?edit=1773025101.M505804P256026.box2010.bluehost.com%2CS%3D2348%2CW%3D2413&p=Ahome1Aimmorth6AmailAnew HTTP/2.0" 200 1676 "https://www.event.acesolutions-ksa.com/316?p=Ahome1Aimmorth6AmailAnew" "Mozilla/5.0 AppleWebKit/537.36 (KHTML, like Gecko; compatible; GPTBot/1.3; +https://openai.com/gptbot)" www.event.acesolutions-ksa.com 74.220.219.162
74.7.242.19 - - [17/Mar/2026:13:43:04 -0600] "GET /299?edit=1773028069.M31089P448681.box2010.bluehost.com%2CS%3D2343%2CW%3D2408&p=Ahome1Aimmorth6AmailAnew HTTP/1.1" 200 1674 "https://www.event.acesolutions-ksa.com/299?p=Ahome1Aimmorth6AmailAnew" "Mozilla/5.0 AppleWebKit/537.36 (KHTML, like Gecko; compatible; GPTBot/1.3; +https://openai.com/gptbot)" www.event.acesolutions-ksa.com 74.220.219.162
74.7.242.19 - - [17/Mar/2026:13:43:04 -0600] "GET /299?edit=1773028069.M31089P448681.box2010.bluehost.com%2CS%3D2343%2CW%3D2408&p=Ahome1Aimmorth6AmailAnew HTTP/2.0" 200 1674 "https://www.event.acesolutions-ksa.com/299?p=Ahome1Aimmorth6AmailAnew" "Mozilla/5.0 AppleWebKit/537.36 (KHTML, like Gecko; compatible; GPTBot/1.3; +https://openai.com/gptbot)" www.event.acesolutions-ksa.com 74.220.219.162
74.7.242.19 - - [17/Mar/2026:13:43:14 -0600] "GET /649?edit=1773031962.M526201P728811.box2010.bluehost.com%2CS%3D2343%2CW%3D2408&p=Ahome1Aimmorth6AmailAnew HTTP/1.1" 200 1665 "https://www.event.acesolutions-ksa.com/649?p=Ahome1Aimmorth6AmailAnew" "Mozilla/5.0 AppleWebKit/537.36 (KHTML, like Gecko; compatible; GPTBot/1.3; +https://openai.com/gptbot)" www.event.acesolutions-ksa.com 74.220.219.162
74.7.242.19 - - [17/Mar/2026:13:43:14 -0600] "GET /649?edit=1773031962.M526201P728811.box2010.bluehost.com%2CS%3D2343%2CW%3D2408&p=Ahome1Aimmorth6AmailAnew HTTP/2.0" 200 1665 "https://www.event.acesolutions-ksa.com/649?p=Ahome1Aimmorth6AmailAnew" "Mozilla/5.0 AppleWebKit/537.36 (KHTML, like Gecko; compatible; GPTBot/1.3; +https://openai.com/gptbot)" www.event.acesolutions-ksa.com 74.220.219.162
74.7.242.19 - - [17/Mar/2026:13:43:25 -0600] "GET /316?edit=1773033622.M918385P849584.box2010.bluehost.com%2CS%3D2343%2CW%3D2408&p=Ahome1Aimmorth6AmailAnew HTTP/1.1" 200 1684 "https://www.event.acesolutions-ksa.com/316?p=Ahome1Aimmorth6AmailAnew" "Mozilla/5.0 AppleWebKit/537.36 (KHTML, like Gecko; compatible; GPTBot/1.3; +https://openai.com/gptbot)" www.event.acesolutions-ksa.com 74.220.219.162
74.7.242.19 - - [17/Mar/2026:13:43:25 -0600] "GET /316?edit=1773033622.M918385P849584.box2010.bluehost.com%2CS%3D2343%2CW%3D2408&p=Ahome1Aimmorth6AmailAnew HTTP/2.0" 200 1684 "https://www.event.acesolutions-ksa.com/316?p=Ahome1Aimmorth6AmailAnew" "Mozilla/5.0 AppleWebKit/537.36 (KHTML, like Gecko; compatible; GPTBot/1.3; +https://openai.com/gptbot)" www.event.acesolutions-ksa.com 74.220.219.162
74.7.227.146 - - [17/Mar/2026:13:43:29 -0600] "GET /ar/93b/?edit=immortal-tech.net.zip&p=Ahome1Aimmorth6Aetc HTTP/2.0" 200 307607 "https://www.website-efd5428f.ilq.ypm.mybluehost.me" "Mozilla/5.0 AppleWebKit/537.36 (KHTML, like Gecko; compatible; GPTBot/1.3; +https://openai.com/gptbot)" event.acesolutions-ksa.com 74.220.219.162
74.7.242.19 - - [17/Mar/2026:13:43:36 -0600] "GET /316?edit=1773034119.M250645P901421.box2010.bluehost.com%2CS%3D2348%2CW%3D2413&p=Ahome1Aimmorth6AmailAnew HTTP/1.1" 200 1669 "https://www.event.acesolutions-ksa.com/316?p=Ahome1Aimmorth6AmailAnew" "Mozilla/5.0 AppleWebKit/537.36 (KHTML, like Gecko; compatible; GPTBot/1.3; +https://openai.com/gptbot)" www.event.acesolutions-ksa.com 74.220.219.162
74.7.242.19 - - [17/Mar/2026:13:43:36 -0600] "GET /316?edit=1773034119.M250645P901421.box2010.bluehost.com%2CS%3D2348%2CW%3D2413&p=Ahome1Aimmorth6AmailAnew HTTP/2.0" 200 1669 "https://www.event.acesolutions-ksa.com/316?p=Ahome1Aimmorth6AmailAnew" "Mozilla/5.0 AppleWebKit/537.36 (KHTML, like Gecko; compatible; GPTBot/1.3; +https://openai.com/gptbot)" www.event.acesolutions-ksa.com 74.220.219.162
74.7.242.19 - - [17/Mar/2026:13:43:46 -0600] "GET /316?edit=1773035529.M467894P970615.box2010.bluehost.com%2CS%3D2348%2CW%3D2413&p=Ahome1Aimmorth6AmailAnew HTTP/1.1" 200 1683 "https://www.event.acesolutions-ksa.com/316?p=Ahome1Aimmorth6AmailAnew" "Mozilla/5.0 AppleWebKit/537.36 (KHTML, like Gecko; compatible; GPTBot/1.3; +https://openai.com/gptbot)" www.event.acesolutions-ksa.com 74.220.219.162
74.7.242.19 - - [17/Mar/2026:13:43:46 -0600] "GET /316?edit=1773035529.M467894P970615.box2010.bluehost.com%2CS%3D2348%2CW%3D2413&p=Ahome1Aimmorth6AmailAnew HTTP/2.0" 200 1683 "https://www.event.acesolutions-ksa.com/316?p=Ahome1Aimmorth6AmailAnew" "Mozilla/5.0 AppleWebKit/537.36 (KHTML, like Gecko; compatible; GPTBot/1.3; +https://openai.com/gptbot)" www.event.acesolutions-ksa.com 74.220.219.162
74.7.242.19 - - [17/Mar/2026:13:43:57 -0600] "GET /391?edit=1773031323.M20635P728811.box2010.bluehost.com%2CS%3D2343%2CW%3D2408&p=Ahome1Aimmorth6AmailAnew HTTP/1.1" 200 1655 "https://www.event.acesolutions-ksa.com/391?p=Ahome1Aimmorth6AmailAnew" "Mozilla/5.0 AppleWebKit/537.36 (KHTML, like Gecko; compatible; GPTBot/1.3; +https://openai.com/gptbot)" www.event.acesolutions-ksa.com 74.220.219.162
74.7.242.19 - - [17/Mar/2026:13:43:57 -0600] "GET /391?edit=1773031323.M20635P728811.box2010.bluehost.com%2CS%3D2343%2CW%3D2408&p=Ahome1Aimmorth6AmailAnew HTTP/2.0" 200 1655 "https://www.event.acesolutions-ksa.com/391?p=Ahome1Aimmorth6AmailAnew" "Mozilla/5.0 AppleWebKit/537.36 (KHTML, like Gecko; compatible; GPTBot/1.3; +https://openai.com/gptbot)" www.event.acesolutions-ksa.com 74.220.219.162
74.7.242.19 - - [17/Mar/2026:13:44:08 -0600] "GET /649?edit=1773028057.M373046P448681.box2010.bluehost.com%2CS%3D2343%2CW%3D2408&p=Ahome1Aimmorth6AmailAnew HTTP/1.1" 200 1685 "https://www.event.acesolutions-ksa.com/649?p=Ahome1Aimmorth6AmailAnew" "Mozilla/5.0 AppleWebKit/537.36 (KHTML, like Gecko; compatible; GPTBot/1.3; +https://openai.com/gptbot)" www.event.acesolutions-ksa.com 74.220.219.162
74.7.242.19 - - [17/Mar/2026:13:44:08 -0600] "GET /649?edit=1773028057.M373046P448681.box2010.bluehost.com%2CS%3D2343%2CW%3D2408&p=Ahome1Aimmorth6AmailAnew HTTP/2.0" 200 1685 "https://www.event.acesolutions-ksa.com/649?p=Ahome1Aimmorth6AmailAnew" "Mozilla/5.0 AppleWebKit/537.36 (KHTML, like Gecko; compatible; GPTBot/1.3; +https://openai.com/gptbot)" www.event.acesolutions-ksa.com 74.220.219.162
74.7.242.19 - - [17/Mar/2026:13:44:18 -0600] "GET /299?edit=1755616576.M367330P265622.box2010.bluehost.com%2CS%3D3460%2CW%3D3545%3A2%2C&p=Ahome1Aimmorth6AmailAcur HTTP/1.1" 200 2148 "https://www.event.acesolutions-ksa.com/299?p=Ahome1Aimmorth6AmailAcur" "Mozilla/5.0 AppleWebKit/537.36 (KHTML, like Gecko; compatible; GPTBot/1.3; +https://openai.com/gptbot)" www.event.acesolutions-ksa.com 74.220.219.162
74.7.242.19 - - [17/Mar/2026:13:44:18 -0600] "GET /299?edit=1755616576.M367330P265622.box2010.bluehost.com%2CS%3D3460%2CW%3D3545%3A2%2C&p=Ahome1Aimmorth6AmailAcur HTTP/2.0" 200 2148 "https://www.event.acesolutions-ksa.com/299?p=Ahome1Aimmorth6AmailAcur" "Mozilla/5.0 AppleWebKit/537.36 (KHTML, like Gecko; compatible; GPTBot/1.3; +https://openai.com/gptbot)" www.event.acesolutions-ksa.com 74.220.219.162
74.7.227.146 - - [17/Mar/2026:13:44:26 -0600] "GET /3ff/?edit=immortal-designs.net-ssl_log&p=Ahome1Aimmorth6Aaccess-logs HTTP/2.0" 200 53173 "https://event.acesolutions-ksa.com/ar/3ff/?edit=immortal-designs.net-ssl_log&p=Ahome1Aimmorth6Aaccess-logs" "Mozilla/5.0 AppleWebKit/537.36 (KHTML, like Gecko; compatible; GPTBot/1.3; +https://openai.com/gptbot)" event.acesolutions-ksa.com 74.220.219.162
74.7.242.19 - - [17/Mar/2026:13:44:29 -0600] "GET /316?edit=1773017128.M992081P828751.box2010.bluehost.com%2CS%3D2348%2CW%3D2413&p=Ahome1Aimmorth6AmailAnew HTTP/1.1" 200 1689 "https://www.event.acesolutions-ksa.com/316?p=Ahome1Aimmorth6AmailAnew" "Mozilla/5.0 AppleWebKit/537.36 (KHTML, like Gecko; compatible; GPTBot/1.3; +https://openai.com/gptbot)" www.event.acesolutions-ksa.com 74.220.219.162
74.7.242.19 - - [17/Mar/2026:13:44:29 -0600] "GET /316?edit=1773017128.M992081P828751.box2010.bluehost.com%2CS%3D2348%2CW%3D2413&p=Ahome1Aimmorth6AmailAnew HTTP/2.0" 200 1689 "https://www.event.acesolutions-ksa.com/316?p=Ahome1Aimmorth6AmailAnew" "Mozilla/5.0 AppleWebKit/537.36 (KHTML, like Gecko; compatible; GPTBot/1.3; +https://openai.com/gptbot)" www.event.acesolutions-ksa.com 74.220.219.162
74.7.242.19 - - [17/Mar/2026:13:44:40 -0600] "GET /649?edit=1773034024.M716914P901421.box2010.bluehost.com%2CS%3D2343%2CW%3D2408&p=Ahome1Aimmorth6AmailAnew HTTP/1.1" 200 1680 "https://www.event.acesolutions-ksa.com/649?p=Ahome1Aimmorth6AmailAnew" "Mozilla/5.0 AppleWebKit/537.36 (KHTML, like Gecko; compatible; GPTBot/1.3; +https://openai.com/gptbot)" www.event.acesolutions-ksa.com 74.220.219.162
74.7.242.19 - - [17/Mar/2026:13:44:40 -0600] "GET /649?edit=1773034024.M716914P901421.box2010.bluehost.com%2CS%3D2343%2CW%3D2408&p=Ahome1Aimmorth6AmailAnew HTTP/2.0" 200 1680 "https://www.event.acesolutions-ksa.com/649?p=Ahome1Aimmorth6AmailAnew" "Mozilla/5.0 AppleWebKit/537.36 (KHTML, like Gecko; compatible; GPTBot/1.3; +https://openai.com/gptbot)" www.event.acesolutions-ksa.com 74.220.219.162
74.7.242.19 - - [17/Mar/2026:13:44:50 -0600] "GET /316?edit=1773034314.M946961P901421.box2010.bluehost.com%2CS%3D2348%2CW%3D2413&p=Ahome1Aimmorth6AmailAnew HTTP/1.1" 200 1634 "https://www.event.acesolutions-ksa.com/316?p=Ahome1Aimmorth6AmailAnew" "Mozilla/5.0 AppleWebKit/537.36 (KHTML, like Gecko; compatible; GPTBot/1.3; +https://openai.com/gptbot)" www.event.acesolutions-ksa.com 74.220.219.162
74.7.242.19 - - [17/Mar/2026:13:44:50 -0600] "GET /316?edit=1773034314.M946961P901421.box2010.bluehost.com%2CS%3D2348%2CW%3D2413&p=Ahome1Aimmorth6AmailAnew HTTP/2.0" 200 1634 "https://www.event.acesolutions-ksa.com/316?p=Ahome1Aimmorth6AmailAnew" "Mozilla/5.0 AppleWebKit/537.36 (KHTML, like Gecko; compatible; GPTBot/1.3; +https://openai.com/gptbot)" www.event.acesolutions-ksa.com 74.220.219.162
74.220.219.162 - - [17/Mar/2026:13:45:01 -0600] "POST /wp-cron.php?doing_wp_cron=1773776701.9093589782714843750000 HTTP/2.0" 200 - "-" "WordPress/6.9; https://event.acesolutions-ksa.com" event.acesolutions-ksa.com 74.220.219.162
74.7.242.19 - - [17/Mar/2026:13:45:01 -0600] "GET /391?edit=1736724252.M729056P913734.box2010.bluehost.com%2CS%3D4184%2CW%3D4294%3A2%2C&p=Ahome1Aimmorth6AmailAcur HTTP/1.1" 200 2812 "https://www.event.acesolutions-ksa.com/391?p=Ahome1Aimmorth6AmailAcur" "Mozilla/5.0 AppleWebKit/537.36 (KHTML, like Gecko; compatible; GPTBot/1.3; +https://openai.com/gptbot)" www.event.acesolutions-ksa.com 74.220.219.162
74.7.242.19 - - [17/Mar/2026:13:45:01 -0600] "GET /391?edit=1736724252.M729056P913734.box2010.bluehost.com%2CS%3D4184%2CW%3D4294%3A2%2C&p=Ahome1Aimmorth6AmailAcur HTTP/2.0" 200 2812 "https://www.event.acesolutions-ksa.com/391?p=Ahome1Aimmorth6AmailAcur" "Mozilla/5.0 AppleWebKit/537.36 (KHTML, like Gecko; compatible; GPTBot/1.3; +https://openai.com/gptbot)" www.event.acesolutions-ksa.com 74.220.219.162
74.7.242.19 - - [17/Mar/2026:13:45:11 -0600] "GET /390?edit=1773027540.M992121P448681.box2010.bluehost.com%2CS%3D2348%2CW%3D2413&p=Ahome1Aimmorth6AmailAnew HTTP/1.1" 200 1666 "https://www.event.acesolutions-ksa.com/390?p=Ahome1Aimmorth6AmailAnew" "Mozilla/5.0 AppleWebKit/537.36 (KHTML, like Gecko; compatible; GPTBot/1.3; +https://openai.com/gptbot)" www.event.acesolutions-ksa.com 74.220.219.162
74.7.242.19 - - [17/Mar/2026:13:45:11 -0600] "GET /390?edit=1773027540.M992121P448681.box2010.bluehost.com%2CS%3D2348%2CW%3D2413&p=Ahome1Aimmorth6AmailAnew HTTP/2.0" 200 1666 "https://www.event.acesolutions-ksa.com/390?p=Ahome1Aimmorth6AmailAnew" "Mozilla/5.0 AppleWebKit/537.36 (KHTML, like Gecko; compatible; GPTBot/1.3; +https://openai.com/gptbot)" www.event.acesolutions-ksa.com 74.220.219.162
74.7.227.146 - - [17/Mar/2026:13:45:14 -0600] "GET /ar/72e/?edit=immortal-tech.net.zip&p=Ahome1Aimmorth6Aetc HTTP/2.0" 200 307606 "https://www.website-efd5428f.ilq.ypm.mybluehost.me" "Mozilla/5.0 AppleWebKit/537.36 (KHTML, like Gecko; compatible; GPTBot/1.3; +https://openai.com/gptbot)" event.acesolutions-ksa.com 74.220.219.162
74.7.242.19 - - [17/Mar/2026:13:45:22 -0600] "GET /299?edit=1773025915.M245168P435617.box2010.bluehost.com%2CS%3D2343%2CW%3D2408&p=Ahome1Aimmorth6AmailAnew HTTP/1.1" 200 1695 "https://www.event.acesolutions-ksa.com/299?p=Ahome1Aimmorth6AmailAnew" "Mozilla/5.0 AppleWebKit/537.36 (KHTML, like Gecko; compatible; GPTBot/1.3; +https://openai.com/gptbot)" www.event.acesolutions-ksa.com 74.220.219.162
74.7.242.19 - - [17/Mar/2026:13:45:22 -0600] "GET /299?edit=1773025915.M245168P435617.box2010.bluehost.com%2CS%3D2343%2CW%3D2408&p=Ahome1Aimmorth6AmailAnew HTTP/2.0" 200 1695 "https://www.event.acesolutions-ksa.com/299?p=Ahome1Aimmorth6AmailAnew" "Mozilla/5.0 AppleWebKit/537.36 (KHTML, like Gecko; compatible; GPTBot/1.3; +https://openai.com/gptbot)" www.event.acesolutions-ksa.com 74.220.219.162
