74.7.242.19 - - [17/Mar/2026:13:17:14 -0600] "GET /390?edit=1773045245.M416451P834072.box2010.bluehost.com%2CS%3D2348%2CW%3D2413&p=Ahome1Aimmorth6AmailAnew HTTP/1.1" 200 1682 "https://www.event.acesolutions-ksa.com/390?p=Ahome1Aimmorth6AmailAnew" "Mozilla/5.0 AppleWebKit/537.36 (KHTML, like Gecko; compatible; GPTBot/1.3; +https://openai.com/gptbot)" www.event.acesolutions-ksa.com 74.220.219.162
74.7.242.19 - - [17/Mar/2026:13:17:14 -0600] "GET /390?edit=1773045245.M416451P834072.box2010.bluehost.com%2CS%3D2348%2CW%3D2413&p=Ahome1Aimmorth6AmailAnew HTTP/2.0" 200 1682 "https://www.event.acesolutions-ksa.com/390?p=Ahome1Aimmorth6AmailAnew" "Mozilla/5.0 AppleWebKit/537.36 (KHTML, like Gecko; compatible; GPTBot/1.3; +https://openai.com/gptbot)" www.event.acesolutions-ksa.com 74.220.219.162
74.7.242.19 - - [17/Mar/2026:13:17:24 -0600] "GET /390?edit=1773031024.M805981P728811.box2010.bluehost.com%2CS%3D2348%2CW%3D2413&p=Ahome1Aimmorth6AmailAnew HTTP/1.1" 200 1661 "https://www.event.acesolutions-ksa.com/390?p=Ahome1Aimmorth6AmailAnew" "Mozilla/5.0 AppleWebKit/537.36 (KHTML, like Gecko; compatible; GPTBot/1.3; +https://openai.com/gptbot)" www.event.acesolutions-ksa.com 74.220.219.162
74.7.242.19 - - [17/Mar/2026:13:17:24 -0600] "GET /390?edit=1773031024.M805981P728811.box2010.bluehost.com%2CS%3D2348%2CW%3D2413&p=Ahome1Aimmorth6AmailAnew HTTP/2.0" 200 1661 "https://www.event.acesolutions-ksa.com/390?p=Ahome1Aimmorth6AmailAnew" "Mozilla/5.0 AppleWebKit/537.36 (KHTML, like Gecko; compatible; GPTBot/1.3; +https://openai.com/gptbot)" www.event.acesolutions-ksa.com 74.220.219.162
74.7.227.146 - - [17/Mar/2026:13:17:26 -0600] "GET /podcast-header.php HTTP/2.0" 409 83 "https://event.acesolutions-ksa.com/1773037111.M713909P2123.box2010.bluehost.com,S=2338,W=2403?p=Ahome1Aimmorth6Apublic_htmlAwebsite_efd5428fAwp-contentAplugins-202504291021AjetpackAextensionsAblocksApodcast-playerAtemplates" "Mozilla/5.0 AppleWebKit/537.36 (KHTML, like Gecko; compatible; GPTBot/1.3; +https://openai.com/gptbot)" event.acesolutions-ksa.com 74.220.219.162
74.7.242.19 - - [17/Mar/2026:13:17:34 -0600] "GET /316?edit=1773017156.M876147P828751.box2010.bluehost.com%2CS%3D2348%2CW%3D2413&p=Ahome1Aimmorth6AmailAnew HTTP/1.1" 200 1673 "https://www.event.acesolutions-ksa.com/316?p=Ahome1Aimmorth6AmailAnew" "Mozilla/5.0 AppleWebKit/537.36 (KHTML, like Gecko; compatible; GPTBot/1.3; +https://openai.com/gptbot)" www.event.acesolutions-ksa.com 74.220.219.162
74.7.242.19 - - [17/Mar/2026:13:17:34 -0600] "GET /316?edit=1773017156.M876147P828751.box2010.bluehost.com%2CS%3D2348%2CW%3D2413&p=Ahome1Aimmorth6AmailAnew HTTP/2.0" 200 1673 "https://www.event.acesolutions-ksa.com/316?p=Ahome1Aimmorth6AmailAnew" "Mozilla/5.0 AppleWebKit/537.36 (KHTML, like Gecko; compatible; GPTBot/1.3; +https://openai.com/gptbot)" www.event.acesolutions-ksa.com 74.220.219.162
74.7.242.19 - - [17/Mar/2026:13:17:45 -0600] "GET /299?edit=1773024360.M400929P256026.box2010.bluehost.com%2CS%3D2338%2CW%3D2403&p=Ahome1Aimmorth6AmailAnew HTTP/1.1" 200 1670 "https://www.event.acesolutions-ksa.com/299?p=Ahome1Aimmorth6AmailAnew" "Mozilla/5.0 AppleWebKit/537.36 (KHTML, like Gecko; compatible; GPTBot/1.3; +https://openai.com/gptbot)" www.event.acesolutions-ksa.com 74.220.219.162
74.7.242.19 - - [17/Mar/2026:13:17:45 -0600] "GET /299?edit=1773024360.M400929P256026.box2010.bluehost.com%2CS%3D2338%2CW%3D2403&p=Ahome1Aimmorth6AmailAnew HTTP/2.0" 200 1670 "https://www.event.acesolutions-ksa.com/299?p=Ahome1Aimmorth6AmailAnew" "Mozilla/5.0 AppleWebKit/537.36 (KHTML, like Gecko; compatible; GPTBot/1.3; +https://openai.com/gptbot)" www.event.acesolutions-ksa.com 74.220.219.162
74.220.219.162 - - [17/Mar/2026:13:17:56 -0600] "POST /wp-cron.php?doing_wp_cron=1773775076.4103438854217529296875 HTTP/2.0" 200 - "-" "WordPress/6.9; https://event.acesolutions-ksa.com" event.acesolutions-ksa.com 74.220.219.162
74.7.242.19 - - [17/Mar/2026:13:17:56 -0600] "GET /649?edit=1773035500.M763832P945953.box2010.bluehost.com%2CS%3D2343%2CW%3D2408&p=Ahome1Aimmorth6AmailAnew HTTP/1.1" 200 1670 "https://www.event.acesolutions-ksa.com/649?p=Ahome1Aimmorth6AmailAnew" "Mozilla/5.0 AppleWebKit/537.36 (KHTML, like Gecko; compatible; GPTBot/1.3; +https://openai.com/gptbot)" www.event.acesolutions-ksa.com 74.220.219.162
74.7.242.19 - - [17/Mar/2026:13:17:56 -0600] "GET /649?edit=1773035500.M763832P945953.box2010.bluehost.com%2CS%3D2343%2CW%3D2408&p=Ahome1Aimmorth6AmailAnew HTTP/2.0" 200 1670 "https://www.event.acesolutions-ksa.com/649?p=Ahome1Aimmorth6AmailAnew" "Mozilla/5.0 AppleWebKit/537.36 (KHTML, like Gecko; compatible; GPTBot/1.3; +https://openai.com/gptbot)" www.event.acesolutions-ksa.com 74.220.219.162
74.7.242.19 - - [17/Mar/2026:13:18:06 -0600] "GET /391?edit=1773023080.M631553P256026.box2010.bluehost.com%2CS%3D2348%2CW%3D2413&p=Ahome1Aimmorth6AmailAnew HTTP/1.1" 200 1685 "https://www.event.acesolutions-ksa.com/391?p=Ahome1Aimmorth6AmailAnew" "Mozilla/5.0 AppleWebKit/537.36 (KHTML, like Gecko; compatible; GPTBot/1.3; +https://openai.com/gptbot)" www.event.acesolutions-ksa.com 74.220.219.162
74.7.242.19 - - [17/Mar/2026:13:18:06 -0600] "GET /391?edit=1773023080.M631553P256026.box2010.bluehost.com%2CS%3D2348%2CW%3D2413&p=Ahome1Aimmorth6AmailAnew HTTP/2.0" 200 1685 "https://www.event.acesolutions-ksa.com/391?p=Ahome1Aimmorth6AmailAnew" "Mozilla/5.0 AppleWebKit/537.36 (KHTML, like Gecko; compatible; GPTBot/1.3; +https://openai.com/gptbot)" www.event.acesolutions-ksa.com 74.220.219.162
74.7.242.19 - - [17/Mar/2026:13:18:19 -0600] "GET /299?edit=1773045177.M155498P647468.box2010.bluehost.com%2CS%3D2343%2CW%3D2408&p=Ahome1Aimmorth6AmailAnew HTTP/1.1" 200 1654 "https://www.event.acesolutions-ksa.com/299?p=Ahome1Aimmorth6AmailAnew" "Mozilla/5.0 AppleWebKit/537.36 (KHTML, like Gecko; compatible; GPTBot/1.3; +https://openai.com/gptbot)" www.event.acesolutions-ksa.com 74.220.219.162
74.7.242.19 - - [17/Mar/2026:13:18:19 -0600] "GET /299?edit=1773045177.M155498P647468.box2010.bluehost.com%2CS%3D2343%2CW%3D2408&p=Ahome1Aimmorth6AmailAnew HTTP/2.0" 200 1654 "https://www.event.acesolutions-ksa.com/299?p=Ahome1Aimmorth6AmailAnew" "Mozilla/5.0 AppleWebKit/537.36 (KHTML, like Gecko; compatible; GPTBot/1.3; +https://openai.com/gptbot)" www.event.acesolutions-ksa.com 74.220.219.162
74.7.242.19 - - [17/Mar/2026:13:18:28 -0600] "GET /391?edit=1773025064.M197249P256026.box2010.bluehost.com%2CS%3D2352%2CW%3D2417&p=Ahome1Aimmorth6AmailAnew HTTP/1.1" 200 1668 "https://www.event.acesolutions-ksa.com/391?p=Ahome1Aimmorth6AmailAnew" "Mozilla/5.0 AppleWebKit/537.36 (KHTML, like Gecko; compatible; GPTBot/1.3; +https://openai.com/gptbot)" www.event.acesolutions-ksa.com 74.220.219.162
74.7.242.19 - - [17/Mar/2026:13:18:27 -0600] "GET /391?edit=1773025064.M197249P256026.box2010.bluehost.com%2CS%3D2352%2CW%3D2417&p=Ahome1Aimmorth6AmailAnew HTTP/2.0" 200 1668 "https://www.event.acesolutions-ksa.com/391?p=Ahome1Aimmorth6AmailAnew" "Mozilla/5.0 AppleWebKit/537.36 (KHTML, like Gecko; compatible; GPTBot/1.3; +https://openai.com/gptbot)" www.event.acesolutions-ksa.com 74.220.219.162
74.7.227.146 - - [17/Mar/2026:13:18:31 -0600] "GET /3ff?edit=immortal-tech-net.immortal-designs.net&p=Ahome1Aimmorth6Aaccess-logs HTTP/2.0" 200 53391 "https://www.website-efd5428f.ilq.ypm.mybluehost.me" "Mozilla/5.0 AppleWebKit/537.36 (KHTML, like Gecko; compatible; GPTBot/1.3; +https://openai.com/gptbot)" event.acesolutions-ksa.com 74.220.219.162
74.7.242.19 - - [17/Mar/2026:13:18:38 -0600] "GET /316?edit=1773016803.M750624P788663.box2010.bluehost.com%2CS%3D2343%2CW%3D2408&p=Ahome1Aimmorth6AmailAnew HTTP/1.1" 200 1674 "https://www.event.acesolutions-ksa.com/316?p=Ahome1Aimmorth6AmailAnew" "Mozilla/5.0 AppleWebKit/537.36 (KHTML, like Gecko; compatible; GPTBot/1.3; +https://openai.com/gptbot)" www.event.acesolutions-ksa.com 74.220.219.162
74.7.242.19 - - [17/Mar/2026:13:18:38 -0600] "GET /316?edit=1773016803.M750624P788663.box2010.bluehost.com%2CS%3D2343%2CW%3D2408&p=Ahome1Aimmorth6AmailAnew HTTP/2.0" 200 1674 "https://www.event.acesolutions-ksa.com/316?p=Ahome1Aimmorth6AmailAnew" "Mozilla/5.0 AppleWebKit/537.36 (KHTML, like Gecko; compatible; GPTBot/1.3; +https://openai.com/gptbot)" www.event.acesolutions-ksa.com 74.220.219.162
74.7.242.19 - - [17/Mar/2026:13:18:49 -0600] "GET /299?edit=1773028106.M982103P448681.box2010.bluehost.com%2CS%3D2343%2CW%3D2408&p=Ahome1Aimmorth6AmailAnew HTTP/1.1" 200 1659 "https://www.event.acesolutions-ksa.com/299?p=Ahome1Aimmorth6AmailAnew" "Mozilla/5.0 AppleWebKit/537.36 (KHTML, like Gecko; compatible; GPTBot/1.3; +https://openai.com/gptbot)" www.event.acesolutions-ksa.com 74.220.219.162
74.7.242.19 - - [17/Mar/2026:13:18:49 -0600] "GET /299?edit=1773028106.M982103P448681.box2010.bluehost.com%2CS%3D2343%2CW%3D2408&p=Ahome1Aimmorth6AmailAnew HTTP/2.0" 200 1659 "https://www.event.acesolutions-ksa.com/299?p=Ahome1Aimmorth6AmailAnew" "Mozilla/5.0 AppleWebKit/537.36 (KHTML, like Gecko; compatible; GPTBot/1.3; +https://openai.com/gptbot)" www.event.acesolutions-ksa.com 74.220.219.162
74.7.242.19 - - [17/Mar/2026:13:18:59 -0600] "GET /316?edit=1773045164.M656949P834072.box2010.bluehost.com%2CS%3D2348%2CW%3D2413&p=Ahome1Aimmorth6AmailAnew HTTP/1.1" 200 1702 "https://www.event.acesolutions-ksa.com/316?p=Ahome1Aimmorth6AmailAnew" "Mozilla/5.0 AppleWebKit/537.36 (KHTML, like Gecko; compatible; GPTBot/1.3; +https://openai.com/gptbot)" www.event.acesolutions-ksa.com 74.220.219.162
74.7.242.19 - - [17/Mar/2026:13:18:59 -0600] "GET /316?edit=1773045164.M656949P834072.box2010.bluehost.com%2CS%3D2348%2CW%3D2413&p=Ahome1Aimmorth6AmailAnew HTTP/2.0" 200 1702 "https://www.event.acesolutions-ksa.com/316?p=Ahome1Aimmorth6AmailAnew" "Mozilla/5.0 AppleWebKit/537.36 (KHTML, like Gecko; compatible; GPTBot/1.3; +https://openai.com/gptbot)" www.event.acesolutions-ksa.com 74.220.219.162
74.7.242.19 - - [17/Mar/2026:13:19:09 -0600] "GET /316?edit=1773028214.M482616P448681.box2010.bluehost.com%2CS%3D2348%2CW%3D2413&p=Ahome1Aimmorth6AmailAnew HTTP/1.1" 200 1641 "https://www.event.acesolutions-ksa.com/316?p=Ahome1Aimmorth6AmailAnew" "Mozilla/5.0 AppleWebKit/537.36 (KHTML, like Gecko; compatible; GPTBot/1.3; +https://openai.com/gptbot)" www.event.acesolutions-ksa.com 74.220.219.162
74.7.242.19 - - [17/Mar/2026:13:19:09 -0600] "GET /316?edit=1773028214.M482616P448681.box2010.bluehost.com%2CS%3D2348%2CW%3D2413&p=Ahome1Aimmorth6AmailAnew HTTP/2.0" 200 1641 "https://www.event.acesolutions-ksa.com/316?p=Ahome1Aimmorth6AmailAnew" "Mozilla/5.0 AppleWebKit/537.36 (KHTML, like Gecko; compatible; GPTBot/1.3; +https://openai.com/gptbot)" www.event.acesolutions-ksa.com 74.220.219.162
74.7.242.19 - - [17/Mar/2026:13:19:20 -0600] "GET /390?edit=1773045088.M142205P647468.box2010.bluehost.com%2CS%3D2348%2CW%3D2413&p=Ahome1Aimmorth6AmailAnew HTTP/1.1" 200 1701 "https://www.event.acesolutions-ksa.com/390?p=Ahome1Aimmorth6AmailAnew" "Mozilla/5.0 AppleWebKit/537.36 (KHTML, like Gecko; compatible; GPTBot/1.3; +https://openai.com/gptbot)" www.event.acesolutions-ksa.com 74.220.219.162
74.7.242.19 - - [17/Mar/2026:13:19:20 -0600] "GET /390?edit=1773045088.M142205P647468.box2010.bluehost.com%2CS%3D2348%2CW%3D2413&p=Ahome1Aimmorth6AmailAnew HTTP/2.0" 200 1701 "https://www.event.acesolutions-ksa.com/390?p=Ahome1Aimmorth6AmailAnew" "Mozilla/5.0 AppleWebKit/537.36 (KHTML, like Gecko; compatible; GPTBot/1.3; +https://openai.com/gptbot)" www.event.acesolutions-ksa.com 74.220.219.162
74.7.242.19 - - [17/Mar/2026:13:19:30 -0600] "GET /391?edit=1773040331.M313614P187002.box2010.bluehost.com%2CS%3D2348%2CW%3D2413&p=Ahome1Aimmorth6AmailAnew HTTP/1.1" 200 1672 "https://www.event.acesolutions-ksa.com/391?p=Ahome1Aimmorth6AmailAnew" "Mozilla/5.0 AppleWebKit/537.36 (KHTML, like Gecko; compatible; GPTBot/1.3; +https://openai.com/gptbot)" www.event.acesolutions-ksa.com 74.220.219.162
74.7.242.19 - - [17/Mar/2026:13:19:30 -0600] "GET /391?edit=1773040331.M313614P187002.box2010.bluehost.com%2CS%3D2348%2CW%3D2413&p=Ahome1Aimmorth6AmailAnew HTTP/2.0" 200 1672 "https://www.event.acesolutions-ksa.com/391?p=Ahome1Aimmorth6AmailAnew" "Mozilla/5.0 AppleWebKit/537.36 (KHTML, like Gecko; compatible; GPTBot/1.3; +https://openai.com/gptbot)" www.event.acesolutions-ksa.com 74.220.219.162
74.7.242.19 - - [17/Mar/2026:13:19:41 -0600] "GET /316?edit=1773045451.M440754P834072.box2010.bluehost.com%2CS%3D2348%2CW%3D2413&p=Ahome1Aimmorth6AmailAnew HTTP/1.1" 200 1672 "https://www.event.acesolutions-ksa.com/316?p=Ahome1Aimmorth6AmailAnew" "Mozilla/5.0 AppleWebKit/537.36 (KHTML, like Gecko; compatible; GPTBot/1.3; +https://openai.com/gptbot)" www.event.acesolutions-ksa.com 74.220.219.162
74.7.242.19 - - [17/Mar/2026:13:19:41 -0600] "GET /316?edit=1773045451.M440754P834072.box2010.bluehost.com%2CS%3D2348%2CW%3D2413&p=Ahome1Aimmorth6AmailAnew HTTP/2.0" 200 1672 "https://www.event.acesolutions-ksa.com/316?p=Ahome1Aimmorth6AmailAnew" "Mozilla/5.0 AppleWebKit/537.36 (KHTML, like Gecko; compatible; GPTBot/1.3; +https://openai.com/gptbot)" www.event.acesolutions-ksa.com 74.220.219.162
74.7.227.146 - - [17/Mar/2026:13:19:41 -0600] "GET /rewriteinfo HTTP/2.0" 200 54025 "https://www.website-efd5428f.ilq.ypm.mybluehost.me" "Mozilla/5.0 AppleWebKit/537.36 (KHTML, like Gecko; compatible; GPTBot/1.3; +https://openai.com/gptbot)" event.acesolutions-ksa.com 74.220.219.162
74.7.242.19 - - [17/Mar/2026:13:19:52 -0600] "GET /299?edit=1773027565.M127253P448681.box2010.bluehost.com%2CS%3D2348%2CW%3D2413&p=Ahome1Aimmorth6AmailAnew HTTP/1.1" 200 1688 "https://www.event.acesolutions-ksa.com/299?p=Ahome1Aimmorth6AmailAnew" "Mozilla/5.0 AppleWebKit/537.36 (KHTML, like Gecko; compatible; GPTBot/1.3; +https://openai.com/gptbot)" www.event.acesolutions-ksa.com 74.220.219.162
74.7.242.19 - - [17/Mar/2026:13:19:51 -0600] "GET /299?edit=1773027565.M127253P448681.box2010.bluehost.com%2CS%3D2348%2CW%3D2413&p=Ahome1Aimmorth6AmailAnew HTTP/2.0" 200 1688 "https://www.event.acesolutions-ksa.com/299?p=Ahome1Aimmorth6AmailAnew" "Mozilla/5.0 AppleWebKit/537.36 (KHTML, like Gecko; compatible; GPTBot/1.3; +https://openai.com/gptbot)" www.event.acesolutions-ksa.com 74.220.219.162
74.220.219.162 - - [17/Mar/2026:13:20:02 -0600] "POST /wp-cron.php?doing_wp_cron=1773775202.9230229854583740234375 HTTP/2.0" 200 - "-" "WordPress/6.9; https://event.acesolutions-ksa.com" event.acesolutions-ksa.com 74.220.219.162
74.7.242.19 - - [17/Mar/2026:13:20:02 -0600] "GET /391?edit=1773026038.M328591P435617.box2010.bluehost.com%2CS%3D2348%2CW%3D2413&p=Ahome1Aimmorth6AmailAnew HTTP/1.1" 200 1688 "https://www.event.acesolutions-ksa.com/391?p=Ahome1Aimmorth6AmailAnew" "Mozilla/5.0 AppleWebKit/537.36 (KHTML, like Gecko; compatible; GPTBot/1.3; +https://openai.com/gptbot)" www.event.acesolutions-ksa.com 74.220.219.162
74.7.242.19 - - [17/Mar/2026:13:20:02 -0600] "GET /391?edit=1773026038.M328591P435617.box2010.bluehost.com%2CS%3D2348%2CW%3D2413&p=Ahome1Aimmorth6AmailAnew HTTP/2.0" 200 1688 "https://www.event.acesolutions-ksa.com/391?p=Ahome1Aimmorth6AmailAnew" "Mozilla/5.0 AppleWebKit/537.36 (KHTML, like Gecko; compatible; GPTBot/1.3; +https://openai.com/gptbot)" www.event.acesolutions-ksa.com 74.220.219.162
74.7.242.19 - - [17/Mar/2026:13:20:12 -0600] "GET /390?edit=1773031830.M317112P728811.box2010.bluehost.com%2CS%3D2343%2CW%3D2408&p=Ahome1Aimmorth6AmailAnew HTTP/1.1" 200 1693 "https://www.event.acesolutions-ksa.com/390?p=Ahome1Aimmorth6AmailAnew" "Mozilla/5.0 AppleWebKit/537.36 (KHTML, like Gecko; compatible; GPTBot/1.3; +https://openai.com/gptbot)" www.event.acesolutions-ksa.com 74.220.219.162
74.7.242.19 - - [17/Mar/2026:13:20:12 -0600] "GET /390?edit=1773031830.M317112P728811.box2010.bluehost.com%2CS%3D2343%2CW%3D2408&p=Ahome1Aimmorth6AmailAnew HTTP/2.0" 200 1693 "https://www.event.acesolutions-ksa.com/390?p=Ahome1Aimmorth6AmailAnew" "Mozilla/5.0 AppleWebKit/537.36 (KHTML, like Gecko; compatible; GPTBot/1.3; +https://openai.com/gptbot)" www.event.acesolutions-ksa.com 74.220.219.162
74.7.242.19 - - [17/Mar/2026:13:20:23 -0600] "GET /390?edit=1773036589.M87324P1038775.box2010.bluehost.com%2CS%3D2348%2CW%3D2413&p=Ahome1Aimmorth6AmailAnew HTTP/1.1" 200 1684 "https://www.event.acesolutions-ksa.com/390?p=Ahome1Aimmorth6AmailAnew" "Mozilla/5.0 AppleWebKit/537.36 (KHTML, like Gecko; compatible; GPTBot/1.3; +https://openai.com/gptbot)" www.event.acesolutions-ksa.com 74.220.219.162
74.7.242.19 - - [17/Mar/2026:13:20:23 -0600] "GET /390?edit=1773036589.M87324P1038775.box2010.bluehost.com%2CS%3D2348%2CW%3D2413&p=Ahome1Aimmorth6AmailAnew HTTP/2.0" 200 1684 "https://www.event.acesolutions-ksa.com/390?p=Ahome1Aimmorth6AmailAnew" "Mozilla/5.0 AppleWebKit/537.36 (KHTML, like Gecko; compatible; GPTBot/1.3; +https://openai.com/gptbot)" www.event.acesolutions-ksa.com 74.220.219.162
74.7.242.19 - - [17/Mar/2026:13:20:34 -0600] "GET /299?edit=1773041087.M517418P187002.box2010.bluehost.com%2CS%3D2348%2CW%3D2413&p=Ahome1Aimmorth6AmailAnew HTTP/1.1" 200 1656 "https://www.event.acesolutions-ksa.com/299?p=Ahome1Aimmorth6AmailAnew" "Mozilla/5.0 AppleWebKit/537.36 (KHTML, like Gecko; compatible; GPTBot/1.3; +https://openai.com/gptbot)" www.event.acesolutions-ksa.com 74.220.219.162
74.7.242.19 - - [17/Mar/2026:13:20:34 -0600] "GET /299?edit=1773041087.M517418P187002.box2010.bluehost.com%2CS%3D2348%2CW%3D2413&p=Ahome1Aimmorth6AmailAnew HTTP/2.0" 200 1656 "https://www.event.acesolutions-ksa.com/299?p=Ahome1Aimmorth6AmailAnew" "Mozilla/5.0 AppleWebKit/537.36 (KHTML, like Gecko; compatible; GPTBot/1.3; +https://openai.com/gptbot)" www.event.acesolutions-ksa.com 74.220.219.162
74.7.227.146 - - [17/Mar/2026:13:20:43 -0600] "GET /carddav HTTP/2.0" 200 54016 "https://www.website-efd5428f.ilq.ypm.mybluehost.me" "Mozilla/5.0 AppleWebKit/537.36 (KHTML, like Gecko; compatible; GPTBot/1.3; +https://openai.com/gptbot)" event.acesolutions-ksa.com 74.220.219.162
74.7.242.19 - - [17/Mar/2026:13:20:44 -0600] "GET /391?edit=1773045284.M70742P834072.box2010.bluehost.com%2CS%3D2338%2CW%3D2403&p=Ahome1Aimmorth6AmailAnew HTTP/1.1" 200 1691 "https://www.event.acesolutions-ksa.com/391?p=Ahome1Aimmorth6AmailAnew" "Mozilla/5.0 AppleWebKit/537.36 (KHTML, like Gecko; compatible; GPTBot/1.3; +https://openai.com/gptbot)" www.event.acesolutions-ksa.com 74.220.219.162
74.7.242.19 - - [17/Mar/2026:13:20:44 -0600] "GET /391?edit=1773045284.M70742P834072.box2010.bluehost.com%2CS%3D2338%2CW%3D2403&p=Ahome1Aimmorth6AmailAnew HTTP/2.0" 200 1691 "https://www.event.acesolutions-ksa.com/391?p=Ahome1Aimmorth6AmailAnew" "Mozilla/5.0 AppleWebKit/537.36 (KHTML, like Gecko; compatible; GPTBot/1.3; +https://openai.com/gptbot)" www.event.acesolutions-ksa.com 74.220.219.162
74.7.242.19 - - [17/Mar/2026:13:20:55 -0600] "GET /316?edit=1773027387.M989751P448681.box2010.bluehost.com%2CS%3D2343%2CW%3D2408&p=Ahome1Aimmorth6AmailAnew HTTP/1.1" 200 1673 "https://www.event.acesolutions-ksa.com/316?p=Ahome1Aimmorth6AmailAnew" "Mozilla/5.0 AppleWebKit/537.36 (KHTML, like Gecko; compatible; GPTBot/1.3; +https://openai.com/gptbot)" www.event.acesolutions-ksa.com 74.220.219.162
74.7.242.19 - - [17/Mar/2026:13:20:55 -0600] "GET /316?edit=1773027387.M989751P448681.box2010.bluehost.com%2CS%3D2343%2CW%3D2408&p=Ahome1Aimmorth6AmailAnew HTTP/2.0" 200 1673 "https://www.event.acesolutions-ksa.com/316?p=Ahome1Aimmorth6AmailAnew" "Mozilla/5.0 AppleWebKit/537.36 (KHTML, like Gecko; compatible; GPTBot/1.3; +https://openai.com/gptbot)" www.event.acesolutions-ksa.com 74.220.219.162
74.7.242.19 - - [17/Mar/2026:13:21:06 -0600] "GET /299?edit=1773037781.M100834P2123.box2010.bluehost.com%2CS%3D2348%2CW%3D2413&p=Ahome1Aimmorth6AmailAnew HTTP/1.1" 200 1666 "https://www.event.acesolutions-ksa.com/299?p=Ahome1Aimmorth6AmailAnew" "Mozilla/5.0 AppleWebKit/537.36 (KHTML, like Gecko; compatible; GPTBot/1.3; +https://openai.com/gptbot)" www.event.acesolutions-ksa.com 74.220.219.162
74.7.242.19 - - [17/Mar/2026:13:21:06 -0600] "GET /299?edit=1773037781.M100834P2123.box2010.bluehost.com%2CS%3D2348%2CW%3D2413&p=Ahome1Aimmorth6AmailAnew HTTP/2.0" 200 1666 "https://www.event.acesolutions-ksa.com/299?p=Ahome1Aimmorth6AmailAnew" "Mozilla/5.0 AppleWebKit/537.36 (KHTML, like Gecko; compatible; GPTBot/1.3; +https://openai.com/gptbot)" www.event.acesolutions-ksa.com 74.220.219.162
74.7.242.19 - - [17/Mar/2026:13:21:16 -0600] "GET /391?edit=1773041105.M198656P187002.box2010.bluehost.com%2CS%3D2348%2CW%3D2413&p=Ahome1Aimmorth6AmailAnew HTTP/1.1" 200 1673 "https://www.event.acesolutions-ksa.com/391?p=Ahome1Aimmorth6AmailAnew" "Mozilla/5.0 AppleWebKit/537.36 (KHTML, like Gecko; compatible; GPTBot/1.3; +https://openai.com/gptbot)" www.event.acesolutions-ksa.com 74.220.219.162
74.7.242.19 - - [17/Mar/2026:13:21:16 -0600] "GET /391?edit=1773041105.M198656P187002.box2010.bluehost.com%2CS%3D2348%2CW%3D2413&p=Ahome1Aimmorth6AmailAnew HTTP/2.0" 200 1673 "https://www.event.acesolutions-ksa.com/391?p=Ahome1Aimmorth6AmailAnew" "Mozilla/5.0 AppleWebKit/537.36 (KHTML, like Gecko; compatible; GPTBot/1.3; +https://openai.com/gptbot)" www.event.acesolutions-ksa.com 74.220.219.162
74.7.242.19 - - [17/Mar/2026:13:21:27 -0600] "GET /390?edit=1773024673.M578578P256026.box2010.bluehost.com%2CS%3D2343%2CW%3D2408&p=Ahome1Aimmorth6AmailAnew HTTP/1.1" 200 1671 "https://www.event.acesolutions-ksa.com/390?p=Ahome1Aimmorth6AmailAnew" "Mozilla/5.0 AppleWebKit/537.36 (KHTML, like Gecko; compatible; GPTBot/1.3; +https://openai.com/gptbot)" www.event.acesolutions-ksa.com 74.220.219.162
74.7.242.19 - - [17/Mar/2026:13:21:27 -0600] "GET /390?edit=1773024673.M578578P256026.box2010.bluehost.com%2CS%3D2343%2CW%3D2408&p=Ahome1Aimmorth6AmailAnew HTTP/2.0" 200 1671 "https://www.event.acesolutions-ksa.com/390?p=Ahome1Aimmorth6AmailAnew" "Mozilla/5.0 AppleWebKit/537.36 (KHTML, like Gecko; compatible; GPTBot/1.3; +https://openai.com/gptbot)" www.event.acesolutions-ksa.com 74.220.219.162
74.7.227.146 - - [17/Mar/2026:13:21:32 -0600] "GET /class-sharing-source-block.php HTTP/2.0" 409 83 "https://event.acesolutions-ksa.com/1773038401.M777111P2123.box2010.bluehost.com,S=2343,W=2408?p=Ahome1Aimmorth6Apublic_htmlAwebsite_efd5428fAwp-contentAplugins-202504291021AjetpackAextensionsAblocksAsharing-button" "Mozilla/5.0 AppleWebKit/537.36 (KHTML, like Gecko; compatible; GPTBot/1.3; +https://openai.com/gptbot)" event.acesolutions-ksa.com 74.220.219.162
74.7.242.19 - - [17/Mar/2026:13:21:37 -0600] "GET /649?edit=1773042217.M584796P187002.box2010.bluehost.com%2CS%3D2348%2CW%3D2413&p=Ahome1Aimmorth6AmailAnew HTTP/1.1" 200 1675 "https://www.event.acesolutions-ksa.com/649?p=Ahome1Aimmorth6AmailAnew" "Mozilla/5.0 AppleWebKit/537.36 (KHTML, like Gecko; compatible; GPTBot/1.3; +https://openai.com/gptbot)" www.event.acesolutions-ksa.com 74.220.219.162
74.7.242.19 - - [17/Mar/2026:13:21:37 -0600] "GET /649?edit=1773042217.M584796P187002.box2010.bluehost.com%2CS%3D2348%2CW%3D2413&p=Ahome1Aimmorth6AmailAnew HTTP/2.0" 200 1675 "https://www.event.acesolutions-ksa.com/649?p=Ahome1Aimmorth6AmailAnew" "Mozilla/5.0 AppleWebKit/537.36 (KHTML, like Gecko; compatible; GPTBot/1.3; +https://openai.com/gptbot)" www.event.acesolutions-ksa.com 74.220.219.162
74.7.242.19 - - [17/Mar/2026:13:21:47 -0600] "GET /649?edit=1773017518.M910584P828751.box2010.bluehost.com%2CS%3D2343%2CW%3D2408&p=Ahome1Aimmorth6AmailAnew HTTP/1.1" 200 1664 "https://www.event.acesolutions-ksa.com/649?p=Ahome1Aimmorth6AmailAnew" "Mozilla/5.0 AppleWebKit/537.36 (KHTML, like Gecko; compatible; GPTBot/1.3; +https://openai.com/gptbot)" www.event.acesolutions-ksa.com 74.220.219.162
74.7.242.19 - - [17/Mar/2026:13:21:47 -0600] "GET /649?edit=1773017518.M910584P828751.box2010.bluehost.com%2CS%3D2343%2CW%3D2408&p=Ahome1Aimmorth6AmailAnew HTTP/2.0" 200 1664 "https://www.event.acesolutions-ksa.com/649?p=Ahome1Aimmorth6AmailAnew" "Mozilla/5.0 AppleWebKit/537.36 (KHTML, like Gecko; compatible; GPTBot/1.3; +https://openai.com/gptbot)" www.event.acesolutions-ksa.com 74.220.219.162
74.7.242.19 - - [17/Mar/2026:13:21:57 -0600] "GET /649?edit=1773023112.M121223P256026.box2010.bluehost.com%2CS%3D2348%2CW%3D2413&p=Ahome1Aimmorth6AmailAnew HTTP/2.0" 200 1685 "https://www.event.acesolutions-ksa.com/649?p=Ahome1Aimmorth6AmailAnew" "Mozilla/5.0 AppleWebKit/537.36 (KHTML, like Gecko; compatible; GPTBot/1.3; +https://openai.com/gptbot)" www.event.acesolutions-ksa.com 74.220.219.162
74.7.242.19 - - [17/Mar/2026:13:21:57 -0600] "GET /649?edit=1773023112.M121223P256026.box2010.bluehost.com%2CS%3D2348%2CW%3D2413&p=Ahome1Aimmorth6AmailAnew HTTP/1.1" 200 1685 "https://www.event.acesolutions-ksa.com/649?p=Ahome1Aimmorth6AmailAnew" "Mozilla/5.0 AppleWebKit/537.36 (KHTML, like Gecko; compatible; GPTBot/1.3; +https://openai.com/gptbot)" www.event.acesolutions-ksa.com 74.220.219.162
74.220.219.162 - - [17/Mar/2026:13:22:08 -0600] "POST /wp-cron.php?doing_wp_cron=1773775328.2465279102325439453125 HTTP/2.0" 200 - "-" "WordPress/6.9; https://event.acesolutions-ksa.com" event.acesolutions-ksa.com 74.220.219.162
74.7.242.19 - - [17/Mar/2026:13:22:07 -0600] "GET /391?edit=1773045015.M887330P647468.box2010.bluehost.com%2CS%3D2343%2CW%3D2408&p=Ahome1Aimmorth6AmailAnew HTTP/1.1" 200 1669 "https://www.event.acesolutions-ksa.com/391?p=Ahome1Aimmorth6AmailAnew" "Mozilla/5.0 AppleWebKit/537.36 (KHTML, like Gecko; compatible; GPTBot/1.3; +https://openai.com/gptbot)" www.event.acesolutions-ksa.com 74.220.219.162
74.7.242.19 - - [17/Mar/2026:13:22:07 -0600] "GET /391?edit=1773045015.M887330P647468.box2010.bluehost.com%2CS%3D2343%2CW%3D2408&p=Ahome1Aimmorth6AmailAnew HTTP/2.0" 200 1669 "https://www.event.acesolutions-ksa.com/391?p=Ahome1Aimmorth6AmailAnew" "Mozilla/5.0 AppleWebKit/537.36 (KHTML, like Gecko; compatible; GPTBot/1.3; +https://openai.com/gptbot)" www.event.acesolutions-ksa.com 74.220.219.162
74.7.227.146 - - [17/Mar/2026:13:22:15 -0600] "GET /sharing-button.php HTTP/2.0" 409 83 "https://event.acesolutions-ksa.com/1773038401.M777111P2123.box2010.bluehost.com,S=2343,W=2408?p=Ahome1Aimmorth6Apublic_htmlAwebsite_efd5428fAwp-contentAplugins-202504291021AjetpackAextensionsAblocksAsharing-button" "Mozilla/5.0 AppleWebKit/537.36 (KHTML, like Gecko; compatible; GPTBot/1.3; +https://openai.com/gptbot)" event.acesolutions-ksa.com 74.220.219.162
74.7.242.19 - - [17/Mar/2026:13:22:18 -0600] "GET /391?edit=1773040374.M733665P187002.box2010.bluehost.com%2CS%3D2348%2CW%3D2413&p=Ahome1Aimmorth6AmailAnew HTTP/1.1" 200 1665 "https://www.event.acesolutions-ksa.com/391?p=Ahome1Aimmorth6AmailAnew" "Mozilla/5.0 AppleWebKit/537.36 (KHTML, like Gecko; compatible; GPTBot/1.3; +https://openai.com/gptbot)" www.event.acesolutions-ksa.com 74.220.219.162
74.7.242.19 - - [17/Mar/2026:13:22:18 -0600] "GET /391?edit=1773040374.M733665P187002.box2010.bluehost.com%2CS%3D2348%2CW%3D2413&p=Ahome1Aimmorth6AmailAnew HTTP/2.0" 200 1665 "https://www.event.acesolutions-ksa.com/391?p=Ahome1Aimmorth6AmailAnew" "Mozilla/5.0 AppleWebKit/537.36 (KHTML, like Gecko; compatible; GPTBot/1.3; +https://openai.com/gptbot)" www.event.acesolutions-ksa.com 74.220.219.162
74.7.242.19 - - [17/Mar/2026:13:22:28 -0600] "GET /299?edit=1773025910.M203987P448681.box2010.bluehost.com%2CS%3D2348%2CW%3D2413&p=Ahome1Aimmorth6AmailAnew HTTP/1.1" 200 1667 "https://www.event.acesolutions-ksa.com/299?p=Ahome1Aimmorth6AmailAnew" "Mozilla/5.0 AppleWebKit/537.36 (KHTML, like Gecko; compatible; GPTBot/1.3; +https://openai.com/gptbot)" www.event.acesolutions-ksa.com 74.220.219.162
74.7.242.19 - - [17/Mar/2026:13:22:28 -0600] "GET /299?edit=1773025910.M203987P448681.box2010.bluehost.com%2CS%3D2348%2CW%3D2413&p=Ahome1Aimmorth6AmailAnew HTTP/2.0" 200 1667 "https://www.event.acesolutions-ksa.com/299?p=Ahome1Aimmorth6AmailAnew" "Mozilla/5.0 AppleWebKit/537.36 (KHTML, like Gecko; compatible; GPTBot/1.3; +https://openai.com/gptbot)" www.event.acesolutions-ksa.com 74.220.219.162
74.7.242.19 - - [17/Mar/2026:13:22:38 -0600] "GET /316?edit=1773045267.M487177P834072.box2010.bluehost.com%2CS%3D2343%2CW%3D2408&p=Ahome1Aimmorth6AmailAnew HTTP/1.1" 200 1694 "https://www.event.acesolutions-ksa.com/316?p=Ahome1Aimmorth6AmailAnew" "Mozilla/5.0 AppleWebKit/537.36 (KHTML, like Gecko; compatible; GPTBot/1.3; +https://openai.com/gptbot)" www.event.acesolutions-ksa.com 74.220.219.162
74.7.242.19 - - [17/Mar/2026:13:22:38 -0600] "GET /316?edit=1773045267.M487177P834072.box2010.bluehost.com%2CS%3D2343%2CW%3D2408&p=Ahome1Aimmorth6AmailAnew HTTP/2.0" 200 1694 "https://www.event.acesolutions-ksa.com/316?p=Ahome1Aimmorth6AmailAnew" "Mozilla/5.0 AppleWebKit/537.36 (KHTML, like Gecko; compatible; GPTBot/1.3; +https://openai.com/gptbot)" www.event.acesolutions-ksa.com 74.220.219.162
74.7.242.19 - - [17/Mar/2026:13:22:48 -0600] "GET /316?edit=1773042319.M494696P187002.box2010.bluehost.com%2CS%3D2343%2CW%3D2408&p=Ahome1Aimmorth6AmailAnew HTTP/1.1" 200 1699 "https://www.event.acesolutions-ksa.com/316?p=Ahome1Aimmorth6AmailAnew" "Mozilla/5.0 AppleWebKit/537.36 (KHTML, like Gecko; compatible; GPTBot/1.3; +https://openai.com/gptbot)" www.event.acesolutions-ksa.com 74.220.219.162
74.7.242.19 - - [17/Mar/2026:13:22:48 -0600] "GET /316?edit=1773042319.M494696P187002.box2010.bluehost.com%2CS%3D2343%2CW%3D2408&p=Ahome1Aimmorth6AmailAnew HTTP/2.0" 200 1699 "https://www.event.acesolutions-ksa.com/316?p=Ahome1Aimmorth6AmailAnew" "Mozilla/5.0 AppleWebKit/537.36 (KHTML, like Gecko; compatible; GPTBot/1.3; +https://openai.com/gptbot)" www.event.acesolutions-ksa.com 74.220.219.162
74.7.242.19 - - [17/Mar/2026:13:22:59 -0600] "GET /649?edit=1773022843.M935681P256026.box2010.bluehost.com%2CS%3D2348%2CW%3D2413&p=Ahome1Aimmorth6AmailAnew HTTP/1.1" 200 1662 "https://www.event.acesolutions-ksa.com/649?p=Ahome1Aimmorth6AmailAnew" "Mozilla/5.0 AppleWebKit/537.36 (KHTML, like Gecko; compatible; GPTBot/1.3; +https://openai.com/gptbot)" www.event.acesolutions-ksa.com 74.220.219.162
74.7.242.19 - - [17/Mar/2026:13:22:59 -0600] "GET /649?edit=1773022843.M935681P256026.box2010.bluehost.com%2CS%3D2348%2CW%3D2413&p=Ahome1Aimmorth6AmailAnew HTTP/2.0" 200 1662 "https://www.event.acesolutions-ksa.com/649?p=Ahome1Aimmorth6AmailAnew" "Mozilla/5.0 AppleWebKit/537.36 (KHTML, like Gecko; compatible; GPTBot/1.3; +https://openai.com/gptbot)" www.event.acesolutions-ksa.com 74.220.219.162
74.7.227.146 - - [17/Mar/2026:13:23:09 -0600] "GET /business-hours.php HTTP/2.0" 409 83 "https://event.acesolutions-ksa.com/1773037142.M333461P2123.box2010.bluehost.com,S=2348,W=2413?p=Ahome1Aimmorth6Apublic_htmlAwebsite_efd5428fAwp-contentAplugins-202504291021AjetpackAextensionsAblocksAbusiness-hours" "Mozilla/5.0 AppleWebKit/537.36 (KHTML, like Gecko; compatible; GPTBot/1.3; +https://openai.com/gptbot)" event.acesolutions-ksa.com 74.220.219.162
74.7.242.19 - - [17/Mar/2026:13:23:09 -0600] "GET /390?edit=1773025911.M724638P435617.box2010.bluehost.com%2CS%3D2343%2CW%3D2408&p=Ahome1Aimmorth6AmailAnew HTTP/1.1" 200 1694 "https://www.event.acesolutions-ksa.com/390?p=Ahome1Aimmorth6AmailAnew" "Mozilla/5.0 AppleWebKit/537.36 (KHTML, like Gecko; compatible; GPTBot/1.3; +https://openai.com/gptbot)" www.event.acesolutions-ksa.com 74.220.219.162
74.7.242.19 - - [17/Mar/2026:13:23:09 -0600] "GET /390?edit=1773025911.M724638P435617.box2010.bluehost.com%2CS%3D2343%2CW%3D2408&p=Ahome1Aimmorth6AmailAnew HTTP/2.0" 200 1694 "https://www.event.acesolutions-ksa.com/390?p=Ahome1Aimmorth6AmailAnew" "Mozilla/5.0 AppleWebKit/537.36 (KHTML, like Gecko; compatible; GPTBot/1.3; +https://openai.com/gptbot)" www.event.acesolutions-ksa.com 74.220.219.162
74.7.242.19 - - [17/Mar/2026:13:23:19 -0600] "GET /391?edit=1773035876.M49500P1004786.box2010.bluehost.com%2CS%3D2348%2CW%3D2413&p=Ahome1Aimmorth6AmailAnew HTTP/1.1" 200 1670 "https://www.event.acesolutions-ksa.com/391?p=Ahome1Aimmorth6AmailAnew" "Mozilla/5.0 AppleWebKit/537.36 (KHTML, like Gecko; compatible; GPTBot/1.3; +https://openai.com/gptbot)" www.event.acesolutions-ksa.com 74.220.219.162
74.7.242.19 - - [17/Mar/2026:13:23:19 -0600] "GET /391?edit=1773035876.M49500P1004786.box2010.bluehost.com%2CS%3D2348%2CW%3D2413&p=Ahome1Aimmorth6AmailAnew HTTP/2.0" 200 1670 "https://www.event.acesolutions-ksa.com/391?p=Ahome1Aimmorth6AmailAnew" "Mozilla/5.0 AppleWebKit/537.36 (KHTML, like Gecko; compatible; GPTBot/1.3; +https://openai.com/gptbot)" www.event.acesolutions-ksa.com 74.220.219.162
74.7.242.19 - - [17/Mar/2026:13:23:30 -0600] "GET /316?edit=1773026056.M617611P435617.box2010.bluehost.com%2CS%3D2343%2CW%3D2408&p=Ahome1Aimmorth6AmailAnew HTTP/1.1" 200 1699 "https://www.event.acesolutions-ksa.com/316?p=Ahome1Aimmorth6AmailAnew" "Mozilla/5.0 AppleWebKit/537.36 (KHTML, like Gecko; compatible; GPTBot/1.3; +https://openai.com/gptbot)" www.event.acesolutions-ksa.com 74.220.219.162
74.7.242.19 - - [17/Mar/2026:13:23:30 -0600] "GET /316?edit=1773026056.M617611P435617.box2010.bluehost.com%2CS%3D2343%2CW%3D2408&p=Ahome1Aimmorth6AmailAnew HTTP/2.0" 200 1699 "https://www.event.acesolutions-ksa.com/316?p=Ahome1Aimmorth6AmailAnew" "Mozilla/5.0 AppleWebKit/537.36 (KHTML, like Gecko; compatible; GPTBot/1.3; +https://openai.com/gptbot)" www.event.acesolutions-ksa.com 74.220.219.162
74.7.242.19 - - [17/Mar/2026:13:23:40 -0600] "GET /391?edit=1773035846.M746215P970615.box2010.bluehost.com%2CS%3D2343%2CW%3D2408&p=Ahome1Aimmorth6AmailAnew HTTP/1.1" 200 1690 "https://www.event.acesolutions-ksa.com/391?p=Ahome1Aimmorth6AmailAnew" "Mozilla/5.0 AppleWebKit/537.36 (KHTML, like Gecko; compatible; GPTBot/1.3; +https://openai.com/gptbot)" www.event.acesolutions-ksa.com 74.220.219.162
74.7.242.19 - - [17/Mar/2026:13:23:40 -0600] "GET /391?edit=1773035846.M746215P970615.box2010.bluehost.com%2CS%3D2343%2CW%3D2408&p=Ahome1Aimmorth6AmailAnew HTTP/2.0" 200 1690 "https://www.event.acesolutions-ksa.com/391?p=Ahome1Aimmorth6AmailAnew" "Mozilla/5.0 AppleWebKit/537.36 (KHTML, like Gecko; compatible; GPTBot/1.3; +https://openai.com/gptbot)" www.event.acesolutions-ksa.com 74.220.219.162
74.7.242.19 - - [17/Mar/2026:13:23:51 -0600] "GET /299?edit=1773045220.M738979P647468.box2010.bluehost.com%2CS%3D2348%2CW%3D2413&p=Ahome1Aimmorth6AmailAnew HTTP/1.1" 200 1690 "https://www.event.acesolutions-ksa.com/299?p=Ahome1Aimmorth6AmailAnew" "Mozilla/5.0 AppleWebKit/537.36 (KHTML, like Gecko; compatible; GPTBot/1.3; +https://openai.com/gptbot)" www.event.acesolutions-ksa.com 74.220.219.162
74.7.242.19 - - [17/Mar/2026:13:23:51 -0600] "GET /299?edit=1773045220.M738979P647468.box2010.bluehost.com%2CS%3D2348%2CW%3D2413&p=Ahome1Aimmorth6AmailAnew HTTP/2.0" 200 1690 "https://www.event.acesolutions-ksa.com/299?p=Ahome1Aimmorth6AmailAnew" "Mozilla/5.0 AppleWebKit/537.36 (KHTML, like Gecko; compatible; GPTBot/1.3; +https://openai.com/gptbot)" www.event.acesolutions-ksa.com 74.220.219.162
74.7.242.19 - - [17/Mar/2026:13:24:02 -0600] "GET /299?edit=1773024889.M716581P256026.box2010.bluehost.com%2CS%3D2343%2CW%3D2408&p=Ahome1Aimmorth6AmailAnew HTTP/1.1" 200 1670 "https://www.event.acesolutions-ksa.com/299?p=Ahome1Aimmorth6AmailAnew" "Mozilla/5.0 AppleWebKit/537.36 (KHTML, like Gecko; compatible; GPTBot/1.3; +https://openai.com/gptbot)" www.event.acesolutions-ksa.com 74.220.219.162
74.7.242.19 - - [17/Mar/2026:13:24:02 -0600] "GET /299?edit=1773024889.M716581P256026.box2010.bluehost.com%2CS%3D2343%2CW%3D2408&p=Ahome1Aimmorth6AmailAnew HTTP/2.0" 200 1670 "https://www.event.acesolutions-ksa.com/299?p=Ahome1Aimmorth6AmailAnew" "Mozilla/5.0 AppleWebKit/537.36 (KHTML, like Gecko; compatible; GPTBot/1.3; +https://openai.com/gptbot)" www.event.acesolutions-ksa.com 74.220.219.162
74.220.219.162 - - [17/Mar/2026:13:24:10 -0600] "POST /wp-cron.php?doing_wp_cron=1773775450.6285939216613769531250 HTTP/2.0" 200 - "-" "WordPress/6.9; https://event.acesolutions-ksa.com" event.acesolutions-ksa.com 74.220.219.162
74.7.242.19 - - [17/Mar/2026:13:24:12 -0600] "GET /316?edit=1773043110.M328553P187002.box2010.bluehost.com%2CS%3D2348%2CW%3D2413&p=Ahome1Aimmorth6AmailAnew HTTP/1.1" 200 1640 "https://www.event.acesolutions-ksa.com/316?p=Ahome1Aimmorth6AmailAnew" "Mozilla/5.0 AppleWebKit/537.36 (KHTML, like Gecko; compatible; GPTBot/1.3; +https://openai.com/gptbot)" www.event.acesolutions-ksa.com 74.220.219.162
74.7.242.19 - - [17/Mar/2026:13:24:12 -0600] "GET /316?edit=1773043110.M328553P187002.box2010.bluehost.com%2CS%3D2348%2CW%3D2413&p=Ahome1Aimmorth6AmailAnew HTTP/2.0" 200 1640 "https://www.event.acesolutions-ksa.com/316?p=Ahome1Aimmorth6AmailAnew" "Mozilla/5.0 AppleWebKit/537.36 (KHTML, like Gecko; compatible; GPTBot/1.3; +https://openai.com/gptbot)" www.event.acesolutions-ksa.com 74.220.219.162
74.7.227.146 - - [17/Mar/2026:13:24:21 -0600] "GET /3ff/?edit=immortal-tech-net.immortal-designs.net&p=Ahome1Aimmorth6Aaccess-logs HTTP/2.0" 200 53406 "https://event.acesolutions-ksa.com/ar/3ff/?edit=immortal-tech-net.immortal-designs.net&p=Ahome1Aimmorth6Aaccess-logs" "Mozilla/5.0 AppleWebKit/537.36 (KHTML, like Gecko; compatible; GPTBot/1.3; +https://openai.com/gptbot)" event.acesolutions-ksa.com 74.220.219.162
74.7.242.19 - - [17/Mar/2026:13:24:23 -0600] "GET /299?edit=1773030800.M480776P718856.box2010.bluehost.com%2CS%3D2348%2CW%3D2413&p=Ahome1Aimmorth6AmailAnew HTTP/1.1" 200 1679 "https://www.event.acesolutions-ksa.com/299?p=Ahome1Aimmorth6AmailAnew" "Mozilla/5.0 AppleWebKit/537.36 (KHTML, like Gecko; compatible; GPTBot/1.3; +https://openai.com/gptbot)" www.event.acesolutions-ksa.com 74.220.219.162
74.7.242.19 - - [17/Mar/2026:13:24:23 -0600] "GET /299?edit=1773030800.M480776P718856.box2010.bluehost.com%2CS%3D2348%2CW%3D2413&p=Ahome1Aimmorth6AmailAnew HTTP/2.0" 200 1679 "https://www.event.acesolutions-ksa.com/299?p=Ahome1Aimmorth6AmailAnew" "Mozilla/5.0 AppleWebKit/537.36 (KHTML, like Gecko; compatible; GPTBot/1.3; +https://openai.com/gptbot)" www.event.acesolutions-ksa.com 74.220.219.162
74.7.242.19 - - [17/Mar/2026:13:24:33 -0600] "GET /316?edit=1773024159.M201977P256026.box2010.bluehost.com%2CS%3D2343%2CW%3D2408&p=Ahome1Aimmorth6AmailAnew HTTP/1.1" 200 1678 "https://www.event.acesolutions-ksa.com/316?p=Ahome1Aimmorth6AmailAnew" "Mozilla/5.0 AppleWebKit/537.36 (KHTML, like Gecko; compatible; GPTBot/1.3; +https://openai.com/gptbot)" www.event.acesolutions-ksa.com 74.220.219.162
74.7.242.19 - - [17/Mar/2026:13:24:33 -0600] "GET /316?edit=1773024159.M201977P256026.box2010.bluehost.com%2CS%3D2343%2CW%3D2408&p=Ahome1Aimmorth6AmailAnew HTTP/2.0" 200 1678 "https://www.event.acesolutions-ksa.com/316?p=Ahome1Aimmorth6AmailAnew" "Mozilla/5.0 AppleWebKit/537.36 (KHTML, like Gecko; compatible; GPTBot/1.3; +https://openai.com/gptbot)" www.event.acesolutions-ksa.com 74.220.219.162
74.7.242.19 - - [17/Mar/2026:13:24:44 -0600] "GET /391?edit=1720890618.M454559P963972.box2010.bluehost.com%2CS%3D3353%2CW%3D3434%3A2%2C&p=Ahome1Aimmorth6AmailAcur HTTP/1.1" 200 2339 "https://www.event.acesolutions-ksa.com/391?p=Ahome1Aimmorth6AmailAcur" "Mozilla/5.0 AppleWebKit/537.36 (KHTML, like Gecko; compatible; GPTBot/1.3; +https://openai.com/gptbot)" www.event.acesolutions-ksa.com 74.220.219.162
74.7.242.19 - - [17/Mar/2026:13:24:44 -0600] "GET /391?edit=1720890618.M454559P963972.box2010.bluehost.com%2CS%3D3353%2CW%3D3434%3A2%2C&p=Ahome1Aimmorth6AmailAcur HTTP/2.0" 200 2339 "https://www.event.acesolutions-ksa.com/391?p=Ahome1Aimmorth6AmailAcur" "Mozilla/5.0 AppleWebKit/537.36 (KHTML, like Gecko; compatible; GPTBot/1.3; +https://openai.com/gptbot)" www.event.acesolutions-ksa.com 74.220.219.162
74.7.242.19 - - [17/Mar/2026:13:24:55 -0600] "GET /391?edit=1773016493.M371862P786421.box2010.bluehost.com%2CS%3D2343%2CW%3D2408&p=Ahome1Aimmorth6AmailAnew HTTP/1.1" 200 1703 "https://www.event.acesolutions-ksa.com/391?p=Ahome1Aimmorth6AmailAnew" "Mozilla/5.0 AppleWebKit/537.36 (KHTML, like Gecko; compatible; GPTBot/1.3; +https://openai.com/gptbot)" www.event.acesolutions-ksa.com 74.220.219.162
74.7.242.19 - - [17/Mar/2026:13:24:55 -0600] "GET /391?edit=1773016493.M371862P786421.box2010.bluehost.com%2CS%3D2343%2CW%3D2408&p=Ahome1Aimmorth6AmailAnew HTTP/2.0" 200 1703 "https://www.event.acesolutions-ksa.com/391?p=Ahome1Aimmorth6AmailAnew" "Mozilla/5.0 AppleWebKit/537.36 (KHTML, like Gecko; compatible; GPTBot/1.3; +https://openai.com/gptbot)" www.event.acesolutions-ksa.com 74.220.219.162
216.73.216.97 - - [17/Mar/2026:13:24:56 -0600] "GET /robots.txt HTTP/1.1" 200 66 "-" "Mozilla/5.0 AppleWebKit/537.36 (KHTML, like Gecko; compatible; ClaudeBot/1.0; +claudebot@anthropic.com)" www.event.acesolutions-ksa.com 74.220.219.162
216.73.216.97 - - [17/Mar/2026:13:24:56 -0600] "GET /robots.txt HTTP/2.0" 200 66 "-" "Mozilla/5.0 AppleWebKit/537.36 (KHTML, like Gecko; compatible; ClaudeBot/1.0; +claudebot@anthropic.com)" www.event.acesolutions-ksa.com 74.220.219.162
74.7.242.19 - - [17/Mar/2026:13:25:05 -0600] "GET /390?edit=1773035541.M307930P970615.box2010.bluehost.com%2CS%3D2343%2CW%3D2408&p=Ahome1Aimmorth6AmailAnew HTTP/1.1" 200 1691 "https://www.event.acesolutions-ksa.com/390?p=Ahome1Aimmorth6AmailAnew" "Mozilla/5.0 AppleWebKit/537.36 (KHTML, like Gecko; compatible; GPTBot/1.3; +https://openai.com/gptbot)" www.event.acesolutions-ksa.com 74.220.219.162
74.7.242.19 - - [17/Mar/2026:13:25:05 -0600] "GET /390?edit=1773035541.M307930P970615.box2010.bluehost.com%2CS%3D2343%2CW%3D2408&p=Ahome1Aimmorth6AmailAnew HTTP/2.0" 200 1691 "https://www.event.acesolutions-ksa.com/390?p=Ahome1Aimmorth6AmailAnew" "Mozilla/5.0 AppleWebKit/537.36 (KHTML, like Gecko; compatible; GPTBot/1.3; +https://openai.com/gptbot)" www.event.acesolutions-ksa.com 74.220.219.162
74.7.227.146 - - [17/Mar/2026:13:25:13 -0600] "GET /3ff/ HTTP/2.0" 200 54074 "https://event.acesolutions-ksa.com/3ff/?edit=immortal-tech-net.immortal-designs.net-ssl_log&p=Ahome1Aimmorth6Aaccess-logs" "Mozilla/5.0 AppleWebKit/537.36 (KHTML, like Gecko; compatible; GPTBot/1.3; +https://openai.com/gptbot)" event.acesolutions-ksa.com 74.220.219.162
74.7.242.19 - - [17/Mar/2026:13:25:16 -0600] "GET /390?edit=1773024216.M988326P256026.box2010.bluehost.com%2CS%3D2348%2CW%3D2413&p=Ahome1Aimmorth6AmailAnew HTTP/1.1" 200 1664 "https://www.event.acesolutions-ksa.com/390?p=Ahome1Aimmorth6AmailAnew" "Mozilla/5.0 AppleWebKit/537.36 (KHTML, like Gecko; compatible; GPTBot/1.3; +https://openai.com/gptbot)" www.event.acesolutions-ksa.com 74.220.219.162
74.7.242.19 - - [17/Mar/2026:13:25:16 -0600] "GET /390?edit=1773024216.M988326P256026.box2010.bluehost.com%2CS%3D2348%2CW%3D2413&p=Ahome1Aimmorth6AmailAnew HTTP/2.0" 200 1664 "https://www.event.acesolutions-ksa.com/390?p=Ahome1Aimmorth6AmailAnew" "Mozilla/5.0 AppleWebKit/537.36 (KHTML, like Gecko; compatible; GPTBot/1.3; +https://openai.com/gptbot)" www.event.acesolutions-ksa.com 74.220.219.162
74.7.242.19 - - [17/Mar/2026:13:25:26 -0600] "GET /391?edit=1773045184.M146408P647468.box2010.bluehost.com%2CS%3D2348%2CW%3D2413&p=Ahome1Aimmorth6AmailAnew HTTP/1.1" 200 1669 "https://www.event.acesolutions-ksa.com/391?p=Ahome1Aimmorth6AmailAnew" "Mozilla/5.0 AppleWebKit/537.36 (KHTML, like Gecko; compatible; GPTBot/1.3; +https://openai.com/gptbot)" www.event.acesolutions-ksa.com 74.220.219.162
74.7.242.19 - - [17/Mar/2026:13:25:26 -0600] "GET /391?edit=1773045184.M146408P647468.box2010.bluehost.com%2CS%3D2348%2CW%3D2413&p=Ahome1Aimmorth6AmailAnew HTTP/2.0" 200 1669 "https://www.event.acesolutions-ksa.com/391?p=Ahome1Aimmorth6AmailAnew" "Mozilla/5.0 AppleWebKit/537.36 (KHTML, like Gecko; compatible; GPTBot/1.3; +https://openai.com/gptbot)" www.event.acesolutions-ksa.com 74.220.219.162
74.7.242.19 - - [17/Mar/2026:13:25:37 -0600] "GET /390?edit=1773025928.M832109P448681.box2010.bluehost.com%2CS%3D2348%2CW%3D2413&p=Ahome1Aimmorth6AmailAnew HTTP/1.1" 200 1698 "https://www.event.acesolutions-ksa.com/390?p=Ahome1Aimmorth6AmailAnew" "Mozilla/5.0 AppleWebKit/537.36 (KHTML, like Gecko; compatible; GPTBot/1.3; +https://openai.com/gptbot)" www.event.acesolutions-ksa.com 74.220.219.162
74.7.242.19 - - [17/Mar/2026:13:25:37 -0600] "GET /390?edit=1773025928.M832109P448681.box2010.bluehost.com%2CS%3D2348%2CW%3D2413&p=Ahome1Aimmorth6AmailAnew HTTP/2.0" 200 1698 "https://www.event.acesolutions-ksa.com/390?p=Ahome1Aimmorth6AmailAnew" "Mozilla/5.0 AppleWebKit/537.36 (KHTML, like Gecko; compatible; GPTBot/1.3; +https://openai.com/gptbot)" www.event.acesolutions-ksa.com 74.220.219.162
74.7.242.19 - - [17/Mar/2026:13:25:47 -0600] "GET /299?edit=1773035391.M767320P970615.box2010.bluehost.com%2CS%3D2348%2CW%3D2413&p=Ahome1Aimmorth6AmailAnew HTTP/1.1" 200 1711 "https://www.event.acesolutions-ksa.com/299?p=Ahome1Aimmorth6AmailAnew" "Mozilla/5.0 AppleWebKit/537.36 (KHTML, like Gecko; compatible; GPTBot/1.3; +https://openai.com/gptbot)" www.event.acesolutions-ksa.com 74.220.219.162
74.7.242.19 - - [17/Mar/2026:13:25:47 -0600] "GET /299?edit=1773035391.M767320P970615.box2010.bluehost.com%2CS%3D2348%2CW%3D2413&p=Ahome1Aimmorth6AmailAnew HTTP/2.0" 200 1711 "https://www.event.acesolutions-ksa.com/299?p=Ahome1Aimmorth6AmailAnew" "Mozilla/5.0 AppleWebKit/537.36 (KHTML, like Gecko; compatible; GPTBot/1.3; +https://openai.com/gptbot)" www.event.acesolutions-ksa.com 74.220.219.162
74.7.242.19 - - [17/Mar/2026:13:25:58 -0600] "GET /299?edit=1773040409.M326969P187002.box2010.bluehost.com%2CS%3D2343%2CW%3D2408&p=Ahome1Aimmorth6AmailAnew HTTP/1.1" 200 1661 "https://www.event.acesolutions-ksa.com/299?p=Ahome1Aimmorth6AmailAnew" "Mozilla/5.0 AppleWebKit/537.36 (KHTML, like Gecko; compatible; GPTBot/1.3; +https://openai.com/gptbot)" www.event.acesolutions-ksa.com 74.220.219.162
74.7.242.19 - - [17/Mar/2026:13:25:58 -0600] "GET /299?edit=1773040409.M326969P187002.box2010.bluehost.com%2CS%3D2343%2CW%3D2408&p=Ahome1Aimmorth6AmailAnew HTTP/2.0" 200 1661 "https://www.event.acesolutions-ksa.com/299?p=Ahome1Aimmorth6AmailAnew" "Mozilla/5.0 AppleWebKit/537.36 (KHTML, like Gecko; compatible; GPTBot/1.3; +https://openai.com/gptbot)" www.event.acesolutions-ksa.com 74.220.219.162
74.7.242.19 - - [17/Mar/2026:13:26:08 -0600] "GET /390?edit=1773042485.M687076P187002.box2010.bluehost.com%2CS%3D2348%2CW%3D2413&p=Ahome1Aimmorth6AmailAnew HTTP/1.1" 200 1665 "https://www.event.acesolutions-ksa.com/390?p=Ahome1Aimmorth6AmailAnew" "Mozilla/5.0 AppleWebKit/537.36 (KHTML, like Gecko; compatible; GPTBot/1.3; +https://openai.com/gptbot)" www.event.acesolutions-ksa.com 74.220.219.162
74.7.242.19 - - [17/Mar/2026:13:26:08 -0600] "GET /390?edit=1773042485.M687076P187002.box2010.bluehost.com%2CS%3D2348%2CW%3D2413&p=Ahome1Aimmorth6AmailAnew HTTP/2.0" 200 1665 "https://www.event.acesolutions-ksa.com/390?p=Ahome1Aimmorth6AmailAnew" "Mozilla/5.0 AppleWebKit/537.36 (KHTML, like Gecko; compatible; GPTBot/1.3; +https://openai.com/gptbot)" www.event.acesolutions-ksa.com 74.220.219.162
74.220.219.162 - - [17/Mar/2026:13:26:19 -0600] "POST /wp-cron.php?doing_wp_cron=1773775579.2527899742126464843750 HTTP/2.0" 200 - "-" "WordPress/6.9; https://event.acesolutions-ksa.com" event.acesolutions-ksa.com 74.220.219.162
74.7.242.19 - - [17/Mar/2026:13:26:18 -0600] "GET /390?edit=1773033411.M387093P849584.box2010.bluehost.com%2CS%3D2348%2CW%3D2413&p=Ahome1Aimmorth6AmailAnew HTTP/1.1" 200 1687 "https://www.event.acesolutions-ksa.com/390?p=Ahome1Aimmorth6AmailAnew" "Mozilla/5.0 AppleWebKit/537.36 (KHTML, like Gecko; compatible; GPTBot/1.3; +https://openai.com/gptbot)" www.event.acesolutions-ksa.com 74.220.219.162
74.7.242.19 - - [17/Mar/2026:13:26:18 -0600] "GET /390?edit=1773033411.M387093P849584.box2010.bluehost.com%2CS%3D2348%2CW%3D2413&p=Ahome1Aimmorth6AmailAnew HTTP/2.0" 200 1687 "https://www.event.acesolutions-ksa.com/390?p=Ahome1Aimmorth6AmailAnew" "Mozilla/5.0 AppleWebKit/537.36 (KHTML, like Gecko; compatible; GPTBot/1.3; +https://openai.com/gptbot)" www.event.acesolutions-ksa.com 74.220.219.162
74.220.219.162 - - [17/Mar/2026:13:26:19 -0600] "POST /wp-cron.php?doing_wp_cron=1773775579.4656209945678710937500 HTTP/2.0" 200 - "-" "WordPress/6.9; https://event.acesolutions-ksa.com" event.acesolutions-ksa.com 74.220.219.162
74.7.227.146 - - [17/Mar/2026:13:26:22 -0600] "GET /3ff/?p=Ahome1 HTTP/2.0" 200 53316 "https://event.acesolutions-ksa.com/3ff/?edit=immortal-tech-net.immortal-designs.net-ssl_log&p=Ahome1Aimmorth6Aaccess-logs" "Mozilla/5.0 AppleWebKit/537.36 (KHTML, like Gecko; compatible; GPTBot/1.3; +https://openai.com/gptbot)" event.acesolutions-ksa.com 74.220.219.162
74.7.242.19 - - [17/Mar/2026:13:26:29 -0600] "GET /390?edit=1703126079.M179287P518331.box2010.bluehost.com%2CS%3D3460%2CW%3D3572%3A2%2C&p=Ahome1Aimmorth6AmailAcur HTTP/1.1" 200 2407 "https://www.event.acesolutions-ksa.com/390?p=Ahome1Aimmorth6AmailAcur" "Mozilla/5.0 AppleWebKit/537.36 (KHTML, like Gecko; compatible; GPTBot/1.3; +https://openai.com/gptbot)" www.event.acesolutions-ksa.com 74.220.219.162
74.7.242.19 - - [17/Mar/2026:13:26:29 -0600] "GET /390?edit=1703126079.M179287P518331.box2010.bluehost.com%2CS%3D3460%2CW%3D3572%3A2%2C&p=Ahome1Aimmorth6AmailAcur HTTP/2.0" 200 2407 "https://www.event.acesolutions-ksa.com/390?p=Ahome1Aimmorth6AmailAcur" "Mozilla/5.0 AppleWebKit/537.36 (KHTML, like Gecko; compatible; GPTBot/1.3; +https://openai.com/gptbot)" www.event.acesolutions-ksa.com 74.220.219.162
74.7.242.19 - - [17/Mar/2026:13:26:39 -0600] "GET /316?edit=1773044784.M686734P647468.box2010.bluehost.com%2CS%3D2343%2CW%3D2408&p=Ahome1Aimmorth6AmailAnew HTTP/1.1" 200 1675 "https://www.event.acesolutions-ksa.com/316?p=Ahome1Aimmorth6AmailAnew" "Mozilla/5.0 AppleWebKit/537.36 (KHTML, like Gecko; compatible; GPTBot/1.3; +https://openai.com/gptbot)" www.event.acesolutions-ksa.com 74.220.219.162
74.7.242.19 - - [17/Mar/2026:13:26:39 -0600] "GET /316?edit=1773044784.M686734P647468.box2010.bluehost.com%2CS%3D2343%2CW%3D2408&p=Ahome1Aimmorth6AmailAnew HTTP/2.0" 200 1675 "https://www.event.acesolutions-ksa.com/316?p=Ahome1Aimmorth6AmailAnew" "Mozilla/5.0 AppleWebKit/537.36 (KHTML, like Gecko; compatible; GPTBot/1.3; +https://openai.com/gptbot)" www.event.acesolutions-ksa.com 74.220.219.162
74.7.242.19 - - [17/Mar/2026:13:26:50 -0600] "GET /649?edit=1773016973.M179748P788663.box2010.bluehost.com%2CS%3D2343%2CW%3D2408&p=Ahome1Aimmorth6AmailAnew HTTP/1.1" 200 1703 "https://www.event.acesolutions-ksa.com/649?p=Ahome1Aimmorth6AmailAnew" "Mozilla/5.0 AppleWebKit/537.36 (KHTML, like Gecko; compatible; GPTBot/1.3; +https://openai.com/gptbot)" www.event.acesolutions-ksa.com 74.220.219.162
