74.7.242.19 - - [17/Mar/2026:12:40:46 -0600] "GET /649?edit=1773016515.M10092P788663.box2010.bluehost.com%2CS%3D2348%2CW%3D2413&p=Ahome1Aimmorth6AmailAnew HTTP/1.1" 200 1716 "https://www.event.acesolutions-ksa.com/649?p=Ahome1Aimmorth6AmailAnew" "Mozilla/5.0 AppleWebKit/537.36 (KHTML, like Gecko; compatible; GPTBot/1.3; +https://openai.com/gptbot)" www.event.acesolutions-ksa.com 74.220.219.162
74.7.242.19 - - [17/Mar/2026:12:40:45 -0600] "GET /649?edit=1773016515.M10092P788663.box2010.bluehost.com%2CS%3D2348%2CW%3D2413&p=Ahome1Aimmorth6AmailAnew HTTP/2.0" 200 1716 "https://www.event.acesolutions-ksa.com/649?p=Ahome1Aimmorth6AmailAnew" "Mozilla/5.0 AppleWebKit/537.36 (KHTML, like Gecko; compatible; GPTBot/1.3; +https://openai.com/gptbot)" www.event.acesolutions-ksa.com 74.220.219.162
74.7.242.19 - - [17/Mar/2026:12:40:56 -0600] "GET /649?edit=1773024183.M30709P256026.box2010.bluehost.com%2CS%3D2348%2CW%3D2413&p=Ahome1Aimmorth6AmailAnew HTTP/1.1" 200 1688 "https://www.event.acesolutions-ksa.com/649?p=Ahome1Aimmorth6AmailAnew" "Mozilla/5.0 AppleWebKit/537.36 (KHTML, like Gecko; compatible; GPTBot/1.3; +https://openai.com/gptbot)" www.event.acesolutions-ksa.com 74.220.219.162
74.7.242.19 - - [17/Mar/2026:12:40:56 -0600] "GET /649?edit=1773024183.M30709P256026.box2010.bluehost.com%2CS%3D2348%2CW%3D2413&p=Ahome1Aimmorth6AmailAnew HTTP/2.0" 200 1688 "https://www.event.acesolutions-ksa.com/649?p=Ahome1Aimmorth6AmailAnew" "Mozilla/5.0 AppleWebKit/537.36 (KHTML, like Gecko; compatible; GPTBot/1.3; +https://openai.com/gptbot)" www.event.acesolutions-ksa.com 74.220.219.162
74.7.227.146 - - [17/Mar/2026:12:41:08 -0600] "GET /ar/267/www_website_efd5428f_ilq_ypm_mybluehost_me_dfbca_2ff69_1769574698_a7814a9d805627d207bca8cd9d0eaa8f.crt/endurance-page-cache.php HTTP/2.0" 409 83 "https://event.acesolutions-ksa.com/ar/267/www_website_efd5428f_ilq_ypm_mybluehost_me_dfbca_2ff69_1769574698_a7814a9d805627d207bca8cd9d0eaa8f.crt/" "Mozilla/5.0 AppleWebKit/537.36 (KHTML, like Gecko; compatible; GPTBot/1.3; +https://openai.com/gptbot)" event.acesolutions-ksa.com 74.220.219.162
74.7.242.19 - - [17/Mar/2026:12:41:07 -0600] "GET /390?edit=1773038486.M385019P2123.box2010.bluehost.com%2CS%3D2348%2CW%3D2413&p=Ahome1Aimmorth6AmailAnew HTTP/1.1" 200 1663 "https://www.event.acesolutions-ksa.com/390?p=Ahome1Aimmorth6AmailAnew" "Mozilla/5.0 AppleWebKit/537.36 (KHTML, like Gecko; compatible; GPTBot/1.3; +https://openai.com/gptbot)" www.event.acesolutions-ksa.com 74.220.219.162
74.7.242.19 - - [17/Mar/2026:12:41:07 -0600] "GET /390?edit=1773038486.M385019P2123.box2010.bluehost.com%2CS%3D2348%2CW%3D2413&p=Ahome1Aimmorth6AmailAnew HTTP/2.0" 200 1663 "https://www.event.acesolutions-ksa.com/390?p=Ahome1Aimmorth6AmailAnew" "Mozilla/5.0 AppleWebKit/537.36 (KHTML, like Gecko; compatible; GPTBot/1.3; +https://openai.com/gptbot)" www.event.acesolutions-ksa.com 74.220.219.162
74.7.242.19 - - [17/Mar/2026:12:41:18 -0600] "GET /649?edit=1773028650.M37591P448681.box2010.bluehost.com%2CS%3D2343%2CW%3D2408&p=Ahome1Aimmorth6AmailAnew HTTP/1.1" 200 1666 "https://www.event.acesolutions-ksa.com/649?p=Ahome1Aimmorth6AmailAnew" "Mozilla/5.0 AppleWebKit/537.36 (KHTML, like Gecko; compatible; GPTBot/1.3; +https://openai.com/gptbot)" www.event.acesolutions-ksa.com 74.220.219.162
74.7.242.19 - - [17/Mar/2026:12:41:18 -0600] "GET /649?edit=1773028650.M37591P448681.box2010.bluehost.com%2CS%3D2343%2CW%3D2408&p=Ahome1Aimmorth6AmailAnew HTTP/2.0" 200 1666 "https://www.event.acesolutions-ksa.com/649?p=Ahome1Aimmorth6AmailAnew" "Mozilla/5.0 AppleWebKit/537.36 (KHTML, like Gecko; compatible; GPTBot/1.3; +https://openai.com/gptbot)" www.event.acesolutions-ksa.com 74.220.219.162
74.7.242.19 - - [17/Mar/2026:12:41:28 -0600] "GET /649?edit=1773016939.M36734P788663.box2010.bluehost.com%2CS%3D2348%2CW%3D2413&p=Ahome1Aimmorth6AmailAnew HTTP/1.1" 200 1683 "https://www.event.acesolutions-ksa.com/649?p=Ahome1Aimmorth6AmailAnew" "Mozilla/5.0 AppleWebKit/537.36 (KHTML, like Gecko; compatible; GPTBot/1.3; +https://openai.com/gptbot)" www.event.acesolutions-ksa.com 74.220.219.162
74.7.242.19 - - [17/Mar/2026:12:41:28 -0600] "GET /649?edit=1773016939.M36734P788663.box2010.bluehost.com%2CS%3D2348%2CW%3D2413&p=Ahome1Aimmorth6AmailAnew HTTP/2.0" 200 1683 "https://www.event.acesolutions-ksa.com/649?p=Ahome1Aimmorth6AmailAnew" "Mozilla/5.0 AppleWebKit/537.36 (KHTML, like Gecko; compatible; GPTBot/1.3; +https://openai.com/gptbot)" www.event.acesolutions-ksa.com 74.220.219.162
74.7.242.19 - - [17/Mar/2026:12:41:39 -0600] "GET /390?edit=1773037119.M790558P2123.box2010.bluehost.com%2CS%3D2343%2CW%3D2408&p=Ahome1Aimmorth6AmailAnew HTTP/1.1" 200 1690 "https://www.event.acesolutions-ksa.com/390?p=Ahome1Aimmorth6AmailAnew" "Mozilla/5.0 AppleWebKit/537.36 (KHTML, like Gecko; compatible; GPTBot/1.3; +https://openai.com/gptbot)" www.event.acesolutions-ksa.com 74.220.219.162
74.7.242.19 - - [17/Mar/2026:12:41:38 -0600] "GET /390?edit=1773037119.M790558P2123.box2010.bluehost.com%2CS%3D2343%2CW%3D2408&p=Ahome1Aimmorth6AmailAnew HTTP/2.0" 200 1690 "https://www.event.acesolutions-ksa.com/390?p=Ahome1Aimmorth6AmailAnew" "Mozilla/5.0 AppleWebKit/537.36 (KHTML, like Gecko; compatible; GPTBot/1.3; +https://openai.com/gptbot)" www.event.acesolutions-ksa.com 74.220.219.162
74.7.242.19 - - [17/Mar/2026:12:41:49 -0600] "GET /390?edit=1773016540.M62591P786421.box2010.bluehost.com%2CS%3D2338%2CW%3D2403&p=Ahome1Aimmorth6AmailAnew HTTP/1.1" 200 1676 "https://www.event.acesolutions-ksa.com/390?p=Ahome1Aimmorth6AmailAnew" "Mozilla/5.0 AppleWebKit/537.36 (KHTML, like Gecko; compatible; GPTBot/1.3; +https://openai.com/gptbot)" www.event.acesolutions-ksa.com 74.220.219.162
74.7.242.19 - - [17/Mar/2026:12:41:49 -0600] "GET /390?edit=1773016540.M62591P786421.box2010.bluehost.com%2CS%3D2338%2CW%3D2403&p=Ahome1Aimmorth6AmailAnew HTTP/2.0" 200 1676 "https://www.event.acesolutions-ksa.com/390?p=Ahome1Aimmorth6AmailAnew" "Mozilla/5.0 AppleWebKit/537.36 (KHTML, like Gecko; compatible; GPTBot/1.3; +https://openai.com/gptbot)" www.event.acesolutions-ksa.com 74.220.219.162
74.7.242.19 - - [17/Mar/2026:12:42:00 -0600] "GET /390?edit=1773045109.M71269P834072.box2010.bluehost.com%2CS%3D2348%2CW%3D2413&p=Ahome1Aimmorth6AmailAnew HTTP/1.1" 200 1684 "https://www.event.acesolutions-ksa.com/390?p=Ahome1Aimmorth6AmailAnew" "Mozilla/5.0 AppleWebKit/537.36 (KHTML, like Gecko; compatible; GPTBot/1.3; +https://openai.com/gptbot)" www.event.acesolutions-ksa.com 74.220.219.162
74.7.242.19 - - [17/Mar/2026:12:42:00 -0600] "GET /390?edit=1773045109.M71269P834072.box2010.bluehost.com%2CS%3D2348%2CW%3D2413&p=Ahome1Aimmorth6AmailAnew HTTP/2.0" 200 1684 "https://www.event.acesolutions-ksa.com/390?p=Ahome1Aimmorth6AmailAnew" "Mozilla/5.0 AppleWebKit/537.36 (KHTML, like Gecko; compatible; GPTBot/1.3; +https://openai.com/gptbot)" www.event.acesolutions-ksa.com 74.220.219.162
74.7.227.146 - - [17/Mar/2026:12:42:08 -0600] "GET /ar/267/webdisk_luqta_app_com_ea38e_7646b_1774157505_10a57bf9e685db247f4a5de79b4912bd.crt/endurance-page-cache.php HTTP/2.0" 409 83 "https://event.acesolutions-ksa.com/ar/267/webdisk_luqta_app_com_ea38e_7646b_1774157505_10a57bf9e685db247f4a5de79b4912bd.crt/" "Mozilla/5.0 AppleWebKit/537.36 (KHTML, like Gecko; compatible; GPTBot/1.3; +https://openai.com/gptbot)" event.acesolutions-ksa.com 74.220.219.162
74.7.242.19 - - [17/Mar/2026:12:42:10 -0600] "GET /316?edit=1773039318.M523503P2123.box2010.bluehost.com%2CS%3D2348%2CW%3D2413&p=Ahome1Aimmorth6AmailAnew HTTP/1.1" 200 1693 "https://www.event.acesolutions-ksa.com/316?p=Ahome1Aimmorth6AmailAnew" "Mozilla/5.0 AppleWebKit/537.36 (KHTML, like Gecko; compatible; GPTBot/1.3; +https://openai.com/gptbot)" www.event.acesolutions-ksa.com 74.220.219.162
74.7.242.19 - - [17/Mar/2026:12:42:10 -0600] "GET /316?edit=1773039318.M523503P2123.box2010.bluehost.com%2CS%3D2348%2CW%3D2413&p=Ahome1Aimmorth6AmailAnew HTTP/2.0" 200 1693 "https://www.event.acesolutions-ksa.com/316?p=Ahome1Aimmorth6AmailAnew" "Mozilla/5.0 AppleWebKit/537.36 (KHTML, like Gecko; compatible; GPTBot/1.3; +https://openai.com/gptbot)" www.event.acesolutions-ksa.com 74.220.219.162
74.7.242.19 - - [17/Mar/2026:12:42:21 -0600] "GET /649?edit=1773074321.M87312P671364.box2010.bluehost.com%2CS%3D18651%2CW%3D18818&p=Ahome1Aimmorth6AmailAnew HTTP/1.1" 200 3490 "https://www.event.acesolutions-ksa.com/649?p=Ahome1Aimmorth6AmailAnew" "Mozilla/5.0 AppleWebKit/537.36 (KHTML, like Gecko; compatible; GPTBot/1.3; +https://openai.com/gptbot)" www.event.acesolutions-ksa.com 74.220.219.162
74.7.242.19 - - [17/Mar/2026:12:42:21 -0600] "GET /649?edit=1773074321.M87312P671364.box2010.bluehost.com%2CS%3D18651%2CW%3D18818&p=Ahome1Aimmorth6AmailAnew HTTP/2.0" 200 3490 "https://www.event.acesolutions-ksa.com/649?p=Ahome1Aimmorth6AmailAnew" "Mozilla/5.0 AppleWebKit/537.36 (KHTML, like Gecko; compatible; GPTBot/1.3; +https://openai.com/gptbot)" www.event.acesolutions-ksa.com 74.220.219.162
74.220.219.162 - - [17/Mar/2026:12:42:32 -0600] "POST /wp-cron.php?doing_wp_cron=1773772952.1392519474029541015625 HTTP/2.0" 200 - "-" "WordPress/6.9; https://event.acesolutions-ksa.com" event.acesolutions-ksa.com 74.220.219.162
74.7.242.19 - - [17/Mar/2026:12:42:31 -0600] "GET /649?edit=1773024038.M46238P256026.box2010.bluehost.com%2CS%3D2328%2CW%3D2393&p=Ahome1Aimmorth6AmailAnew HTTP/1.1" 200 1682 "https://www.event.acesolutions-ksa.com/649?p=Ahome1Aimmorth6AmailAnew" "Mozilla/5.0 AppleWebKit/537.36 (KHTML, like Gecko; compatible; GPTBot/1.3; +https://openai.com/gptbot)" www.event.acesolutions-ksa.com 74.220.219.162
74.7.242.19 - - [17/Mar/2026:12:42:31 -0600] "GET /649?edit=1773024038.M46238P256026.box2010.bluehost.com%2CS%3D2328%2CW%3D2393&p=Ahome1Aimmorth6AmailAnew HTTP/2.0" 200 1682 "https://www.event.acesolutions-ksa.com/649?p=Ahome1Aimmorth6AmailAnew" "Mozilla/5.0 AppleWebKit/537.36 (KHTML, like Gecko; compatible; GPTBot/1.3; +https://openai.com/gptbot)" www.event.acesolutions-ksa.com 74.220.219.162
74.7.242.19 - - [17/Mar/2026:12:42:42 -0600] "GET /649?p=Ahome1Aimmorth6AmailAtmp HTTP/1.1" 200 910 "https://www.event.acesolutions-ksa.com/649?p=Ahome1Aimmorth6Amail" "Mozilla/5.0 AppleWebKit/537.36 (KHTML, like Gecko; compatible; GPTBot/1.3; +https://openai.com/gptbot)" www.event.acesolutions-ksa.com 74.220.219.162
74.7.242.19 - - [17/Mar/2026:12:42:42 -0600] "GET /649?p=Ahome1Aimmorth6AmailAtmp HTTP/2.0" 200 910 "https://www.event.acesolutions-ksa.com/649?p=Ahome1Aimmorth6Amail" "Mozilla/5.0 AppleWebKit/537.36 (KHTML, like Gecko; compatible; GPTBot/1.3; +https://openai.com/gptbot)" www.event.acesolutions-ksa.com 74.220.219.162
74.7.242.19 - - [17/Mar/2026:12:42:53 -0600] "GET /299?p=Ahome1Aimmorth6AmailAnew HTTP/1.1" 200 3863422 "https://www.event.acesolutions-ksa.com/299?p=Ahome1Aimmorth6Amail" "Mozilla/5.0 AppleWebKit/537.36 (KHTML, like Gecko; compatible; GPTBot/1.3; +https://openai.com/gptbot)" www.event.acesolutions-ksa.com 74.220.219.162
74.7.242.19 - - [17/Mar/2026:12:42:53 -0600] "GET /299?p=Ahome1Aimmorth6AmailAnew HTTP/2.0" 200 3863422 "https://www.event.acesolutions-ksa.com/299?p=Ahome1Aimmorth6Amail" "Mozilla/5.0 AppleWebKit/537.36 (KHTML, like Gecko; compatible; GPTBot/1.3; +https://openai.com/gptbot)" www.event.acesolutions-ksa.com 74.220.219.162
74.7.242.19 - - [17/Mar/2026:12:43:03 -0600] "GET /316?p=Ahome1Aimmorth6AmailAcur HTTP/1.1" 200 318069 "https://www.event.acesolutions-ksa.com/316?p=Ahome1Aimmorth6Amail" "Mozilla/5.0 AppleWebKit/537.36 (KHTML, like Gecko; compatible; GPTBot/1.3; +https://openai.com/gptbot)" www.event.acesolutions-ksa.com 74.220.219.162
74.7.242.19 - - [17/Mar/2026:12:43:03 -0600] "GET /316?p=Ahome1Aimmorth6AmailAcur HTTP/2.0" 200 318069 "https://www.event.acesolutions-ksa.com/316?p=Ahome1Aimmorth6Amail" "Mozilla/5.0 AppleWebKit/537.36 (KHTML, like Gecko; compatible; GPTBot/1.3; +https://openai.com/gptbot)" www.event.acesolutions-ksa.com 74.220.219.162
74.7.242.19 - - [17/Mar/2026:12:43:14 -0600] "GET /316?p=Ahome1Aimmorth6Alogs HTTP/1.1" 200 1223 "https://www.event.acesolutions-ksa.com/316?p=Ahome1Aimmorth6" "Mozilla/5.0 AppleWebKit/537.36 (KHTML, like Gecko; compatible; GPTBot/1.3; +https://openai.com/gptbot)" www.event.acesolutions-ksa.com 74.220.219.162
74.7.242.19 - - [17/Mar/2026:12:43:14 -0600] "GET /316?p=Ahome1Aimmorth6Alogs HTTP/2.0" 200 1223 "https://www.event.acesolutions-ksa.com/316?p=Ahome1Aimmorth6" "Mozilla/5.0 AppleWebKit/537.36 (KHTML, like Gecko; compatible; GPTBot/1.3; +https://openai.com/gptbot)" www.event.acesolutions-ksa.com 74.220.219.162
74.7.242.19 - - [17/Mar/2026:12:43:25 -0600] "GET /649?p=Ahome1Aimmorth6Alogs HTTP/1.1" 200 1223 "https://www.event.acesolutions-ksa.com/649?p=Ahome1Aimmorth6" "Mozilla/5.0 AppleWebKit/537.36 (KHTML, like Gecko; compatible; GPTBot/1.3; +https://openai.com/gptbot)" www.event.acesolutions-ksa.com 74.220.219.162
74.7.242.19 - - [17/Mar/2026:12:43:25 -0600] "GET /649?p=Ahome1Aimmorth6Alogs HTTP/2.0" 200 1223 "https://www.event.acesolutions-ksa.com/649?p=Ahome1Aimmorth6" "Mozilla/5.0 AppleWebKit/537.36 (KHTML, like Gecko; compatible; GPTBot/1.3; +https://openai.com/gptbot)" www.event.acesolutions-ksa.com 74.220.219.162
74.7.227.146 - - [17/Mar/2026:12:43:29 -0600] "GET /267/webdisk_luqta_app_com_ea38e_7646b_1774157505_10a57bf9e685db247f4a5de79b4912bd.crt/ HTTP/2.0" 200 54362 "https://event.acesolutions-ksa.com/ar/267/webdisk_luqta_app_com_ea38e_7646b_1774157505_10a57bf9e685db247f4a5de79b4912bd.crt/" "Mozilla/5.0 AppleWebKit/537.36 (KHTML, like Gecko; compatible; GPTBot/1.3; +https://openai.com/gptbot)" event.acesolutions-ksa.com 74.220.219.162
74.7.242.19 - - [17/Mar/2026:12:43:35 -0600] "GET /391?p=Ahome1Aimmorth6Amail HTTP/1.1" 200 5729 "https://www.event.acesolutions-ksa.com/391?p=Ahome1Aimmorth6" "Mozilla/5.0 AppleWebKit/537.36 (KHTML, like Gecko; compatible; GPTBot/1.3; +https://openai.com/gptbot)" www.event.acesolutions-ksa.com 74.220.219.162
74.7.242.19 - - [17/Mar/2026:12:43:35 -0600] "GET /391?p=Ahome1Aimmorth6Amail HTTP/2.0" 200 5729 "https://www.event.acesolutions-ksa.com/391?p=Ahome1Aimmorth6" "Mozilla/5.0 AppleWebKit/537.36 (KHTML, like Gecko; compatible; GPTBot/1.3; +https://openai.com/gptbot)" www.event.acesolutions-ksa.com 74.220.219.162
74.7.242.19 - - [17/Mar/2026:12:43:46 -0600] "GET /390?edit=.bashrc&p=Ahome1Aimmorth6 HTTP/1.1" 200 757 "https://www.event.acesolutions-ksa.com/390?p=Ahome1Aimmorth6" "Mozilla/5.0 AppleWebKit/537.36 (KHTML, like Gecko; compatible; GPTBot/1.3; +https://openai.com/gptbot)" www.event.acesolutions-ksa.com 74.220.219.162
74.7.242.19 - - [17/Mar/2026:12:43:46 -0600] "GET /390?edit=.bashrc&p=Ahome1Aimmorth6 HTTP/2.0" 200 757 "https://www.event.acesolutions-ksa.com/390?p=Ahome1Aimmorth6" "Mozilla/5.0 AppleWebKit/537.36 (KHTML, like Gecko; compatible; GPTBot/1.3; +https://openai.com/gptbot)" www.event.acesolutions-ksa.com 74.220.219.162
74.7.242.19 - - [17/Mar/2026:12:43:57 -0600] "GET /aa6?edit=immortal-designs-net.immortal-const.com-ssl_log&p=Ahome1Aimmorth6Aaccess-logs HTTP/1.1" 200 1785 "https://www.event.acesolutions-ksa.com/aa6?p=Ahome1Aimmorth6Aaccess-logs" "Mozilla/5.0 AppleWebKit/537.36 (KHTML, like Gecko; compatible; GPTBot/1.3; +https://openai.com/gptbot)" www.event.acesolutions-ksa.com 74.220.219.162
74.7.242.19 - - [17/Mar/2026:12:43:56 -0600] "GET /aa6?edit=immortal-designs-net.immortal-const.com-ssl_log&p=Ahome1Aimmorth6Aaccess-logs HTTP/2.0" 200 1785 "https://www.event.acesolutions-ksa.com/aa6?p=Ahome1Aimmorth6Aaccess-logs" "Mozilla/5.0 AppleWebKit/537.36 (KHTML, like Gecko; compatible; GPTBot/1.3; +https://openai.com/gptbot)" www.event.acesolutions-ksa.com 74.220.219.162
74.7.242.19 - - [17/Mar/2026:12:44:07 -0600] "GET /649?edit=1773039330.M62577P2123.box2010.bluehost.com%2CS%3D2333%2CW%3D2398&p=Ahome1Aimmorth6AmailAnew HTTP/1.1" 200 1633 "https://www.event.acesolutions-ksa.com/649?p=Ahome1Aimmorth6AmailAnew" "Mozilla/5.0 AppleWebKit/537.36 (KHTML, like Gecko; compatible; GPTBot/1.3; +https://openai.com/gptbot)" www.event.acesolutions-ksa.com 74.220.219.162
74.7.242.19 - - [17/Mar/2026:12:44:07 -0600] "GET /649?edit=1773039330.M62577P2123.box2010.bluehost.com%2CS%3D2333%2CW%3D2398&p=Ahome1Aimmorth6AmailAnew HTTP/2.0" 200 1633 "https://www.event.acesolutions-ksa.com/649?p=Ahome1Aimmorth6AmailAnew" "Mozilla/5.0 AppleWebKit/537.36 (KHTML, like Gecko; compatible; GPTBot/1.3; +https://openai.com/gptbot)" www.event.acesolutions-ksa.com 74.220.219.162
74.7.242.19 - - [17/Mar/2026:12:44:18 -0600] "GET /649?edit=.bashrc&p=Ahome1Aimmorth6 HTTP/1.1" 200 757 "https://www.event.acesolutions-ksa.com/649?p=Ahome1Aimmorth6" "Mozilla/5.0 AppleWebKit/537.36 (KHTML, like Gecko; compatible; GPTBot/1.3; +https://openai.com/gptbot)" www.event.acesolutions-ksa.com 74.220.219.162
74.7.242.19 - - [17/Mar/2026:12:44:18 -0600] "GET /649?edit=.bashrc&p=Ahome1Aimmorth6 HTTP/2.0" 200 757 "https://www.event.acesolutions-ksa.com/649?p=Ahome1Aimmorth6" "Mozilla/5.0 AppleWebKit/537.36 (KHTML, like Gecko; compatible; GPTBot/1.3; +https://openai.com/gptbot)" www.event.acesolutions-ksa.com 74.220.219.162
74.7.227.146 - - [17/Mar/2026:12:44:20 -0600] "GET /ar/267/.bash_logout/endurance-page-cache.php HTTP/2.0" 409 83 "https://event.acesolutions-ksa.com/ar/267/.bash_logout/" "Mozilla/5.0 AppleWebKit/537.36 (KHTML, like Gecko; compatible; GPTBot/1.3; +https://openai.com/gptbot)" event.acesolutions-ksa.com 74.220.219.162
74.7.242.19 - - [17/Mar/2026:12:44:28 -0600] "GET /391?edit=.bashrc&p=Ahome1Aimmorth6 HTTP/1.1" 200 757 "https://www.event.acesolutions-ksa.com/391?p=Ahome1Aimmorth6" "Mozilla/5.0 AppleWebKit/537.36 (KHTML, like Gecko; compatible; GPTBot/1.3; +https://openai.com/gptbot)" www.event.acesolutions-ksa.com 74.220.219.162
74.7.242.19 - - [17/Mar/2026:12:44:28 -0600] "GET /391?edit=.bashrc&p=Ahome1Aimmorth6 HTTP/2.0" 200 757 "https://www.event.acesolutions-ksa.com/391?p=Ahome1Aimmorth6" "Mozilla/5.0 AppleWebKit/537.36 (KHTML, like Gecko; compatible; GPTBot/1.3; +https://openai.com/gptbot)" www.event.acesolutions-ksa.com 74.220.219.162
74.220.219.162 - - [17/Mar/2026:12:44:39 -0600] "POST /wp-cron.php?doing_wp_cron=1773773078.9294970035552978515625 HTTP/2.0" 200 - "-" "WordPress/6.9; https://event.acesolutions-ksa.com" event.acesolutions-ksa.com 74.220.219.162
74.7.242.19 - - [17/Mar/2026:12:44:38 -0600] "GET /299?edit=.bashrc&p=Ahome1Aimmorth6 HTTP/1.1" 200 757 "https://www.event.acesolutions-ksa.com/299?p=Ahome1Aimmorth6" "Mozilla/5.0 AppleWebKit/537.36 (KHTML, like Gecko; compatible; GPTBot/1.3; +https://openai.com/gptbot)" www.event.acesolutions-ksa.com 74.220.219.162
74.7.242.19 - - [17/Mar/2026:12:44:38 -0600] "GET /299?edit=.bashrc&p=Ahome1Aimmorth6 HTTP/2.0" 200 757 "https://www.event.acesolutions-ksa.com/299?p=Ahome1Aimmorth6" "Mozilla/5.0 AppleWebKit/537.36 (KHTML, like Gecko; compatible; GPTBot/1.3; +https://openai.com/gptbot)" www.event.acesolutions-ksa.com 74.220.219.162
74.7.242.19 - - [17/Mar/2026:12:44:49 -0600] "GET /316?edit=.zshrc&p=Ahome1Aimmorth6 HTTP/1.1" 200 1064 "https://www.event.acesolutions-ksa.com/316?p=Ahome1Aimmorth6" "Mozilla/5.0 AppleWebKit/537.36 (KHTML, like Gecko; compatible; GPTBot/1.3; +https://openai.com/gptbot)" www.event.acesolutions-ksa.com 74.220.219.162
74.7.242.19 - - [17/Mar/2026:12:44:49 -0600] "GET /316?edit=.zshrc&p=Ahome1Aimmorth6 HTTP/2.0" 200 1064 "https://www.event.acesolutions-ksa.com/316?p=Ahome1Aimmorth6" "Mozilla/5.0 AppleWebKit/537.36 (KHTML, like Gecko; compatible; GPTBot/1.3; +https://openai.com/gptbot)" www.event.acesolutions-ksa.com 74.220.219.162
74.7.242.19 - - [17/Mar/2026:12:44:59 -0600] "GET /299?edit=1773038881.M195826P2123.box2010.bluehost.com%2CS%3D2348%2CW%3D2413&p=Ahome1Aimmorth6AmailAnew HTTP/1.1" 200 1669 "https://www.event.acesolutions-ksa.com/299?p=Ahome1Aimmorth6AmailAnew" "Mozilla/5.0 AppleWebKit/537.36 (KHTML, like Gecko; compatible; GPTBot/1.3; +https://openai.com/gptbot)" www.event.acesolutions-ksa.com 74.220.219.162
74.7.242.19 - - [17/Mar/2026:12:44:59 -0600] "GET /299?edit=1773038881.M195826P2123.box2010.bluehost.com%2CS%3D2348%2CW%3D2413&p=Ahome1Aimmorth6AmailAnew HTTP/2.0" 200 1669 "https://www.event.acesolutions-ksa.com/299?p=Ahome1Aimmorth6AmailAnew" "Mozilla/5.0 AppleWebKit/537.36 (KHTML, like Gecko; compatible; GPTBot/1.3; +https://openai.com/gptbot)" www.event.acesolutions-ksa.com 74.220.219.162
74.7.242.19 - - [17/Mar/2026:12:45:09 -0600] "GET /299?edit=1773037322.M65220P2123.box2010.bluehost.com%2CS%3D2343%2CW%3D2408&p=Ahome1Aimmorth6AmailAnew HTTP/1.1" 200 1667 "https://www.event.acesolutions-ksa.com/299?p=Ahome1Aimmorth6AmailAnew" "Mozilla/5.0 AppleWebKit/537.36 (KHTML, like Gecko; compatible; GPTBot/1.3; +https://openai.com/gptbot)" www.event.acesolutions-ksa.com 74.220.219.162
74.7.242.19 - - [17/Mar/2026:12:45:09 -0600] "GET /299?edit=1773037322.M65220P2123.box2010.bluehost.com%2CS%3D2343%2CW%3D2408&p=Ahome1Aimmorth6AmailAnew HTTP/2.0" 200 1667 "https://www.event.acesolutions-ksa.com/299?p=Ahome1Aimmorth6AmailAnew" "Mozilla/5.0 AppleWebKit/537.36 (KHTML, like Gecko; compatible; GPTBot/1.3; +https://openai.com/gptbot)" www.event.acesolutions-ksa.com 74.220.219.162
74.7.227.146 - - [17/Mar/2026:12:45:13 -0600] "GET /267/.bash_logout/ HTTP/2.0" 200 54059 "https://event.acesolutions-ksa.com/ar/267/.bash_logout/" "Mozilla/5.0 AppleWebKit/537.36 (KHTML, like Gecko; compatible; GPTBot/1.3; +https://openai.com/gptbot)" event.acesolutions-ksa.com 74.220.219.162
74.7.242.19 - - [17/Mar/2026:12:45:19 -0600] "GET /299?edit=1773035896.M375671P1004786.box2010.bluehost.com%2CS%3D2343%2CW%3D2408&p=Ahome1Aimmorth6AmailAnew HTTP/1.1" 200 1638 "https://www.event.acesolutions-ksa.com/299?p=Ahome1Aimmorth6AmailAnew" "Mozilla/5.0 AppleWebKit/537.36 (KHTML, like Gecko; compatible; GPTBot/1.3; +https://openai.com/gptbot)" www.event.acesolutions-ksa.com 74.220.219.162
74.7.242.19 - - [17/Mar/2026:12:45:19 -0600] "GET /299?edit=1773035896.M375671P1004786.box2010.bluehost.com%2CS%3D2343%2CW%3D2408&p=Ahome1Aimmorth6AmailAnew HTTP/2.0" 200 1638 "https://www.event.acesolutions-ksa.com/299?p=Ahome1Aimmorth6AmailAnew" "Mozilla/5.0 AppleWebKit/537.36 (KHTML, like Gecko; compatible; GPTBot/1.3; +https://openai.com/gptbot)" www.event.acesolutions-ksa.com 74.220.219.162
74.7.242.19 - - [17/Mar/2026:12:45:30 -0600] "GET /299?edit=1773036649.M895397P1038775.box2010.bluehost.com%2CS%3D2338%2CW%3D2403&p=Ahome1Aimmorth6AmailAnew HTTP/1.1" 200 1683 "https://www.event.acesolutions-ksa.com/299?p=Ahome1Aimmorth6AmailAnew" "Mozilla/5.0 AppleWebKit/537.36 (KHTML, like Gecko; compatible; GPTBot/1.3; +https://openai.com/gptbot)" www.event.acesolutions-ksa.com 74.220.219.162
74.7.242.19 - - [17/Mar/2026:12:45:30 -0600] "GET /299?edit=1773036649.M895397P1038775.box2010.bluehost.com%2CS%3D2338%2CW%3D2403&p=Ahome1Aimmorth6AmailAnew HTTP/2.0" 200 1683 "https://www.event.acesolutions-ksa.com/299?p=Ahome1Aimmorth6AmailAnew" "Mozilla/5.0 AppleWebKit/537.36 (KHTML, like Gecko; compatible; GPTBot/1.3; +https://openai.com/gptbot)" www.event.acesolutions-ksa.com 74.220.219.162
74.7.242.19 - - [17/Mar/2026:12:45:41 -0600] "GET /299?edit=1773035953.M644952P1004786.box2010.bluehost.com%2CS%3D2348%2CW%3D2413&p=Ahome1Aimmorth6AmailAnew HTTP/1.1" 200 1670 "https://www.event.acesolutions-ksa.com/299?p=Ahome1Aimmorth6AmailAnew" "Mozilla/5.0 AppleWebKit/537.36 (KHTML, like Gecko; compatible; GPTBot/1.3; +https://openai.com/gptbot)" www.event.acesolutions-ksa.com 74.220.219.162
74.7.242.19 - - [17/Mar/2026:12:45:41 -0600] "GET /299?edit=1773035953.M644952P1004786.box2010.bluehost.com%2CS%3D2348%2CW%3D2413&p=Ahome1Aimmorth6AmailAnew HTTP/2.0" 200 1670 "https://www.event.acesolutions-ksa.com/299?p=Ahome1Aimmorth6AmailAnew" "Mozilla/5.0 AppleWebKit/537.36 (KHTML, like Gecko; compatible; GPTBot/1.3; +https://openai.com/gptbot)" www.event.acesolutions-ksa.com 74.220.219.162
74.7.242.19 - - [17/Mar/2026:12:45:51 -0600] "GET /316?edit=1724307891.M431829P919791.box2010.bluehost.com%2CS%3D3500%2CW%3D3582%3A2%2C&p=Ahome1Aimmorth6AmailAcur HTTP/1.1" 200 2404 "https://www.event.acesolutions-ksa.com/316?p=Ahome1Aimmorth6AmailAcur" "Mozilla/5.0 AppleWebKit/537.36 (KHTML, like Gecko; compatible; GPTBot/1.3; +https://openai.com/gptbot)" www.event.acesolutions-ksa.com 74.220.219.162
74.7.242.19 - - [17/Mar/2026:12:45:51 -0600] "GET /316?edit=1724307891.M431829P919791.box2010.bluehost.com%2CS%3D3500%2CW%3D3582%3A2%2C&p=Ahome1Aimmorth6AmailAcur HTTP/2.0" 200 2404 "https://www.event.acesolutions-ksa.com/316?p=Ahome1Aimmorth6AmailAcur" "Mozilla/5.0 AppleWebKit/537.36 (KHTML, like Gecko; compatible; GPTBot/1.3; +https://openai.com/gptbot)" www.event.acesolutions-ksa.com 74.220.219.162
74.7.242.19 - - [17/Mar/2026:12:46:02 -0600] "GET /299?edit=1773037506.M634826P2123.box2010.bluehost.com%2CS%3D2348%2CW%3D2413&p=Ahome1Aimmorth6AmailAnew HTTP/1.1" 200 1690 "https://www.event.acesolutions-ksa.com/299?p=Ahome1Aimmorth6AmailAnew" "Mozilla/5.0 AppleWebKit/537.36 (KHTML, like Gecko; compatible; GPTBot/1.3; +https://openai.com/gptbot)" www.event.acesolutions-ksa.com 74.220.219.162
74.7.242.19 - - [17/Mar/2026:12:46:02 -0600] "GET /299?edit=1773037506.M634826P2123.box2010.bluehost.com%2CS%3D2348%2CW%3D2413&p=Ahome1Aimmorth6AmailAnew HTTP/2.0" 200 1690 "https://www.event.acesolutions-ksa.com/299?p=Ahome1Aimmorth6AmailAnew" "Mozilla/5.0 AppleWebKit/537.36 (KHTML, like Gecko; compatible; GPTBot/1.3; +https://openai.com/gptbot)" www.event.acesolutions-ksa.com 74.220.219.162
74.7.242.19 - - [17/Mar/2026:12:46:12 -0600] "GET /299?edit=1773038278.M257633P2123.box2010.bluehost.com%2CS%3D2348%2CW%3D2413&p=Ahome1Aimmorth6AmailAnew HTTP/1.1" 200 1678 "https://www.event.acesolutions-ksa.com/299?p=Ahome1Aimmorth6AmailAnew" "Mozilla/5.0 AppleWebKit/537.36 (KHTML, like Gecko; compatible; GPTBot/1.3; +https://openai.com/gptbot)" www.event.acesolutions-ksa.com 74.220.219.162
74.7.242.19 - - [17/Mar/2026:12:46:12 -0600] "GET /299?edit=1773038278.M257633P2123.box2010.bluehost.com%2CS%3D2348%2CW%3D2413&p=Ahome1Aimmorth6AmailAnew HTTP/2.0" 200 1678 "https://www.event.acesolutions-ksa.com/299?p=Ahome1Aimmorth6AmailAnew" "Mozilla/5.0 AppleWebKit/537.36 (KHTML, like Gecko; compatible; GPTBot/1.3; +https://openai.com/gptbot)" www.event.acesolutions-ksa.com 74.220.219.162
216.73.216.97 - - [17/Mar/2026:12:46:15 -0600] "GET /semrush-client.php HTTP/2.0" 409 83 "-" "Mozilla/5.0 AppleWebKit/537.36 (KHTML, like Gecko; compatible; ClaudeBot/1.0; +claudebot@anthropic.com)" www.event.acesolutions-ksa.com 74.220.219.162
74.7.242.19 - - [17/Mar/2026:12:46:23 -0600] "GET /299?edit=1773213137.M671336P863594.box2010.bluehost.com%2CS%3D2998%2CW%3D3078&p=Ahome1Aimmorth6AmailAnew HTTP/1.1" 200 2006 "https://www.event.acesolutions-ksa.com/299?p=Ahome1Aimmorth6AmailAnew" "Mozilla/5.0 AppleWebKit/537.36 (KHTML, like Gecko; compatible; GPTBot/1.3; +https://openai.com/gptbot)" www.event.acesolutions-ksa.com 74.220.219.162
74.7.242.19 - - [17/Mar/2026:12:46:23 -0600] "GET /299?edit=1773213137.M671336P863594.box2010.bluehost.com%2CS%3D2998%2CW%3D3078&p=Ahome1Aimmorth6AmailAnew HTTP/2.0" 200 2006 "https://www.event.acesolutions-ksa.com/299?p=Ahome1Aimmorth6AmailAnew" "Mozilla/5.0 AppleWebKit/537.36 (KHTML, like Gecko; compatible; GPTBot/1.3; +https://openai.com/gptbot)" www.event.acesolutions-ksa.com 74.220.219.162
74.7.227.146 - - [17/Mar/2026:12:46:28 -0600] "GET /1579188000.M819243P996263.box2010.bluehost.com,S=54533,W=55439:2,S?p=Ahome1Aimmorth6Apublic_htmlAwebsite_efd5428fAwp-content HTTP/2.0" 200 55084 "https://event.acesolutions-ksa.com/1579188000.M819243P996263.box2010.bluehost.com,S=54533,W=55439:2,S" "Mozilla/5.0 AppleWebKit/537.36 (KHTML, like Gecko; compatible; GPTBot/1.3; +https://openai.com/gptbot)" event.acesolutions-ksa.com 74.220.219.162
216.73.216.97 - - [17/Mar/2026:12:46:34 -0600] "GET /sitemap.xml HTTP/1.1" 200 1964 "-" "Mozilla/5.0 AppleWebKit/537.36 (KHTML, like Gecko; compatible; ClaudeBot/1.0; +claudebot@anthropic.com)" www.event.acesolutions-ksa.com 74.220.219.162
216.73.216.97 - - [17/Mar/2026:12:46:34 -0600] "GET /sitemap.xml HTTP/2.0" 200 1964 "-" "Mozilla/5.0 AppleWebKit/537.36 (KHTML, like Gecko; compatible; ClaudeBot/1.0; +claudebot@anthropic.com)" www.event.acesolutions-ksa.com 74.220.219.162
74.7.242.19 - - [17/Mar/2026:12:46:34 -0600] "GET /299?edit=1773027369.M57410P448681.box2010.bluehost.com%2CS%3D2348%2CW%3D2413&p=Ahome1Aimmorth6AmailAnew HTTP/1.1" 200 1705 "https://www.event.acesolutions-ksa.com/299?p=Ahome1Aimmorth6AmailAnew" "Mozilla/5.0 AppleWebKit/537.36 (KHTML, like Gecko; compatible; GPTBot/1.3; +https://openai.com/gptbot)" www.event.acesolutions-ksa.com 74.220.219.162
74.7.242.19 - - [17/Mar/2026:12:46:34 -0600] "GET /299?edit=1773027369.M57410P448681.box2010.bluehost.com%2CS%3D2348%2CW%3D2413&p=Ahome1Aimmorth6AmailAnew HTTP/2.0" 200 1705 "https://www.event.acesolutions-ksa.com/299?p=Ahome1Aimmorth6AmailAnew" "Mozilla/5.0 AppleWebKit/537.36 (KHTML, like Gecko; compatible; GPTBot/1.3; +https://openai.com/gptbot)" www.event.acesolutions-ksa.com 74.220.219.162
74.220.219.162 - - [17/Mar/2026:12:46:42 -0600] "POST /wp-cron.php?doing_wp_cron=1773773202.0066130161285400390625 HTTP/2.0" 200 - "-" "WordPress/6.9; https://event.acesolutions-ksa.com" event.acesolutions-ksa.com 74.220.219.162
74.7.242.19 - - [17/Mar/2026:12:46:45 -0600] "GET /299?edit=1773039048.M925135P2123.box2010.bluehost.com%2CS%3D2343%2CW%3D2408&p=Ahome1Aimmorth6AmailAnew HTTP/1.1" 200 1660 "https://www.event.acesolutions-ksa.com/299?p=Ahome1Aimmorth6AmailAnew" "Mozilla/5.0 AppleWebKit/537.36 (KHTML, like Gecko; compatible; GPTBot/1.3; +https://openai.com/gptbot)" www.event.acesolutions-ksa.com 74.220.219.162
74.7.242.19 - - [17/Mar/2026:12:46:45 -0600] "GET /299?edit=1773039048.M925135P2123.box2010.bluehost.com%2CS%3D2343%2CW%3D2408&p=Ahome1Aimmorth6AmailAnew HTTP/2.0" 200 1660 "https://www.event.acesolutions-ksa.com/299?p=Ahome1Aimmorth6AmailAnew" "Mozilla/5.0 AppleWebKit/537.36 (KHTML, like Gecko; compatible; GPTBot/1.3; +https://openai.com/gptbot)" www.event.acesolutions-ksa.com 74.220.219.162
74.7.242.19 - - [17/Mar/2026:12:46:55 -0600] "GET /299?edit=1773037003.M275580P2123.box2010.bluehost.com%2CS%3D2348%2CW%3D2413&p=Ahome1Aimmorth6AmailAnew HTTP/1.1" 200 1666 "https://www.event.acesolutions-ksa.com/299?p=Ahome1Aimmorth6AmailAnew" "Mozilla/5.0 AppleWebKit/537.36 (KHTML, like Gecko; compatible; GPTBot/1.3; +https://openai.com/gptbot)" www.event.acesolutions-ksa.com 74.220.219.162
74.7.242.19 - - [17/Mar/2026:12:46:55 -0600] "GET /299?edit=1773037003.M275580P2123.box2010.bluehost.com%2CS%3D2348%2CW%3D2413&p=Ahome1Aimmorth6AmailAnew HTTP/2.0" 200 1666 "https://www.event.acesolutions-ksa.com/299?p=Ahome1Aimmorth6AmailAnew" "Mozilla/5.0 AppleWebKit/537.36 (KHTML, like Gecko; compatible; GPTBot/1.3; +https://openai.com/gptbot)" www.event.acesolutions-ksa.com 74.220.219.162
74.7.242.19 - - [17/Mar/2026:12:47:06 -0600] "GET /299?edit=1773037693.M250859P2123.box2010.bluehost.com%2CS%3D2343%2CW%3D2408&p=Ahome1Aimmorth6AmailAnew HTTP/1.1" 200 1693 "https://www.event.acesolutions-ksa.com/299?p=Ahome1Aimmorth6AmailAnew" "Mozilla/5.0 AppleWebKit/537.36 (KHTML, like Gecko; compatible; GPTBot/1.3; +https://openai.com/gptbot)" www.event.acesolutions-ksa.com 74.220.219.162
74.7.242.19 - - [17/Mar/2026:12:47:06 -0600] "GET /299?edit=1773037693.M250859P2123.box2010.bluehost.com%2CS%3D2343%2CW%3D2408&p=Ahome1Aimmorth6AmailAnew HTTP/2.0" 200 1693 "https://www.event.acesolutions-ksa.com/299?p=Ahome1Aimmorth6AmailAnew" "Mozilla/5.0 AppleWebKit/537.36 (KHTML, like Gecko; compatible; GPTBot/1.3; +https://openai.com/gptbot)" www.event.acesolutions-ksa.com 74.220.219.162
74.7.242.19 - - [17/Mar/2026:12:47:16 -0600] "GET /299?edit=1773017600.M68485P828751.box2010.bluehost.com%2CS%3D2348%2CW%3D2413&p=Ahome1Aimmorth6AmailAnew HTTP/1.1" 200 1661 "https://www.event.acesolutions-ksa.com/299?p=Ahome1Aimmorth6AmailAnew" "Mozilla/5.0 AppleWebKit/537.36 (KHTML, like Gecko; compatible; GPTBot/1.3; +https://openai.com/gptbot)" www.event.acesolutions-ksa.com 74.220.219.162
74.7.242.19 - - [17/Mar/2026:12:47:16 -0600] "GET /299?edit=1773017600.M68485P828751.box2010.bluehost.com%2CS%3D2348%2CW%3D2413&p=Ahome1Aimmorth6AmailAnew HTTP/2.0" 200 1661 "https://www.event.acesolutions-ksa.com/299?p=Ahome1Aimmorth6AmailAnew" "Mozilla/5.0 AppleWebKit/537.36 (KHTML, like Gecko; compatible; GPTBot/1.3; +https://openai.com/gptbot)" www.event.acesolutions-ksa.com 74.220.219.162
74.7.227.146 - - [17/Mar/2026:12:47:21 -0600] "GET /ar/267/.bash_logout/51.php HTTP/2.0" 409 83 "https://event.acesolutions-ksa.com/ar/267/.bash_logout/" "Mozilla/5.0 AppleWebKit/537.36 (KHTML, like Gecko; compatible; GPTBot/1.3; +https://openai.com/gptbot)" event.acesolutions-ksa.com 74.220.219.162
74.7.242.19 - - [17/Mar/2026:12:47:27 -0600] "GET /299?edit=1773016490.M92792P788663.box2010.bluehost.com%2CS%3D2348%2CW%3D2413&p=Ahome1Aimmorth6AmailAnew HTTP/1.1" 200 1723 "https://www.event.acesolutions-ksa.com/299?p=Ahome1Aimmorth6AmailAnew" "Mozilla/5.0 AppleWebKit/537.36 (KHTML, like Gecko; compatible; GPTBot/1.3; +https://openai.com/gptbot)" www.event.acesolutions-ksa.com 74.220.219.162
74.7.242.19 - - [17/Mar/2026:12:47:27 -0600] "GET /299?edit=1773016490.M92792P788663.box2010.bluehost.com%2CS%3D2348%2CW%3D2413&p=Ahome1Aimmorth6AmailAnew HTTP/2.0" 200 1723 "https://www.event.acesolutions-ksa.com/299?p=Ahome1Aimmorth6AmailAnew" "Mozilla/5.0 AppleWebKit/537.36 (KHTML, like Gecko; compatible; GPTBot/1.3; +https://openai.com/gptbot)" www.event.acesolutions-ksa.com 74.220.219.162
74.7.242.19 - - [17/Mar/2026:12:47:37 -0600] "GET /299?edit=1773023454.M563449P256026.box2010.bluehost.com%2CS%3D2348%2CW%3D2413&p=Ahome1Aimmorth6AmailAnew HTTP/1.1" 200 1679 "https://www.event.acesolutions-ksa.com/299?p=Ahome1Aimmorth6AmailAnew" "Mozilla/5.0 AppleWebKit/537.36 (KHTML, like Gecko; compatible; GPTBot/1.3; +https://openai.com/gptbot)" www.event.acesolutions-ksa.com 74.220.219.162
74.7.242.19 - - [17/Mar/2026:12:47:37 -0600] "GET /299?edit=1773023454.M563449P256026.box2010.bluehost.com%2CS%3D2348%2CW%3D2413&p=Ahome1Aimmorth6AmailAnew HTTP/2.0" 200 1679 "https://www.event.acesolutions-ksa.com/299?p=Ahome1Aimmorth6AmailAnew" "Mozilla/5.0 AppleWebKit/537.36 (KHTML, like Gecko; compatible; GPTBot/1.3; +https://openai.com/gptbot)" www.event.acesolutions-ksa.com 74.220.219.162
216.73.216.97 - - [17/Mar/2026:12:47:48 -0600] "GET /?edit=toggle-switch-2690.css&p=Ahome1Aimmorth6Apublic_htmlAwebsite_efd5428fAwp-contentApluginsAwordpress-seoAcssAdist HTTP/2.0" 200 2833 "-" "Mozilla/5.0 AppleWebKit/537.36 (KHTML, like Gecko; compatible; ClaudeBot/1.0; +claudebot@anthropic.com)" www.event.acesolutions-ksa.com 74.220.219.162
74.7.242.19 - - [17/Mar/2026:12:47:48 -0600] "GET /299?edit=1773042084.M17866P187002.box2010.bluehost.com%2CS%3D2348%2CW%3D2413&p=Ahome1Aimmorth6AmailAnew HTTP/1.1" 200 1671 "https://www.event.acesolutions-ksa.com/299?p=Ahome1Aimmorth6AmailAnew" "Mozilla/5.0 AppleWebKit/537.36 (KHTML, like Gecko; compatible; GPTBot/1.3; +https://openai.com/gptbot)" www.event.acesolutions-ksa.com 74.220.219.162
74.7.242.19 - - [17/Mar/2026:12:47:48 -0600] "GET /299?edit=1773042084.M17866P187002.box2010.bluehost.com%2CS%3D2348%2CW%3D2413&p=Ahome1Aimmorth6AmailAnew HTTP/2.0" 200 1671 "https://www.event.acesolutions-ksa.com/299?p=Ahome1Aimmorth6AmailAnew" "Mozilla/5.0 AppleWebKit/537.36 (KHTML, like Gecko; compatible; GPTBot/1.3; +https://openai.com/gptbot)" www.event.acesolutions-ksa.com 74.220.219.162
74.7.242.19 - - [17/Mar/2026:12:47:58 -0600] "GET /299?edit=1773026077.M78415P448681.box2010.bluehost.com%2CS%3D2348%2CW%3D2413&p=Ahome1Aimmorth6AmailAnew HTTP/1.1" 200 1665 "https://www.event.acesolutions-ksa.com/299?p=Ahome1Aimmorth6AmailAnew" "Mozilla/5.0 AppleWebKit/537.36 (KHTML, like Gecko; compatible; GPTBot/1.3; +https://openai.com/gptbot)" www.event.acesolutions-ksa.com 74.220.219.162
74.7.242.19 - - [17/Mar/2026:12:47:58 -0600] "GET /299?edit=1773026077.M78415P448681.box2010.bluehost.com%2CS%3D2348%2CW%3D2413&p=Ahome1Aimmorth6AmailAnew HTTP/2.0" 200 1665 "https://www.event.acesolutions-ksa.com/299?p=Ahome1Aimmorth6AmailAnew" "Mozilla/5.0 AppleWebKit/537.36 (KHTML, like Gecko; compatible; GPTBot/1.3; +https://openai.com/gptbot)" www.event.acesolutions-ksa.com 74.220.219.162
216.73.216.97 - - [17/Mar/2026:12:48:00 -0600] "GET /admin-network-ar.po?edit=wp-mail.php&p=Ahome1Aimmorth6Apublic_html HTTP/2.0" 409 83 "-" "Mozilla/5.0 AppleWebKit/537.36 (KHTML, like Gecko; compatible; ClaudeBot/1.0; +claudebot@anthropic.com)" www.event.acesolutions-ksa.com 74.220.219.162
216.73.216.97 - - [17/Mar/2026:12:48:02 -0600] "GET /wordpress-seo-ar.mo?edit=51.php&p=Ahome1Aimmorth6 HTTP/2.0" 409 83 "-" "Mozilla/5.0 AppleWebKit/537.36 (KHTML, like Gecko; compatible; ClaudeBot/1.0; +claudebot@anthropic.com)" www.event.acesolutions-ksa.com 74.220.219.162
216.73.216.97 - - [17/Mar/2026:12:48:07 -0600] "GET /wordpress-seo-ar.mo?edit=wp-cli.yml&p=Ahome1Aimmorth6Aimmortal-techInet HTTP/1.1" 200 722 "-" "Mozilla/5.0 AppleWebKit/537.36 (KHTML, like Gecko; compatible; ClaudeBot/1.0; +claudebot@anthropic.com)" www.event.acesolutions-ksa.com 74.220.219.162
216.73.216.97 - - [17/Mar/2026:12:48:07 -0600] "GET /wordpress-seo-ar.mo?edit=wp-cli.yml&p=Ahome1Aimmorth6Aimmortal-techInet HTTP/2.0" 200 722 "-" "Mozilla/5.0 AppleWebKit/537.36 (KHTML, like Gecko; compatible; ClaudeBot/1.0; +claudebot@anthropic.com)" www.event.acesolutions-ksa.com 74.220.219.162
74.7.242.19 - - [17/Mar/2026:12:48:09 -0600] "GET /299?edit=1773033583.M4475P849584.box2010.bluehost.com%2CS%3D2338%2CW%3D2403&p=Ahome1Aimmorth6AmailAnew HTTP/1.1" 200 1695 "https://www.event.acesolutions-ksa.com/299?p=Ahome1Aimmorth6AmailAnew" "Mozilla/5.0 AppleWebKit/537.36 (KHTML, like Gecko; compatible; GPTBot/1.3; +https://openai.com/gptbot)" www.event.acesolutions-ksa.com 74.220.219.162
74.7.242.19 - - [17/Mar/2026:12:48:09 -0600] "GET /299?edit=1773033583.M4475P849584.box2010.bluehost.com%2CS%3D2338%2CW%3D2403&p=Ahome1Aimmorth6AmailAnew HTTP/2.0" 200 1695 "https://www.event.acesolutions-ksa.com/299?p=Ahome1Aimmorth6AmailAnew" "Mozilla/5.0 AppleWebKit/537.36 (KHTML, like Gecko; compatible; GPTBot/1.3; +https://openai.com/gptbot)" www.event.acesolutions-ksa.com 74.220.219.162
216.73.216.97 - - [17/Mar/2026:12:48:12 -0600] "GET /admin-network-ar.po?edit=51.php&p=Ahome1Aimmorth6 HTTP/2.0" 409 83 "-" "Mozilla/5.0 AppleWebKit/537.36 (KHTML, like Gecko; compatible; ClaudeBot/1.0; +claudebot@anthropic.com)" www.event.acesolutions-ksa.com 74.220.219.162
74.7.227.146 - - [17/Mar/2026:12:48:13 -0600] "GET /267/www_website_efd5428f_ilq_ypm_mybluehost_me_dfbca_2ff69_1769574698_a7814a9d805627d207bca8cd9d0eaa8f.crt/sso.php HTTP/2.0" 409 83 "https://event.acesolutions-ksa.com/267/www_website_efd5428f_ilq_ypm_mybluehost_me_dfbca_2ff69_1769574698_a7814a9d805627d207bca8cd9d0eaa8f.crt/" "Mozilla/5.0 AppleWebKit/537.36 (KHTML, like Gecko; compatible; GPTBot/1.3; +https://openai.com/gptbot)" event.acesolutions-ksa.com 74.220.219.162
74.7.242.19 - - [17/Mar/2026:12:48:19 -0600] "GET /299?edit=1773037344.M374579P2123.box2010.bluehost.com%2CS%3D2338%2CW%3D2403&p=Ahome1Aimmorth6AmailAnew HTTP/1.1" 200 1642 "https://www.event.acesolutions-ksa.com/299?p=Ahome1Aimmorth6AmailAnew" "Mozilla/5.0 AppleWebKit/537.36 (KHTML, like Gecko; compatible; GPTBot/1.3; +https://openai.com/gptbot)" www.event.acesolutions-ksa.com 74.220.219.162
74.7.242.19 - - [17/Mar/2026:12:48:19 -0600] "GET /299?edit=1773037344.M374579P2123.box2010.bluehost.com%2CS%3D2338%2CW%3D2403&p=Ahome1Aimmorth6AmailAnew HTTP/2.0" 200 1642 "https://www.event.acesolutions-ksa.com/299?p=Ahome1Aimmorth6AmailAnew" "Mozilla/5.0 AppleWebKit/537.36 (KHTML, like Gecko; compatible; GPTBot/1.3; +https://openai.com/gptbot)" www.event.acesolutions-ksa.com 74.220.219.162
216.73.216.97 - - [17/Mar/2026:12:48:20 -0600] "GET /admin-network-ar.po?edit=wp-cli.yml&p=Ahome1Aimmorth6Aimmortal-techInet HTTP/1.1" 200 722 "-" "Mozilla/5.0 AppleWebKit/537.36 (KHTML, like Gecko; compatible; ClaudeBot/1.0; +claudebot@anthropic.com)" www.event.acesolutions-ksa.com 74.220.219.162
216.73.216.97 - - [17/Mar/2026:12:48:20 -0600] "GET /admin-network-ar.po?edit=wp-cli.yml&p=Ahome1Aimmorth6Aimmortal-techInet HTTP/2.0" 200 722 "-" "Mozilla/5.0 AppleWebKit/537.36 (KHTML, like Gecko; compatible; ClaudeBot/1.0; +claudebot@anthropic.com)" www.event.acesolutions-ksa.com 74.220.219.162
216.73.216.97 - - [17/Mar/2026:12:48:22 -0600] "GET /wordpress-seo-ar.mo?edit=error_log&p=Ahome1Aimmorth6 HTTP/1.1" 200 6430 "-" "Mozilla/5.0 AppleWebKit/537.36 (KHTML, like Gecko; compatible; ClaudeBot/1.0; +claudebot@anthropic.com)" www.event.acesolutions-ksa.com 74.220.219.162
216.73.216.97 - - [17/Mar/2026:12:48:22 -0600] "GET /wordpress-seo-ar.mo?edit=error_log&p=Ahome1Aimmorth6 HTTP/2.0" 200 6430 "-" "Mozilla/5.0 AppleWebKit/537.36 (KHTML, like Gecko; compatible; ClaudeBot/1.0; +claudebot@anthropic.com)" www.event.acesolutions-ksa.com 74.220.219.162
216.73.216.97 - - [17/Mar/2026:12:48:28 -0600] "GET /wordpress-seo-ar.mo?edit=ssl.db.cache&p=Ahome1Aimmorth6Assl HTTP/1.1" 200 126535 "-" "Mozilla/5.0 AppleWebKit/537.36 (KHTML, like Gecko; compatible; ClaudeBot/1.0; +claudebot@anthropic.com)" www.event.acesolutions-ksa.com 74.220.219.162
216.73.216.97 - - [17/Mar/2026:12:48:27 -0600] "GET /wordpress-seo-ar.mo?edit=ssl.db.cache&p=Ahome1Aimmorth6Assl HTTP/2.0" 200 126535 "-" "Mozilla/5.0 AppleWebKit/537.36 (KHTML, like Gecko; compatible; ClaudeBot/1.0; +claudebot@anthropic.com)" www.event.acesolutions-ksa.com 74.220.219.162
74.7.242.19 - - [17/Mar/2026:12:48:30 -0600] "GET /299?edit=1773035994.M3351P1004786.box2010.bluehost.com%2CS%3D2343%2CW%3D2408&p=Ahome1Aimmorth6AmailAnew HTTP/1.1" 200 1660 "https://www.event.acesolutions-ksa.com/299?p=Ahome1Aimmorth6AmailAnew" "Mozilla/5.0 AppleWebKit/537.36 (KHTML, like Gecko; compatible; GPTBot/1.3; +https://openai.com/gptbot)" www.event.acesolutions-ksa.com 74.220.219.162
74.7.242.19 - - [17/Mar/2026:12:48:30 -0600] "GET /299?edit=1773035994.M3351P1004786.box2010.bluehost.com%2CS%3D2343%2CW%3D2408&p=Ahome1Aimmorth6AmailAnew HTTP/2.0" 200 1660 "https://www.event.acesolutions-ksa.com/299?p=Ahome1Aimmorth6AmailAnew" "Mozilla/5.0 AppleWebKit/537.36 (KHTML, like Gecko; compatible; GPTBot/1.3; +https://openai.com/gptbot)" www.event.acesolutions-ksa.com 74.220.219.162
216.73.216.97 - - [17/Mar/2026:12:48:32 -0600] "GET /wordpress-seo-ar.mo?edit=wp-trackback.php&p=Ahome1Aimmorth6Aimmortal-techInet HTTP/2.0" 409 83 "-" "Mozilla/5.0 AppleWebKit/537.36 (KHTML, like Gecko; compatible; ClaudeBot/1.0; +claudebot@anthropic.com)" www.event.acesolutions-ksa.com 74.220.219.162
216.73.216.97 - - [17/Mar/2026:12:48:37 -0600] "GET /wordpress-seo-ar.mo?edit=wp-settings.php&p=Ahome1Aimmorth6Aimmortal-techInet HTTP/2.0" 409 83 "-" "Mozilla/5.0 AppleWebKit/537.36 (KHTML, like Gecko; compatible; ClaudeBot/1.0; +claudebot@anthropic.com)" www.event.acesolutions-ksa.com 74.220.219.162
74.7.242.19 - - [17/Mar/2026:12:48:41 -0600] "GET /299?edit=1773036751.M690076P2123.box2010.bluehost.com%2CS%3D2348%2CW%3D2413&p=Ahome1Aimmorth6AmailAnew HTTP/1.1" 200 1663 "https://www.event.acesolutions-ksa.com/299?p=Ahome1Aimmorth6AmailAnew" "Mozilla/5.0 AppleWebKit/537.36 (KHTML, like Gecko; compatible; GPTBot/1.3; +https://openai.com/gptbot)" www.event.acesolutions-ksa.com 74.220.219.162
74.7.242.19 - - [17/Mar/2026:12:48:41 -0600] "GET /299?edit=1773036751.M690076P2123.box2010.bluehost.com%2CS%3D2348%2CW%3D2413&p=Ahome1Aimmorth6AmailAnew HTTP/2.0" 200 1663 "https://www.event.acesolutions-ksa.com/299?p=Ahome1Aimmorth6AmailAnew" "Mozilla/5.0 AppleWebKit/537.36 (KHTML, like Gecko; compatible; GPTBot/1.3; +https://openai.com/gptbot)" www.event.acesolutions-ksa.com 74.220.219.162
74.220.219.162 - - [17/Mar/2026:12:48:43 -0600] "POST /wp-cron.php?doing_wp_cron=1773773323.2350959777832031250000 HTTP/2.0" 200 - "-" "WordPress/6.9; https://event.acesolutions-ksa.com" event.acesolutions-ksa.com 74.220.219.162
216.73.216.97 - - [17/Mar/2026:12:48:42 -0600] "GET /wordpress-seo-ar.mo?edit=php.ini&p=Ahome1Aimmorth6Apublic_html HTTP/1.1" 200 1061 "-" "Mozilla/5.0 AppleWebKit/537.36 (KHTML, like Gecko; compatible; ClaudeBot/1.0; +claudebot@anthropic.com)" www.event.acesolutions-ksa.com 74.220.219.162
216.73.216.97 - - [17/Mar/2026:12:48:42 -0600] "GET /wordpress-seo-ar.mo?edit=php.ini&p=Ahome1Aimmorth6Apublic_html HTTP/2.0" 200 1061 "-" "Mozilla/5.0 AppleWebKit/537.36 (KHTML, like Gecko; compatible; ClaudeBot/1.0; +claudebot@anthropic.com)" www.event.acesolutions-ksa.com 74.220.219.162
216.73.216.97 - - [17/Mar/2026:12:48:47 -0600] "GET /admin-network-ar.po?edit=ssl.db.cache&p=Ahome1Aimmorth6Assl HTTP/1.1" 200 126535 "-" "Mozilla/5.0 AppleWebKit/537.36 (KHTML, like Gecko; compatible; ClaudeBot/1.0; +claudebot@anthropic.com)" www.event.acesolutions-ksa.com 74.220.219.162
216.73.216.97 - - [17/Mar/2026:12:48:47 -0600] "GET /admin-network-ar.po?edit=ssl.db.cache&p=Ahome1Aimmorth6Assl HTTP/2.0" 200 126535 "-" "Mozilla/5.0 AppleWebKit/537.36 (KHTML, like Gecko; compatible; ClaudeBot/1.0; +claudebot@anthropic.com)" www.event.acesolutions-ksa.com 74.220.219.162
74.7.242.19 - - [17/Mar/2026:12:48:52 -0600] "GET /299?edit=1773016507.M56041P786421.box2010.bluehost.com%2CS%3D2343%2CW%3D2408&p=Ahome1Aimmorth6AmailAnew HTTP/1.1" 200 1651 "https://www.event.acesolutions-ksa.com/299?p=Ahome1Aimmorth6AmailAnew" "Mozilla/5.0 AppleWebKit/537.36 (KHTML, like Gecko; compatible; GPTBot/1.3; +https://openai.com/gptbot)" www.event.acesolutions-ksa.com 74.220.219.162
74.7.242.19 - - [17/Mar/2026:12:48:52 -0600] "GET /299?edit=1773016507.M56041P786421.box2010.bluehost.com%2CS%3D2343%2CW%3D2408&p=Ahome1Aimmorth6AmailAnew HTTP/2.0" 200 1651 "https://www.event.acesolutions-ksa.com/299?p=Ahome1Aimmorth6AmailAnew" "Mozilla/5.0 AppleWebKit/537.36 (KHTML, like Gecko; compatible; GPTBot/1.3; +https://openai.com/gptbot)" www.event.acesolutions-ksa.com 74.220.219.162
216.73.216.97 - - [17/Mar/2026:12:48:52 -0600] "GET /admin-network-ar.po?edit=wp-trackback.php&p=Ahome1Aimmorth6Aimmortal-techInet HTTP/2.0" 409 83 "-" "Mozilla/5.0 AppleWebKit/537.36 (KHTML, like Gecko; compatible; ClaudeBot/1.0; +claudebot@anthropic.com)" www.event.acesolutions-ksa.com 74.220.219.162
74.7.242.19 - - [17/Mar/2026:12:49:02 -0600] "GET /299?edit=1773042517.M592342P187002.box2010.bluehost.com%2CS%3D2348%2CW%3D2413&p=Ahome1Aimmorth6AmailAnew HTTP/1.1" 200 1634 "https://www.event.acesolutions-ksa.com/299?p=Ahome1Aimmorth6AmailAnew" "Mozilla/5.0 AppleWebKit/537.36 (KHTML, like Gecko; compatible; GPTBot/1.3; +https://openai.com/gptbot)" www.event.acesolutions-ksa.com 74.220.219.162
74.7.242.19 - - [17/Mar/2026:12:49:02 -0600] "GET /299?edit=1773042517.M592342P187002.box2010.bluehost.com%2CS%3D2348%2CW%3D2413&p=Ahome1Aimmorth6AmailAnew HTTP/2.0" 200 1634 "https://www.event.acesolutions-ksa.com/299?p=Ahome1Aimmorth6AmailAnew" "Mozilla/5.0 AppleWebKit/537.36 (KHTML, like Gecko; compatible; GPTBot/1.3; +https://openai.com/gptbot)" www.event.acesolutions-ksa.com 74.220.219.162
74.7.227.146 - - [17/Mar/2026:12:49:06 -0600] "GET /267/www_website_efd5428f_ilq_ypm_mybluehost_me_dfbca_2ff69_1769574698_a7814a9d805627d207bca8cd9d0eaa8f.crt/51.php HTTP/2.0" 409 83 "https://event.acesolutions-ksa.com/267/www_website_efd5428f_ilq_ypm_mybluehost_me_dfbca_2ff69_1769574698_a7814a9d805627d207bca8cd9d0eaa8f.crt/" "Mozilla/5.0 AppleWebKit/537.36 (KHTML, like Gecko; compatible; GPTBot/1.3; +https://openai.com/gptbot)" event.acesolutions-ksa.com 74.220.219.162
74.7.242.19 - - [17/Mar/2026:12:49:12 -0600] "GET /299?edit=1773039161.M830596P2123.box2010.bluehost.com%2CS%3D2348%2CW%3D2413&p=Ahome1Aimmorth6AmailAnew HTTP/1.1" 200 1651 "https://www.event.acesolutions-ksa.com/299?p=Ahome1Aimmorth6AmailAnew" "Mozilla/5.0 AppleWebKit/537.36 (KHTML, like Gecko; compatible; GPTBot/1.3; +https://openai.com/gptbot)" www.event.acesolutions-ksa.com 74.220.219.162
74.7.242.19 - - [17/Mar/2026:12:49:12 -0600] "GET /299?edit=1773039161.M830596P2123.box2010.bluehost.com%2CS%3D2348%2CW%3D2413&p=Ahome1Aimmorth6AmailAnew HTTP/2.0" 200 1651 "https://www.event.acesolutions-ksa.com/299?p=Ahome1Aimmorth6AmailAnew" "Mozilla/5.0 AppleWebKit/537.36 (KHTML, like Gecko; compatible; GPTBot/1.3; +https://openai.com/gptbot)" www.event.acesolutions-ksa.com 74.220.219.162
74.7.242.19 - - [17/Mar/2026:12:49:23 -0600] "GET /299?edit=1773038618.M915815P2123.box2010.bluehost.com%2CS%3D2343%2CW%3D2408&p=Ahome1Aimmorth6AmailAnew HTTP/1.1" 200 1666 "https://www.event.acesolutions-ksa.com/299?p=Ahome1Aimmorth6AmailAnew" "Mozilla/5.0 AppleWebKit/537.36 (KHTML, like Gecko; compatible; GPTBot/1.3; +https://openai.com/gptbot)" www.event.acesolutions-ksa.com 74.220.219.162
74.7.242.19 - - [17/Mar/2026:12:49:23 -0600] "GET /299?edit=1773038618.M915815P2123.box2010.bluehost.com%2CS%3D2343%2CW%3D2408&p=Ahome1Aimmorth6AmailAnew HTTP/2.0" 200 1666 "https://www.event.acesolutions-ksa.com/299?p=Ahome1Aimmorth6AmailAnew" "Mozilla/5.0 AppleWebKit/537.36 (KHTML, like Gecko; compatible; GPTBot/1.3; +https://openai.com/gptbot)" www.event.acesolutions-ksa.com 74.220.219.162
74.7.242.19 - - [17/Mar/2026:12:49:33 -0600] "GET /299?edit=1773038644.M409636P2123.box2010.bluehost.com%2CS%3D2348%2CW%3D2413&p=Ahome1Aimmorth6AmailAnew HTTP/1.1" 200 1663 "https://www.event.acesolutions-ksa.com/299?p=Ahome1Aimmorth6AmailAnew" "Mozilla/5.0 AppleWebKit/537.36 (KHTML, like Gecko; compatible; GPTBot/1.3; +https://openai.com/gptbot)" www.event.acesolutions-ksa.com 74.220.219.162
74.7.242.19 - - [17/Mar/2026:12:49:33 -0600] "GET /299?edit=1773038644.M409636P2123.box2010.bluehost.com%2CS%3D2348%2CW%3D2413&p=Ahome1Aimmorth6AmailAnew HTTP/2.0" 200 1663 "https://www.event.acesolutions-ksa.com/299?p=Ahome1Aimmorth6AmailAnew" "Mozilla/5.0 AppleWebKit/537.36 (KHTML, like Gecko; compatible; GPTBot/1.3; +https://openai.com/gptbot)" www.event.acesolutions-ksa.com 74.220.219.162
