74.7.242.19 - - [17/Mar/2026:14:39:43 -0600] "GET /391?edit=1773024438.M373196P256026.box2010.bluehost.com%2CS%3D2348%2CW%3D2413&p=Ahome1Aimmorth6AmailAnew HTTP/1.1" 200 1682 "https://www.event.acesolutions-ksa.com/391?p=Ahome1Aimmorth6AmailAnew" "Mozilla/5.0 AppleWebKit/537.36 (KHTML, like Gecko; compatible; GPTBot/1.3; +https://openai.com/gptbot)" www.event.acesolutions-ksa.com 74.220.219.162
74.7.242.19 - - [17/Mar/2026:14:39:43 -0600] "GET /391?edit=1773024438.M373196P256026.box2010.bluehost.com%2CS%3D2348%2CW%3D2413&p=Ahome1Aimmorth6AmailAnew HTTP/2.0" 200 1682 "https://www.event.acesolutions-ksa.com/391?p=Ahome1Aimmorth6AmailAnew" "Mozilla/5.0 AppleWebKit/537.36 (KHTML, like Gecko; compatible; GPTBot/1.3; +https://openai.com/gptbot)" www.event.acesolutions-ksa.com 74.220.219.162
74.7.242.19 - - [17/Mar/2026:14:39:54 -0600] "GET /316?edit=1773033176.M816546P849584.box2010.bluehost.com%2CS%3D2343%2CW%3D2408&p=Ahome1Aimmorth6AmailAnew HTTP/1.1" 200 1672 "https://www.event.acesolutions-ksa.com/316?p=Ahome1Aimmorth6AmailAnew" "Mozilla/5.0 AppleWebKit/537.36 (KHTML, like Gecko; compatible; GPTBot/1.3; +https://openai.com/gptbot)" www.event.acesolutions-ksa.com 74.220.219.162
74.7.242.19 - - [17/Mar/2026:14:39:54 -0600] "GET /316?edit=1773033176.M816546P849584.box2010.bluehost.com%2CS%3D2343%2CW%3D2408&p=Ahome1Aimmorth6AmailAnew HTTP/2.0" 200 1672 "https://www.event.acesolutions-ksa.com/316?p=Ahome1Aimmorth6AmailAnew" "Mozilla/5.0 AppleWebKit/537.36 (KHTML, like Gecko; compatible; GPTBot/1.3; +https://openai.com/gptbot)" www.event.acesolutions-ksa.com 74.220.219.162
74.7.242.19 - - [17/Mar/2026:14:40:04 -0600] "GET /390?edit=1773045195.M201385P834072.box2010.bluehost.com%2CS%3D2348%2CW%3D2413&p=Ahome1Aimmorth6AmailAnew HTTP/1.1" 200 1677 "https://www.event.acesolutions-ksa.com/390?p=Ahome1Aimmorth6AmailAnew" "Mozilla/5.0 AppleWebKit/537.36 (KHTML, like Gecko; compatible; GPTBot/1.3; +https://openai.com/gptbot)" www.event.acesolutions-ksa.com 74.220.219.162
74.7.242.19 - - [17/Mar/2026:14:40:04 -0600] "GET /390?edit=1773045195.M201385P834072.box2010.bluehost.com%2CS%3D2348%2CW%3D2413&p=Ahome1Aimmorth6AmailAnew HTTP/2.0" 200 1677 "https://www.event.acesolutions-ksa.com/390?p=Ahome1Aimmorth6AmailAnew" "Mozilla/5.0 AppleWebKit/537.36 (KHTML, like Gecko; compatible; GPTBot/1.3; +https://openai.com/gptbot)" www.event.acesolutions-ksa.com 74.220.219.162
74.7.227.146 - - [17/Mar/2026:14:40:08 -0600] "GET /1c5/?p=Ahome1 HTTP/2.0" 200 53273 "https://event.acesolutions-ksa.com/ar/1c5/?p=Ahome1" "Mozilla/5.0 AppleWebKit/537.36 (KHTML, like Gecko; compatible; GPTBot/1.3; +https://openai.com/gptbot)" event.acesolutions-ksa.com 74.220.219.162
74.7.242.19 - - [17/Mar/2026:14:40:14 -0600] "GET /391?edit=1773035406.M547477P970615.box2010.bluehost.com%2CS%3D2343%2CW%3D2408&p=Ahome1Aimmorth6AmailAnew HTTP/1.1" 200 1709 "https://www.event.acesolutions-ksa.com/391?p=Ahome1Aimmorth6AmailAnew" "Mozilla/5.0 AppleWebKit/537.36 (KHTML, like Gecko; compatible; GPTBot/1.3; +https://openai.com/gptbot)" www.event.acesolutions-ksa.com 74.220.219.162
74.7.242.19 - - [17/Mar/2026:14:40:14 -0600] "GET /391?edit=1773035406.M547477P970615.box2010.bluehost.com%2CS%3D2343%2CW%3D2408&p=Ahome1Aimmorth6AmailAnew HTTP/2.0" 200 1709 "https://www.event.acesolutions-ksa.com/391?p=Ahome1Aimmorth6AmailAnew" "Mozilla/5.0 AppleWebKit/537.36 (KHTML, like Gecko; compatible; GPTBot/1.3; +https://openai.com/gptbot)" www.event.acesolutions-ksa.com 74.220.219.162
74.7.242.19 - - [17/Mar/2026:14:40:24 -0600] "GET /316?edit=1773035504.M835200P970615.box2010.bluehost.com%2CS%3D2343%2CW%3D2408&p=Ahome1Aimmorth6AmailAnew HTTP/1.1" 200 1703 "https://www.event.acesolutions-ksa.com/316?p=Ahome1Aimmorth6AmailAnew" "Mozilla/5.0 AppleWebKit/537.36 (KHTML, like Gecko; compatible; GPTBot/1.3; +https://openai.com/gptbot)" www.event.acesolutions-ksa.com 74.220.219.162
74.7.242.19 - - [17/Mar/2026:14:40:24 -0600] "GET /316?edit=1773035504.M835200P970615.box2010.bluehost.com%2CS%3D2343%2CW%3D2408&p=Ahome1Aimmorth6AmailAnew HTTP/2.0" 200 1703 "https://www.event.acesolutions-ksa.com/316?p=Ahome1Aimmorth6AmailAnew" "Mozilla/5.0 AppleWebKit/537.36 (KHTML, like Gecko; compatible; GPTBot/1.3; +https://openai.com/gptbot)" www.event.acesolutions-ksa.com 74.220.219.162
74.7.242.19 - - [17/Mar/2026:14:40:35 -0600] "GET /649?edit=1741998760.M691517P497829.box2010.bluehost.com%2CS%3D3576%2CW%3D3669%3A2%2C&p=Ahome1Aimmorth6AmailAcur HTTP/1.1" 200 2484 "https://www.event.acesolutions-ksa.com/649?p=Ahome1Aimmorth6AmailAcur" "Mozilla/5.0 AppleWebKit/537.36 (KHTML, like Gecko; compatible; GPTBot/1.3; +https://openai.com/gptbot)" www.event.acesolutions-ksa.com 74.220.219.162
74.7.242.19 - - [17/Mar/2026:14:40:35 -0600] "GET /649?edit=1741998760.M691517P497829.box2010.bluehost.com%2CS%3D3576%2CW%3D3669%3A2%2C&p=Ahome1Aimmorth6AmailAcur HTTP/2.0" 200 2484 "https://www.event.acesolutions-ksa.com/649?p=Ahome1Aimmorth6AmailAcur" "Mozilla/5.0 AppleWebKit/537.36 (KHTML, like Gecko; compatible; GPTBot/1.3; +https://openai.com/gptbot)" www.event.acesolutions-ksa.com 74.220.219.162
74.7.242.19 - - [17/Mar/2026:14:40:45 -0600] "GET /316?edit=1773032258.M277261P728811.box2010.bluehost.com%2CS%3D2343%2CW%3D2408&p=Ahome1Aimmorth6AmailAnew HTTP/1.1" 200 1678 "https://www.event.acesolutions-ksa.com/316?p=Ahome1Aimmorth6AmailAnew" "Mozilla/5.0 AppleWebKit/537.36 (KHTML, like Gecko; compatible; GPTBot/1.3; +https://openai.com/gptbot)" www.event.acesolutions-ksa.com 74.220.219.162
74.7.242.19 - - [17/Mar/2026:14:40:45 -0600] "GET /316?edit=1773032258.M277261P728811.box2010.bluehost.com%2CS%3D2343%2CW%3D2408&p=Ahome1Aimmorth6AmailAnew HTTP/2.0" 200 1678 "https://www.event.acesolutions-ksa.com/316?p=Ahome1Aimmorth6AmailAnew" "Mozilla/5.0 AppleWebKit/537.36 (KHTML, like Gecko; compatible; GPTBot/1.3; +https://openai.com/gptbot)" www.event.acesolutions-ksa.com 74.220.219.162
74.7.242.19 - - [17/Mar/2026:14:40:56 -0600] "GET /299?edit=1773017541.M718292P828751.box2010.bluehost.com%2CS%3D2348%2CW%3D2413&p=Ahome1Aimmorth6AmailAnew HTTP/1.1" 200 1664 "https://www.event.acesolutions-ksa.com/299?p=Ahome1Aimmorth6AmailAnew" "Mozilla/5.0 AppleWebKit/537.36 (KHTML, like Gecko; compatible; GPTBot/1.3; +https://openai.com/gptbot)" www.event.acesolutions-ksa.com 74.220.219.162
74.7.242.19 - - [17/Mar/2026:14:40:56 -0600] "GET /299?edit=1773017541.M718292P828751.box2010.bluehost.com%2CS%3D2348%2CW%3D2413&p=Ahome1Aimmorth6AmailAnew HTTP/2.0" 200 1664 "https://www.event.acesolutions-ksa.com/299?p=Ahome1Aimmorth6AmailAnew" "Mozilla/5.0 AppleWebKit/537.36 (KHTML, like Gecko; compatible; GPTBot/1.3; +https://openai.com/gptbot)" www.event.acesolutions-ksa.com 74.220.219.162
74.7.227.146 - - [17/Mar/2026:14:41:03 -0600] "GET /a23?edit=.emacs&p=Ahome1Aimmorth6 HTTP/2.0" 200 53414 "https://www.website-efd5428f.ilq.ypm.mybluehost.me" "Mozilla/5.0 AppleWebKit/537.36 (KHTML, like Gecko; compatible; GPTBot/1.3; +https://openai.com/gptbot)" event.acesolutions-ksa.com 74.220.219.162
74.7.242.19 - - [17/Mar/2026:14:41:07 -0600] "GET /391?edit=1773023722.M136051P256026.box2010.bluehost.com%2CS%3D2348%2CW%3D2413&p=Ahome1Aimmorth6AmailAnew HTTP/1.1" 200 1677 "https://www.event.acesolutions-ksa.com/391?p=Ahome1Aimmorth6AmailAnew" "Mozilla/5.0 AppleWebKit/537.36 (KHTML, like Gecko; compatible; GPTBot/1.3; +https://openai.com/gptbot)" www.event.acesolutions-ksa.com 74.220.219.162
74.7.242.19 - - [17/Mar/2026:14:41:07 -0600] "GET /391?edit=1773023722.M136051P256026.box2010.bluehost.com%2CS%3D2348%2CW%3D2413&p=Ahome1Aimmorth6AmailAnew HTTP/2.0" 200 1677 "https://www.event.acesolutions-ksa.com/391?p=Ahome1Aimmorth6AmailAnew" "Mozilla/5.0 AppleWebKit/537.36 (KHTML, like Gecko; compatible; GPTBot/1.3; +https://openai.com/gptbot)" www.event.acesolutions-ksa.com 74.220.219.162
74.220.219.162 - - [17/Mar/2026:14:41:18 -0600] "POST /wp-cron.php?doing_wp_cron=1773780078.5376250743865966796875 HTTP/2.0" 200 - "-" "WordPress/6.9; https://event.acesolutions-ksa.com" event.acesolutions-ksa.com 74.220.219.162
74.7.242.19 - - [17/Mar/2026:14:41:18 -0600] "GET /299?edit=1773023319.M971830P256026.box2010.bluehost.com%2CS%3D2343%2CW%3D2408&p=Ahome1Aimmorth6AmailAnew HTTP/1.1" 200 1651 "https://www.event.acesolutions-ksa.com/299?p=Ahome1Aimmorth6AmailAnew" "Mozilla/5.0 AppleWebKit/537.36 (KHTML, like Gecko; compatible; GPTBot/1.3; +https://openai.com/gptbot)" www.event.acesolutions-ksa.com 74.220.219.162
74.7.242.19 - - [17/Mar/2026:14:41:18 -0600] "GET /299?edit=1773023319.M971830P256026.box2010.bluehost.com%2CS%3D2343%2CW%3D2408&p=Ahome1Aimmorth6AmailAnew HTTP/2.0" 200 1651 "https://www.event.acesolutions-ksa.com/299?p=Ahome1Aimmorth6AmailAnew" "Mozilla/5.0 AppleWebKit/537.36 (KHTML, like Gecko; compatible; GPTBot/1.3; +https://openai.com/gptbot)" www.event.acesolutions-ksa.com 74.220.219.162
74.7.242.19 - - [17/Mar/2026:14:41:28 -0600] "GET /299?edit=1773031828.M611808P728811.box2010.bluehost.com%2CS%3D2343%2CW%3D2408&p=Ahome1Aimmorth6AmailAnew HTTP/1.1" 200 1686 "https://www.event.acesolutions-ksa.com/299?p=Ahome1Aimmorth6AmailAnew" "Mozilla/5.0 AppleWebKit/537.36 (KHTML, like Gecko; compatible; GPTBot/1.3; +https://openai.com/gptbot)" www.event.acesolutions-ksa.com 74.220.219.162
74.7.242.19 - - [17/Mar/2026:14:41:28 -0600] "GET /299?edit=1773031828.M611808P728811.box2010.bluehost.com%2CS%3D2343%2CW%3D2408&p=Ahome1Aimmorth6AmailAnew HTTP/2.0" 200 1686 "https://www.event.acesolutions-ksa.com/299?p=Ahome1Aimmorth6AmailAnew" "Mozilla/5.0 AppleWebKit/537.36 (KHTML, like Gecko; compatible; GPTBot/1.3; +https://openai.com/gptbot)" www.event.acesolutions-ksa.com 74.220.219.162
74.7.242.19 - - [17/Mar/2026:14:41:39 -0600] "GET /649?edit=1773028232.M247800P448681.box2010.bluehost.com%2CS%3D2343%2CW%3D2408&p=Ahome1Aimmorth6AmailAnew HTTP/1.1" 200 1667 "https://www.event.acesolutions-ksa.com/649?p=Ahome1Aimmorth6AmailAnew" "Mozilla/5.0 AppleWebKit/537.36 (KHTML, like Gecko; compatible; GPTBot/1.3; +https://openai.com/gptbot)" www.event.acesolutions-ksa.com 74.220.219.162
74.7.242.19 - - [17/Mar/2026:14:41:38 -0600] "GET /649?edit=1773028232.M247800P448681.box2010.bluehost.com%2CS%3D2343%2CW%3D2408&p=Ahome1Aimmorth6AmailAnew HTTP/2.0" 200 1667 "https://www.event.acesolutions-ksa.com/649?p=Ahome1Aimmorth6AmailAnew" "Mozilla/5.0 AppleWebKit/537.36 (KHTML, like Gecko; compatible; GPTBot/1.3; +https://openai.com/gptbot)" www.event.acesolutions-ksa.com 74.220.219.162
74.7.242.19 - - [17/Mar/2026:14:41:49 -0600] "GET /316?edit=1773034259.M361667P901421.box2010.bluehost.com%2CS%3D2348%2CW%3D2413&p=Ahome1Aimmorth6AmailAnew HTTP/1.1" 200 1676 "https://www.event.acesolutions-ksa.com/316?p=Ahome1Aimmorth6AmailAnew" "Mozilla/5.0 AppleWebKit/537.36 (KHTML, like Gecko; compatible; GPTBot/1.3; +https://openai.com/gptbot)" www.event.acesolutions-ksa.com 74.220.219.162
74.7.242.19 - - [17/Mar/2026:14:41:49 -0600] "GET /316?edit=1773034259.M361667P901421.box2010.bluehost.com%2CS%3D2348%2CW%3D2413&p=Ahome1Aimmorth6AmailAnew HTTP/2.0" 200 1676 "https://www.event.acesolutions-ksa.com/316?p=Ahome1Aimmorth6AmailAnew" "Mozilla/5.0 AppleWebKit/537.36 (KHTML, like Gecko; compatible; GPTBot/1.3; +https://openai.com/gptbot)" www.event.acesolutions-ksa.com 74.220.219.162
74.7.227.146 - - [17/Mar/2026:14:41:54 -0600] "GET /ar/a23/?edit=.emacs&p=Ahome1Aimmorth6 HTTP/2.0" 200 54721 "https://www.website-efd5428f.ilq.ypm.mybluehost.me" "Mozilla/5.0 AppleWebKit/537.36 (KHTML, like Gecko; compatible; GPTBot/1.3; +https://openai.com/gptbot)" event.acesolutions-ksa.com 74.220.219.162
74.7.242.19 - - [17/Mar/2026:14:41:59 -0600] "GET /316?edit=1773025954.M793658P435617.box2010.bluehost.com%2CS%3D2343%2CW%3D2408&p=Ahome1Aimmorth6AmailAnew HTTP/1.1" 200 1683 "https://www.event.acesolutions-ksa.com/316?p=Ahome1Aimmorth6AmailAnew" "Mozilla/5.0 AppleWebKit/537.36 (KHTML, like Gecko; compatible; GPTBot/1.3; +https://openai.com/gptbot)" www.event.acesolutions-ksa.com 74.220.219.162
74.7.242.19 - - [17/Mar/2026:14:41:59 -0600] "GET /316?edit=1773025954.M793658P435617.box2010.bluehost.com%2CS%3D2343%2CW%3D2408&p=Ahome1Aimmorth6AmailAnew HTTP/2.0" 200 1683 "https://www.event.acesolutions-ksa.com/316?p=Ahome1Aimmorth6AmailAnew" "Mozilla/5.0 AppleWebKit/537.36 (KHTML, like Gecko; compatible; GPTBot/1.3; +https://openai.com/gptbot)" www.event.acesolutions-ksa.com 74.220.219.162
74.7.242.19 - - [17/Mar/2026:14:42:10 -0600] "GET /391?edit=1773016631.M754524P786421.box2010.bluehost.com%2CS%3D2343%2CW%3D2408&p=Ahome1Aimmorth6AmailAnew HTTP/1.1" 200 1687 "https://www.event.acesolutions-ksa.com/391?p=Ahome1Aimmorth6AmailAnew" "Mozilla/5.0 AppleWebKit/537.36 (KHTML, like Gecko; compatible; GPTBot/1.3; +https://openai.com/gptbot)" www.event.acesolutions-ksa.com 74.220.219.162
74.7.242.19 - - [17/Mar/2026:14:42:10 -0600] "GET /391?edit=1773016631.M754524P786421.box2010.bluehost.com%2CS%3D2343%2CW%3D2408&p=Ahome1Aimmorth6AmailAnew HTTP/2.0" 200 1687 "https://www.event.acesolutions-ksa.com/391?p=Ahome1Aimmorth6AmailAnew" "Mozilla/5.0 AppleWebKit/537.36 (KHTML, like Gecko; compatible; GPTBot/1.3; +https://openai.com/gptbot)" www.event.acesolutions-ksa.com 74.220.219.162
74.7.242.19 - - [17/Mar/2026:14:42:21 -0600] "GET /391?edit=1773017597.M813645P828751.box2010.bluehost.com%2CS%3D2348%2CW%3D2413&p=Ahome1Aimmorth6AmailAnew HTTP/1.1" 200 1680 "https://www.event.acesolutions-ksa.com/391?p=Ahome1Aimmorth6AmailAnew" "Mozilla/5.0 AppleWebKit/537.36 (KHTML, like Gecko; compatible; GPTBot/1.3; +https://openai.com/gptbot)" www.event.acesolutions-ksa.com 74.220.219.162
74.7.242.19 - - [17/Mar/2026:14:42:21 -0600] "GET /391?edit=1773017597.M813645P828751.box2010.bluehost.com%2CS%3D2348%2CW%3D2413&p=Ahome1Aimmorth6AmailAnew HTTP/2.0" 200 1680 "https://www.event.acesolutions-ksa.com/391?p=Ahome1Aimmorth6AmailAnew" "Mozilla/5.0 AppleWebKit/537.36 (KHTML, like Gecko; compatible; GPTBot/1.3; +https://openai.com/gptbot)" www.event.acesolutions-ksa.com 74.220.219.162
74.7.242.19 - - [17/Mar/2026:14:42:32 -0600] "GET /649?edit=1773025988.M411798P435617.box2010.bluehost.com%2CS%3D2348%2CW%3D2413&p=Ahome1Aimmorth6AmailAnew HTTP/1.1" 200 1688 "https://www.event.acesolutions-ksa.com/649?p=Ahome1Aimmorth6AmailAnew" "Mozilla/5.0 AppleWebKit/537.36 (KHTML, like Gecko; compatible; GPTBot/1.3; +https://openai.com/gptbot)" www.event.acesolutions-ksa.com 74.220.219.162
74.7.242.19 - - [17/Mar/2026:14:42:32 -0600] "GET /649?edit=1773025988.M411798P435617.box2010.bluehost.com%2CS%3D2348%2CW%3D2413&p=Ahome1Aimmorth6AmailAnew HTTP/2.0" 200 1688 "https://www.event.acesolutions-ksa.com/649?p=Ahome1Aimmorth6AmailAnew" "Mozilla/5.0 AppleWebKit/537.36 (KHTML, like Gecko; compatible; GPTBot/1.3; +https://openai.com/gptbot)" www.event.acesolutions-ksa.com 74.220.219.162
74.7.227.146 - - [17/Mar/2026:14:42:39 -0600] "GET /98a/?p=Ahome1 HTTP/2.0" 200 53272 "https://event.acesolutions-ksa.com/ar/98a/?p=Ahome1" "Mozilla/5.0 AppleWebKit/537.36 (KHTML, like Gecko; compatible; GPTBot/1.3; +https://openai.com/gptbot)" event.acesolutions-ksa.com 74.220.219.162
74.7.242.19 - - [17/Mar/2026:14:42:43 -0600] "GET /390?edit=1773042461.M478445P187002.box2010.bluehost.com%2CS%3D2343%2CW%3D2408&p=Ahome1Aimmorth6AmailAnew HTTP/1.1" 200 1681 "https://www.event.acesolutions-ksa.com/390?p=Ahome1Aimmorth6AmailAnew" "Mozilla/5.0 AppleWebKit/537.36 (KHTML, like Gecko; compatible; GPTBot/1.3; +https://openai.com/gptbot)" www.event.acesolutions-ksa.com 74.220.219.162
74.7.242.19 - - [17/Mar/2026:14:42:43 -0600] "GET /390?edit=1773042461.M478445P187002.box2010.bluehost.com%2CS%3D2343%2CW%3D2408&p=Ahome1Aimmorth6AmailAnew HTTP/2.0" 200 1681 "https://www.event.acesolutions-ksa.com/390?p=Ahome1Aimmorth6AmailAnew" "Mozilla/5.0 AppleWebKit/537.36 (KHTML, like Gecko; compatible; GPTBot/1.3; +https://openai.com/gptbot)" www.event.acesolutions-ksa.com 74.220.219.162
74.7.242.19 - - [17/Mar/2026:14:42:53 -0600] "GET /390?edit=1773044838.M952768P647468.box2010.bluehost.com%2CS%3D2348%2CW%3D2413&p=Ahome1Aimmorth6AmailAnew HTTP/1.1" 200 1669 "https://www.event.acesolutions-ksa.com/390?p=Ahome1Aimmorth6AmailAnew" "Mozilla/5.0 AppleWebKit/537.36 (KHTML, like Gecko; compatible; GPTBot/1.3; +https://openai.com/gptbot)" www.event.acesolutions-ksa.com 74.220.219.162
74.7.242.19 - - [17/Mar/2026:14:42:53 -0600] "GET /390?edit=1773044838.M952768P647468.box2010.bluehost.com%2CS%3D2348%2CW%3D2413&p=Ahome1Aimmorth6AmailAnew HTTP/2.0" 200 1669 "https://www.event.acesolutions-ksa.com/390?p=Ahome1Aimmorth6AmailAnew" "Mozilla/5.0 AppleWebKit/537.36 (KHTML, like Gecko; compatible; GPTBot/1.3; +https://openai.com/gptbot)" www.event.acesolutions-ksa.com 74.220.219.162
74.7.242.19 - - [17/Mar/2026:14:43:03 -0600] "GET /316?edit=1773045768.M358007P834072.box2010.bluehost.com%2CS%3D2348%2CW%3D2413&p=Ahome1Aimmorth6AmailAnew HTTP/1.1" 200 1702 "https://www.event.acesolutions-ksa.com/316?p=Ahome1Aimmorth6AmailAnew" "Mozilla/5.0 AppleWebKit/537.36 (KHTML, like Gecko; compatible; GPTBot/1.3; +https://openai.com/gptbot)" www.event.acesolutions-ksa.com 74.220.219.162
74.7.242.19 - - [17/Mar/2026:14:43:03 -0600] "GET /316?edit=1773045768.M358007P834072.box2010.bluehost.com%2CS%3D2348%2CW%3D2413&p=Ahome1Aimmorth6AmailAnew HTTP/2.0" 200 1702 "https://www.event.acesolutions-ksa.com/316?p=Ahome1Aimmorth6AmailAnew" "Mozilla/5.0 AppleWebKit/537.36 (KHTML, like Gecko; compatible; GPTBot/1.3; +https://openai.com/gptbot)" www.event.acesolutions-ksa.com 74.220.219.162
74.7.242.19 - - [17/Mar/2026:14:43:13 -0600] "GET /390?edit=1740425230.M964267P752217.box2010.bluehost.com%2CS%3D3460%2CW%3D3543%3A2%2C&p=Ahome1Aimmorth6AmailAcur HTTP/1.1" 200 2412 "https://www.event.acesolutions-ksa.com/390?p=Ahome1Aimmorth6AmailAcur" "Mozilla/5.0 AppleWebKit/537.36 (KHTML, like Gecko; compatible; GPTBot/1.3; +https://openai.com/gptbot)" www.event.acesolutions-ksa.com 74.220.219.162
74.7.242.19 - - [17/Mar/2026:14:43:13 -0600] "GET /390?edit=1740425230.M964267P752217.box2010.bluehost.com%2CS%3D3460%2CW%3D3543%3A2%2C&p=Ahome1Aimmorth6AmailAcur HTTP/2.0" 200 2412 "https://www.event.acesolutions-ksa.com/390?p=Ahome1Aimmorth6AmailAcur" "Mozilla/5.0 AppleWebKit/537.36 (KHTML, like Gecko; compatible; GPTBot/1.3; +https://openai.com/gptbot)" www.event.acesolutions-ksa.com 74.220.219.162
74.220.219.162 - - [17/Mar/2026:14:43:19 -0600] "POST /wp-cron.php?doing_wp_cron=1773780199.3193030357360839843750 HTTP/2.0" 200 - "-" "WordPress/6.9; https://event.acesolutions-ksa.com" event.acesolutions-ksa.com 74.220.219.162
74.7.227.146 - - [17/Mar/2026:14:43:21 -0600] "GET /72e/immorth6_wearmoda.1608399372.sql HTTP/2.0" 406 226 "https://event.acesolutions-ksa.com/72e/?p=Ahome1Aimmorth6" "Mozilla/5.0 AppleWebKit/537.36 (KHTML, like Gecko; compatible; GPTBot/1.3; +https://openai.com/gptbot)" event.acesolutions-ksa.com 74.220.219.162
74.7.242.19 - - [17/Mar/2026:14:43:23 -0600] "GET /649?edit=1773025826.M400955P435617.box2010.bluehost.com%2CS%3D2338%2CW%3D2403&p=Ahome1Aimmorth6AmailAnew HTTP/1.1" 200 1695 "https://www.event.acesolutions-ksa.com/649?p=Ahome1Aimmorth6AmailAnew" "Mozilla/5.0 AppleWebKit/537.36 (KHTML, like Gecko; compatible; GPTBot/1.3; +https://openai.com/gptbot)" www.event.acesolutions-ksa.com 74.220.219.162
74.7.242.19 - - [17/Mar/2026:14:43:23 -0600] "GET /649?edit=1773025826.M400955P435617.box2010.bluehost.com%2CS%3D2338%2CW%3D2403&p=Ahome1Aimmorth6AmailAnew HTTP/2.0" 200 1695 "https://www.event.acesolutions-ksa.com/649?p=Ahome1Aimmorth6AmailAnew" "Mozilla/5.0 AppleWebKit/537.36 (KHTML, like Gecko; compatible; GPTBot/1.3; +https://openai.com/gptbot)" www.event.acesolutions-ksa.com 74.220.219.162
74.7.242.19 - - [17/Mar/2026:14:43:34 -0600] "GET /299?edit=1773025989.M419648P448681.box2010.bluehost.com%2CS%3D2343%2CW%3D2408&p=Ahome1Aimmorth6AmailAnew HTTP/1.1" 200 1723 "https://www.event.acesolutions-ksa.com/299?p=Ahome1Aimmorth6AmailAnew" "Mozilla/5.0 AppleWebKit/537.36 (KHTML, like Gecko; compatible; GPTBot/1.3; +https://openai.com/gptbot)" www.event.acesolutions-ksa.com 74.220.219.162
74.7.242.19 - - [17/Mar/2026:14:43:34 -0600] "GET /299?edit=1773025989.M419648P448681.box2010.bluehost.com%2CS%3D2343%2CW%3D2408&p=Ahome1Aimmorth6AmailAnew HTTP/2.0" 200 1723 "https://www.event.acesolutions-ksa.com/299?p=Ahome1Aimmorth6AmailAnew" "Mozilla/5.0 AppleWebKit/537.36 (KHTML, like Gecko; compatible; GPTBot/1.3; +https://openai.com/gptbot)" www.event.acesolutions-ksa.com 74.220.219.162
216.73.216.97 - - [17/Mar/2026:14:43:40 -0600] "GET /wordpress-seo-ar.mo?p=Ahome1Aimmorth6Aperl5 HTTP/1.1" 200 1186 "-" "Mozilla/5.0 AppleWebKit/537.36 (KHTML, like Gecko; compatible; ClaudeBot/1.0; +claudebot@anthropic.com)" www.event.acesolutions-ksa.com 74.220.219.162
216.73.216.97 - - [17/Mar/2026:14:43:40 -0600] "GET /wordpress-seo-ar.mo?p=Ahome1Aimmorth6Aperl5 HTTP/2.0" 200 1186 "-" "Mozilla/5.0 AppleWebKit/537.36 (KHTML, like Gecko; compatible; ClaudeBot/1.0; +claudebot@anthropic.com)" www.event.acesolutions-ksa.com 74.220.219.162
74.7.242.19 - - [17/Mar/2026:14:43:44 -0600] "GET /390?edit=1773038418.M441585P2123.box2010.bluehost.com%2CS%3D2343%2CW%3D2408&p=Ahome1Aimmorth6AmailAnew HTTP/1.1" 200 1639 "https://www.event.acesolutions-ksa.com/390?p=Ahome1Aimmorth6AmailAnew" "Mozilla/5.0 AppleWebKit/537.36 (KHTML, like Gecko; compatible; GPTBot/1.3; +https://openai.com/gptbot)" www.event.acesolutions-ksa.com 74.220.219.162
74.7.242.19 - - [17/Mar/2026:14:43:44 -0600] "GET /390?edit=1773038418.M441585P2123.box2010.bluehost.com%2CS%3D2343%2CW%3D2408&p=Ahome1Aimmorth6AmailAnew HTTP/2.0" 200 1639 "https://www.event.acesolutions-ksa.com/390?p=Ahome1Aimmorth6AmailAnew" "Mozilla/5.0 AppleWebKit/537.36 (KHTML, like Gecko; compatible; GPTBot/1.3; +https://openai.com/gptbot)" www.event.acesolutions-ksa.com 74.220.219.162
74.7.242.19 - - [17/Mar/2026:14:43:55 -0600] "GET /390?edit=1773044936.M610751P647468.box2010.bluehost.com%2CS%3D2343%2CW%3D2408&p=Ahome1Aimmorth6AmailAnew HTTP/1.1" 200 1647 "https://www.event.acesolutions-ksa.com/390?p=Ahome1Aimmorth6AmailAnew" "Mozilla/5.0 AppleWebKit/537.36 (KHTML, like Gecko; compatible; GPTBot/1.3; +https://openai.com/gptbot)" www.event.acesolutions-ksa.com 74.220.219.162
74.7.242.19 - - [17/Mar/2026:14:43:55 -0600] "GET /390?edit=1773044936.M610751P647468.box2010.bluehost.com%2CS%3D2343%2CW%3D2408&p=Ahome1Aimmorth6AmailAnew HTTP/2.0" 200 1647 "https://www.event.acesolutions-ksa.com/390?p=Ahome1Aimmorth6AmailAnew" "Mozilla/5.0 AppleWebKit/537.36 (KHTML, like Gecko; compatible; GPTBot/1.3; +https://openai.com/gptbot)" www.event.acesolutions-ksa.com 74.220.219.162
74.7.227.146 - - [17/Mar/2026:14:43:59 -0600] "GET /72e/immorth6_wearmoda.1616344659.sql HTTP/2.0" 406 226 "https://event.acesolutions-ksa.com/72e/?p=Ahome1Aimmorth6" "Mozilla/5.0 AppleWebKit/537.36 (KHTML, like Gecko; compatible; GPTBot/1.3; +https://openai.com/gptbot)" event.acesolutions-ksa.com 74.220.219.162
74.7.242.19 - - [17/Mar/2026:14:44:06 -0600] "GET /649?edit=1773042521.M653784P187002.box2010.bluehost.com%2CS%3D2343%2CW%3D2408&p=Ahome1Aimmorth6AmailAnew HTTP/1.1" 200 1663 "https://www.event.acesolutions-ksa.com/649?p=Ahome1Aimmorth6AmailAnew" "Mozilla/5.0 AppleWebKit/537.36 (KHTML, like Gecko; compatible; GPTBot/1.3; +https://openai.com/gptbot)" www.event.acesolutions-ksa.com 74.220.219.162
74.7.242.19 - - [17/Mar/2026:14:44:06 -0600] "GET /649?edit=1773042521.M653784P187002.box2010.bluehost.com%2CS%3D2343%2CW%3D2408&p=Ahome1Aimmorth6AmailAnew HTTP/2.0" 200 1663 "https://www.event.acesolutions-ksa.com/649?p=Ahome1Aimmorth6AmailAnew" "Mozilla/5.0 AppleWebKit/537.36 (KHTML, like Gecko; compatible; GPTBot/1.3; +https://openai.com/gptbot)" www.event.acesolutions-ksa.com 74.220.219.162
74.7.242.19 - - [17/Mar/2026:14:44:16 -0600] "GET /299?edit=1773017128.M992081P828751.box2010.bluehost.com%2CS%3D2348%2CW%3D2413&p=Ahome1Aimmorth6AmailAnew HTTP/1.1" 200 1689 "https://www.event.acesolutions-ksa.com/299?p=Ahome1Aimmorth6AmailAnew" "Mozilla/5.0 AppleWebKit/537.36 (KHTML, like Gecko; compatible; GPTBot/1.3; +https://openai.com/gptbot)" www.event.acesolutions-ksa.com 74.220.219.162
74.7.242.19 - - [17/Mar/2026:14:44:16 -0600] "GET /299?edit=1773017128.M992081P828751.box2010.bluehost.com%2CS%3D2348%2CW%3D2413&p=Ahome1Aimmorth6AmailAnew HTTP/2.0" 200 1689 "https://www.event.acesolutions-ksa.com/299?p=Ahome1Aimmorth6AmailAnew" "Mozilla/5.0 AppleWebKit/537.36 (KHTML, like Gecko; compatible; GPTBot/1.3; +https://openai.com/gptbot)" www.event.acesolutions-ksa.com 74.220.219.162
216.73.216.97 - - [17/Mar/2026:14:44:23 -0600] "GET /ar.po?edit=sso.php&p=Ahome1Aimmorth6Apublic_htmlAwebsite_efd5428fAwp-contentAmu-plugins HTTP/2.0" 409 83 "-" "Mozilla/5.0 AppleWebKit/537.36 (KHTML, like Gecko; compatible; ClaudeBot/1.0; +claudebot@anthropic.com)" www.event.acesolutions-ksa.com 74.220.219.162
74.7.242.19 - - [17/Mar/2026:14:44:27 -0600] "GET /391?edit=1753812354.M963319P867859.box2010.bluehost.com%2CS%3D3072%2CW%3D3155%3A2%2C&p=Ahome1Aimmorth6AmailAcur HTTP/1.1" 200 1984 "https://www.event.acesolutions-ksa.com/391?p=Ahome1Aimmorth6AmailAcur" "Mozilla/5.0 AppleWebKit/537.36 (KHTML, like Gecko; compatible; GPTBot/1.3; +https://openai.com/gptbot)" www.event.acesolutions-ksa.com 74.220.219.162
74.7.242.19 - - [17/Mar/2026:14:44:27 -0600] "GET /391?edit=1753812354.M963319P867859.box2010.bluehost.com%2CS%3D3072%2CW%3D3155%3A2%2C&p=Ahome1Aimmorth6AmailAcur HTTP/2.0" 200 1984 "https://www.event.acesolutions-ksa.com/391?p=Ahome1Aimmorth6AmailAcur" "Mozilla/5.0 AppleWebKit/537.36 (KHTML, like Gecko; compatible; GPTBot/1.3; +https://openai.com/gptbot)" www.event.acesolutions-ksa.com 74.220.219.162
216.73.216.97 - - [17/Mar/2026:14:44:35 -0600] "GET /main-sitemap.xsl?p=Ahome1Aimmorth6Apublic_htmlAwebsite_efd5428fAwp-contentAmu-plugins HTTP/1.1" 200 3131 "-" "Mozilla/5.0 AppleWebKit/537.36 (KHTML, like Gecko; compatible; ClaudeBot/1.0; +claudebot@anthropic.com)" www.event.acesolutions-ksa.com 74.220.219.162
216.73.216.97 - - [17/Mar/2026:14:44:35 -0600] "GET /main-sitemap.xsl?p=Ahome1Aimmorth6Apublic_htmlAwebsite_efd5428fAwp-contentAmu-plugins HTTP/2.0" 200 3131 "-" "Mozilla/5.0 AppleWebKit/537.36 (KHTML, like Gecko; compatible; ClaudeBot/1.0; +claudebot@anthropic.com)" www.event.acesolutions-ksa.com 74.220.219.162
74.7.242.19 - - [17/Mar/2026:14:44:37 -0600] "GET /316?edit=1773042925.M490012P187002.box2010.bluehost.com%2CS%3D2343%2CW%3D2408&p=Ahome1Aimmorth6AmailAnew HTTP/1.1" 200 1687 "https://www.event.acesolutions-ksa.com/316?p=Ahome1Aimmorth6AmailAnew" "Mozilla/5.0 AppleWebKit/537.36 (KHTML, like Gecko; compatible; GPTBot/1.3; +https://openai.com/gptbot)" www.event.acesolutions-ksa.com 74.220.219.162
74.7.242.19 - - [17/Mar/2026:14:44:37 -0600] "GET /316?edit=1773042925.M490012P187002.box2010.bluehost.com%2CS%3D2343%2CW%3D2408&p=Ahome1Aimmorth6AmailAnew HTTP/2.0" 200 1687 "https://www.event.acesolutions-ksa.com/316?p=Ahome1Aimmorth6AmailAnew" "Mozilla/5.0 AppleWebKit/537.36 (KHTML, like Gecko; compatible; GPTBot/1.3; +https://openai.com/gptbot)" www.event.acesolutions-ksa.com 74.220.219.162
74.7.227.146 - - [17/Mar/2026:14:44:38 -0600] "GET /f45/immorth6_wearmoda.1616344659.sql HTTP/2.0" 406 226 "https://event.acesolutions-ksa.com/f45/?p=Ahome1Aimmorth6" "Mozilla/5.0 AppleWebKit/537.36 (KHTML, like Gecko; compatible; GPTBot/1.3; +https://openai.com/gptbot)" event.acesolutions-ksa.com 74.220.219.162
74.7.242.19 - - [17/Mar/2026:14:44:47 -0600] "GET /649?edit=1773028007.M697178P448681.box2010.bluehost.com%2CS%3D2343%2CW%3D2408&p=Ahome1Aimmorth6AmailAnew HTTP/1.1" 200 1689 "https://www.event.acesolutions-ksa.com/649?p=Ahome1Aimmorth6AmailAnew" "Mozilla/5.0 AppleWebKit/537.36 (KHTML, like Gecko; compatible; GPTBot/1.3; +https://openai.com/gptbot)" www.event.acesolutions-ksa.com 74.220.219.162
74.7.242.19 - - [17/Mar/2026:14:44:47 -0600] "GET /649?edit=1773028007.M697178P448681.box2010.bluehost.com%2CS%3D2343%2CW%3D2408&p=Ahome1Aimmorth6AmailAnew HTTP/2.0" 200 1689 "https://www.event.acesolutions-ksa.com/649?p=Ahome1Aimmorth6AmailAnew" "Mozilla/5.0 AppleWebKit/537.36 (KHTML, like Gecko; compatible; GPTBot/1.3; +https://openai.com/gptbot)" www.event.acesolutions-ksa.com 74.220.219.162
74.7.242.19 - - [17/Mar/2026:14:44:57 -0600] "GET /299?edit=1773022839.M297136P256026.box2010.bluehost.com%2CS%3D2348%2CW%3D2413&p=Ahome1Aimmorth6AmailAnew HTTP/1.1" 200 1669 "https://www.event.acesolutions-ksa.com/299?p=Ahome1Aimmorth6AmailAnew" "Mozilla/5.0 AppleWebKit/537.36 (KHTML, like Gecko; compatible; GPTBot/1.3; +https://openai.com/gptbot)" www.event.acesolutions-ksa.com 74.220.219.162
74.7.242.19 - - [17/Mar/2026:14:44:57 -0600] "GET /299?edit=1773022839.M297136P256026.box2010.bluehost.com%2CS%3D2348%2CW%3D2413&p=Ahome1Aimmorth6AmailAnew HTTP/2.0" 200 1669 "https://www.event.acesolutions-ksa.com/299?p=Ahome1Aimmorth6AmailAnew" "Mozilla/5.0 AppleWebKit/537.36 (KHTML, like Gecko; compatible; GPTBot/1.3; +https://openai.com/gptbot)" www.event.acesolutions-ksa.com 74.220.219.162
74.7.242.19 - - [17/Mar/2026:14:45:08 -0600] "GET /649?edit=1773044718.M275332P647468.box2010.bluehost.com%2CS%3D2348%2CW%3D2413&p=Ahome1Aimmorth6AmailAnew HTTP/1.1" 200 1659 "https://www.event.acesolutions-ksa.com/649?p=Ahome1Aimmorth6AmailAnew" "Mozilla/5.0 AppleWebKit/537.36 (KHTML, like Gecko; compatible; GPTBot/1.3; +https://openai.com/gptbot)" www.event.acesolutions-ksa.com 74.220.219.162
74.7.242.19 - - [17/Mar/2026:14:45:08 -0600] "GET /649?edit=1773044718.M275332P647468.box2010.bluehost.com%2CS%3D2348%2CW%3D2413&p=Ahome1Aimmorth6AmailAnew HTTP/2.0" 200 1659 "https://www.event.acesolutions-ksa.com/649?p=Ahome1Aimmorth6AmailAnew" "Mozilla/5.0 AppleWebKit/537.36 (KHTML, like Gecko; compatible; GPTBot/1.3; +https://openai.com/gptbot)" www.event.acesolutions-ksa.com 74.220.219.162
74.7.227.146 - - [17/Mar/2026:14:45:16 -0600] "GET /93b/immorth6_wearmoda.1616344659.sql HTTP/2.0" 406 226 "https://event.acesolutions-ksa.com/93b/?p=Ahome1Aimmorth6" "Mozilla/5.0 AppleWebKit/537.36 (KHTML, like Gecko; compatible; GPTBot/1.3; +https://openai.com/gptbot)" event.acesolutions-ksa.com 74.220.219.162
74.220.219.162 - - [17/Mar/2026:14:45:19 -0600] "POST /wp-cron.php?doing_wp_cron=1773780319.5057580471038818359375 HTTP/2.0" 200 - "-" "WordPress/6.9; https://event.acesolutions-ksa.com" event.acesolutions-ksa.com 74.220.219.162
74.7.242.19 - - [17/Mar/2026:14:45:19 -0600] "GET /649?edit=1773027569.M284471P448681.box2010.bluehost.com%2CS%3D2348%2CW%3D2413&p=Ahome1Aimmorth6AmailAnew HTTP/1.1" 200 1699 "https://www.event.acesolutions-ksa.com/649?p=Ahome1Aimmorth6AmailAnew" "Mozilla/5.0 AppleWebKit/537.36 (KHTML, like Gecko; compatible; GPTBot/1.3; +https://openai.com/gptbot)" www.event.acesolutions-ksa.com 74.220.219.162
74.7.242.19 - - [17/Mar/2026:14:45:19 -0600] "GET /649?edit=1773027569.M284471P448681.box2010.bluehost.com%2CS%3D2348%2CW%3D2413&p=Ahome1Aimmorth6AmailAnew HTTP/2.0" 200 1699 "https://www.event.acesolutions-ksa.com/649?p=Ahome1Aimmorth6AmailAnew" "Mozilla/5.0 AppleWebKit/537.36 (KHTML, like Gecko; compatible; GPTBot/1.3; +https://openai.com/gptbot)" www.event.acesolutions-ksa.com 74.220.219.162
74.7.242.19 - - [17/Mar/2026:14:45:29 -0600] "GET /299?edit=1773035543.M205903P945953.box2010.bluehost.com%2CS%3D2348%2CW%3D2413&p=Ahome1Aimmorth6AmailAnew HTTP/1.1" 200 1692 "https://www.event.acesolutions-ksa.com/299?p=Ahome1Aimmorth6AmailAnew" "Mozilla/5.0 AppleWebKit/537.36 (KHTML, like Gecko; compatible; GPTBot/1.3; +https://openai.com/gptbot)" www.event.acesolutions-ksa.com 74.220.219.162
74.7.242.19 - - [17/Mar/2026:14:45:29 -0600] "GET /299?edit=1773035543.M205903P945953.box2010.bluehost.com%2CS%3D2348%2CW%3D2413&p=Ahome1Aimmorth6AmailAnew HTTP/2.0" 200 1692 "https://www.event.acesolutions-ksa.com/299?p=Ahome1Aimmorth6AmailAnew" "Mozilla/5.0 AppleWebKit/537.36 (KHTML, like Gecko; compatible; GPTBot/1.3; +https://openai.com/gptbot)" www.event.acesolutions-ksa.com 74.220.219.162
74.7.242.19 - - [17/Mar/2026:14:45:40 -0600] "GET /390?edit=1773027145.M294665P448681.box2010.bluehost.com%2CS%3D2343%2CW%3D2408&p=Ahome1Aimmorth6AmailAnew HTTP/1.1" 200 1674 "https://www.event.acesolutions-ksa.com/390?p=Ahome1Aimmorth6AmailAnew" "Mozilla/5.0 AppleWebKit/537.36 (KHTML, like Gecko; compatible; GPTBot/1.3; +https://openai.com/gptbot)" www.event.acesolutions-ksa.com 74.220.219.162
74.7.242.19 - - [17/Mar/2026:14:45:40 -0600] "GET /390?edit=1773027145.M294665P448681.box2010.bluehost.com%2CS%3D2343%2CW%3D2408&p=Ahome1Aimmorth6AmailAnew HTTP/2.0" 200 1674 "https://www.event.acesolutions-ksa.com/390?p=Ahome1Aimmorth6AmailAnew" "Mozilla/5.0 AppleWebKit/537.36 (KHTML, like Gecko; compatible; GPTBot/1.3; +https://openai.com/gptbot)" www.event.acesolutions-ksa.com 74.220.219.162
74.7.242.19 - - [17/Mar/2026:14:45:50 -0600] "GET /391?edit=1773016541.M395799P786421.box2010.bluehost.com%2CS%3D2348%2CW%3D2413&p=Ahome1Aimmorth6AmailAnew HTTP/1.1" 200 1731 "https://www.event.acesolutions-ksa.com/391?p=Ahome1Aimmorth6AmailAnew" "Mozilla/5.0 AppleWebKit/537.36 (KHTML, like Gecko; compatible; GPTBot/1.3; +https://openai.com/gptbot)" www.event.acesolutions-ksa.com 74.220.219.162
74.7.242.19 - - [17/Mar/2026:14:45:50 -0600] "GET /391?edit=1773016541.M395799P786421.box2010.bluehost.com%2CS%3D2348%2CW%3D2413&p=Ahome1Aimmorth6AmailAnew HTTP/2.0" 200 1731 "https://www.event.acesolutions-ksa.com/391?p=Ahome1Aimmorth6AmailAnew" "Mozilla/5.0 AppleWebKit/537.36 (KHTML, like Gecko; compatible; GPTBot/1.3; +https://openai.com/gptbot)" www.event.acesolutions-ksa.com 74.220.219.162
74.7.227.146 - - [17/Mar/2026:14:45:53 -0600] "GET /528/ HTTP/2.0" 200 54029 "https://event.acesolutions-ksa.com/528/?p=Ahome1" "Mozilla/5.0 AppleWebKit/537.36 (KHTML, like Gecko; compatible; GPTBot/1.3; +https://openai.com/gptbot)" event.acesolutions-ksa.com 74.220.219.162
74.7.242.19 - - [17/Mar/2026:14:46:01 -0600] "GET /391?edit=1773016576.M539812P786421.box2010.bluehost.com%2CS%3D2348%2CW%3D2413&p=Ahome1Aimmorth6AmailAnew HTTP/1.1" 200 1703 "https://www.event.acesolutions-ksa.com/391?p=Ahome1Aimmorth6AmailAnew" "Mozilla/5.0 AppleWebKit/537.36 (KHTML, like Gecko; compatible; GPTBot/1.3; +https://openai.com/gptbot)" www.event.acesolutions-ksa.com 74.220.219.162
74.7.242.19 - - [17/Mar/2026:14:46:01 -0600] "GET /391?edit=1773016576.M539812P786421.box2010.bluehost.com%2CS%3D2348%2CW%3D2413&p=Ahome1Aimmorth6AmailAnew HTTP/2.0" 200 1703 "https://www.event.acesolutions-ksa.com/391?p=Ahome1Aimmorth6AmailAnew" "Mozilla/5.0 AppleWebKit/537.36 (KHTML, like Gecko; compatible; GPTBot/1.3; +https://openai.com/gptbot)" www.event.acesolutions-ksa.com 74.220.219.162
74.7.242.19 - - [17/Mar/2026:14:46:12 -0600] "GET /391?edit=1773026055.M605769P448681.box2010.bluehost.com%2CS%3D2343%2CW%3D2408&p=Ahome1Aimmorth6AmailAnew HTTP/1.1" 200 1668 "https://www.event.acesolutions-ksa.com/391?p=Ahome1Aimmorth6AmailAnew" "Mozilla/5.0 AppleWebKit/537.36 (KHTML, like Gecko; compatible; GPTBot/1.3; +https://openai.com/gptbot)" www.event.acesolutions-ksa.com 74.220.219.162
74.7.242.19 - - [17/Mar/2026:14:46:12 -0600] "GET /391?edit=1773026055.M605769P448681.box2010.bluehost.com%2CS%3D2343%2CW%3D2408&p=Ahome1Aimmorth6AmailAnew HTTP/2.0" 200 1668 "https://www.event.acesolutions-ksa.com/391?p=Ahome1Aimmorth6AmailAnew" "Mozilla/5.0 AppleWebKit/537.36 (KHTML, like Gecko; compatible; GPTBot/1.3; +https://openai.com/gptbot)" www.event.acesolutions-ksa.com 74.220.219.162
74.7.242.19 - - [17/Mar/2026:14:46:22 -0600] "GET /316?edit=1773025787.M916932P435617.box2010.bluehost.com%2CS%3D2348%2CW%3D2413&p=Ahome1Aimmorth6AmailAnew HTTP/1.1" 200 1685 "https://www.event.acesolutions-ksa.com/316?p=Ahome1Aimmorth6AmailAnew" "Mozilla/5.0 AppleWebKit/537.36 (KHTML, like Gecko; compatible; GPTBot/1.3; +https://openai.com/gptbot)" www.event.acesolutions-ksa.com 74.220.219.162
74.7.242.19 - - [17/Mar/2026:14:46:22 -0600] "GET /316?edit=1773025787.M916932P435617.box2010.bluehost.com%2CS%3D2348%2CW%3D2413&p=Ahome1Aimmorth6AmailAnew HTTP/2.0" 200 1685 "https://www.event.acesolutions-ksa.com/316?p=Ahome1Aimmorth6AmailAnew" "Mozilla/5.0 AppleWebKit/537.36 (KHTML, like Gecko; compatible; GPTBot/1.3; +https://openai.com/gptbot)" www.event.acesolutions-ksa.com 74.220.219.162
74.7.227.146 - - [17/Mar/2026:14:46:31 -0600] "GET /3ff/?edit=ivy-menu.immortal-designs.net&p=Ahome1Aimmorth6Aaccess-logs HTTP/2.0" 200 55652 "https://event.acesolutions-ksa.com/ar/3ff/?edit=ivy-menu.immortal-designs.net&p=Ahome1Aimmorth6Aaccess-logs" "Mozilla/5.0 AppleWebKit/537.36 (KHTML, like Gecko; compatible; GPTBot/1.3; +https://openai.com/gptbot)" event.acesolutions-ksa.com 74.220.219.162
74.7.242.19 - - [17/Mar/2026:14:46:32 -0600] "GET /299?edit=1773028171.M176484P448681.box2010.bluehost.com%2CS%3D2343%2CW%3D2408&p=Ahome1Aimmorth6AmailAnew HTTP/1.1" 200 1703 "https://www.event.acesolutions-ksa.com/299?p=Ahome1Aimmorth6AmailAnew" "Mozilla/5.0 AppleWebKit/537.36 (KHTML, like Gecko; compatible; GPTBot/1.3; +https://openai.com/gptbot)" www.event.acesolutions-ksa.com 74.220.219.162
74.7.242.19 - - [17/Mar/2026:14:46:32 -0600] "GET /299?edit=1773028171.M176484P448681.box2010.bluehost.com%2CS%3D2343%2CW%3D2408&p=Ahome1Aimmorth6AmailAnew HTTP/2.0" 200 1703 "https://www.event.acesolutions-ksa.com/299?p=Ahome1Aimmorth6AmailAnew" "Mozilla/5.0 AppleWebKit/537.36 (KHTML, like Gecko; compatible; GPTBot/1.3; +https://openai.com/gptbot)" www.event.acesolutions-ksa.com 74.220.219.162
74.7.242.19 - - [17/Mar/2026:14:46:43 -0600] "GET /649?edit=1749396733.M291099P578439.box2010.bluehost.com%2CS%3D3360%2CW%3D3445%3A2%2C&p=Ahome1Aimmorth6AmailAcur HTTP/1.1" 200 2089 "https://www.event.acesolutions-ksa.com/649?p=Ahome1Aimmorth6AmailAcur" "Mozilla/5.0 AppleWebKit/537.36 (KHTML, like Gecko; compatible; GPTBot/1.3; +https://openai.com/gptbot)" www.event.acesolutions-ksa.com 74.220.219.162
74.7.242.19 - - [17/Mar/2026:14:46:43 -0600] "GET /649?edit=1749396733.M291099P578439.box2010.bluehost.com%2CS%3D3360%2CW%3D3445%3A2%2C&p=Ahome1Aimmorth6AmailAcur HTTP/2.0" 200 2089 "https://www.event.acesolutions-ksa.com/649?p=Ahome1Aimmorth6AmailAcur" "Mozilla/5.0 AppleWebKit/537.36 (KHTML, like Gecko; compatible; GPTBot/1.3; +https://openai.com/gptbot)" www.event.acesolutions-ksa.com 74.220.219.162
74.7.242.19 - - [17/Mar/2026:14:46:53 -0600] "GET /299?edit=1773024082.M598875P256026.box2010.bluehost.com%2CS%3D2348%2CW%3D2413&p=Ahome1Aimmorth6AmailAnew HTTP/1.1" 200 1674 "https://www.event.acesolutions-ksa.com/299?p=Ahome1Aimmorth6AmailAnew" "Mozilla/5.0 AppleWebKit/537.36 (KHTML, like Gecko; compatible; GPTBot/1.3; +https://openai.com/gptbot)" www.event.acesolutions-ksa.com 74.220.219.162
74.7.242.19 - - [17/Mar/2026:14:46:53 -0600] "GET /299?edit=1773024082.M598875P256026.box2010.bluehost.com%2CS%3D2348%2CW%3D2413&p=Ahome1Aimmorth6AmailAnew HTTP/2.0" 200 1674 "https://www.event.acesolutions-ksa.com/299?p=Ahome1Aimmorth6AmailAnew" "Mozilla/5.0 AppleWebKit/537.36 (KHTML, like Gecko; compatible; GPTBot/1.3; +https://openai.com/gptbot)" www.event.acesolutions-ksa.com 74.220.219.162
74.7.242.19 - - [17/Mar/2026:14:47:04 -0600] "GET /316?edit=1773027133.M553887P448681.box2010.bluehost.com%2CS%3D2348%2CW%3D2413&p=Ahome1Aimmorth6AmailAnew HTTP/1.1" 200 1685 "https://www.event.acesolutions-ksa.com/316?p=Ahome1Aimmorth6AmailAnew" "Mozilla/5.0 AppleWebKit/537.36 (KHTML, like Gecko; compatible; GPTBot/1.3; +https://openai.com/gptbot)" www.event.acesolutions-ksa.com 74.220.219.162
74.7.242.19 - - [17/Mar/2026:14:47:04 -0600] "GET /316?edit=1773027133.M553887P448681.box2010.bluehost.com%2CS%3D2348%2CW%3D2413&p=Ahome1Aimmorth6AmailAnew HTTP/2.0" 200 1685 "https://www.event.acesolutions-ksa.com/316?p=Ahome1Aimmorth6AmailAnew" "Mozilla/5.0 AppleWebKit/537.36 (KHTML, like Gecko; compatible; GPTBot/1.3; +https://openai.com/gptbot)" www.event.acesolutions-ksa.com 74.220.219.162
74.7.227.146 - - [17/Mar/2026:14:47:04 -0600] "GET /ar/528/51.php HTTP/2.0" 409 83 "https://event.acesolutions-ksa.com/ar/528/" "Mozilla/5.0 AppleWebKit/537.36 (KHTML, like Gecko; compatible; GPTBot/1.3; +https://openai.com/gptbot)" event.acesolutions-ksa.com 74.220.219.162
74.7.242.19 - - [17/Mar/2026:14:47:14 -0600] "GET /316?edit=1744039367.M771826P835092.box2010.bluehost.com%2CS%3D3366%2CW%3D3451%3A2%2C&p=Ahome1Aimmorth6AmailAcur HTTP/1.1" 200 2368 "https://www.event.acesolutions-ksa.com/316?p=Ahome1Aimmorth6AmailAcur" "Mozilla/5.0 AppleWebKit/537.36 (KHTML, like Gecko; compatible; GPTBot/1.3; +https://openai.com/gptbot)" www.event.acesolutions-ksa.com 74.220.219.162
74.7.242.19 - - [17/Mar/2026:14:47:14 -0600] "GET /316?edit=1744039367.M771826P835092.box2010.bluehost.com%2CS%3D3366%2CW%3D3451%3A2%2C&p=Ahome1Aimmorth6AmailAcur HTTP/2.0" 200 2368 "https://www.event.acesolutions-ksa.com/316?p=Ahome1Aimmorth6AmailAcur" "Mozilla/5.0 AppleWebKit/537.36 (KHTML, like Gecko; compatible; GPTBot/1.3; +https://openai.com/gptbot)" www.event.acesolutions-ksa.com 74.220.219.162
74.220.219.162 - - [17/Mar/2026:14:47:25 -0600] "POST /wp-cron.php?doing_wp_cron=1773780445.6010169982910156250000 HTTP/2.0" 200 - "-" "WordPress/6.9; https://event.acesolutions-ksa.com" event.acesolutions-ksa.com 74.220.219.162
74.7.242.19 - - [17/Mar/2026:14:47:25 -0600] "GET /390?edit=1773033078.M354886P849584.box2010.bluehost.com%2CS%3D2343%2CW%3D2408&p=Ahome1Aimmorth6AmailAnew HTTP/1.1" 200 1655 "https://www.event.acesolutions-ksa.com/390?p=Ahome1Aimmorth6AmailAnew" "Mozilla/5.0 AppleWebKit/537.36 (KHTML, like Gecko; compatible; GPTBot/1.3; +https://openai.com/gptbot)" www.event.acesolutions-ksa.com 74.220.219.162
74.7.242.19 - - [17/Mar/2026:14:47:25 -0600] "GET /390?edit=1773033078.M354886P849584.box2010.bluehost.com%2CS%3D2343%2CW%3D2408&p=Ahome1Aimmorth6AmailAnew HTTP/2.0" 200 1655 "https://www.event.acesolutions-ksa.com/390?p=Ahome1Aimmorth6AmailAnew" "Mozilla/5.0 AppleWebKit/537.36 (KHTML, like Gecko; compatible; GPTBot/1.3; +https://openai.com/gptbot)" www.event.acesolutions-ksa.com 74.220.219.162
74.7.227.146 - - [17/Mar/2026:14:47:35 -0600] "GET /f45/.htaccess.phpupgrader.a0f99283 HTTP/2.0" 409 83 "https://event.acesolutions-ksa.com/f45/?p=Ahome1Aimmorth6" "Mozilla/5.0 AppleWebKit/537.36 (KHTML, like Gecko; compatible; GPTBot/1.3; +https://openai.com/gptbot)" event.acesolutions-ksa.com 74.220.219.162
74.7.242.19 - - [17/Mar/2026:14:47:35 -0600] "GET /391?edit=1773038872.M773063P2123.box2010.bluehost.com%2CS%3D2343%2CW%3D2408&p=Ahome1Aimmorth6AmailAnew HTTP/1.1" 200 1703 "https://www.event.acesolutions-ksa.com/391?p=Ahome1Aimmorth6AmailAnew" "Mozilla/5.0 AppleWebKit/537.36 (KHTML, like Gecko; compatible; GPTBot/1.3; +https://openai.com/gptbot)" www.event.acesolutions-ksa.com 74.220.219.162
74.7.242.19 - - [17/Mar/2026:14:47:35 -0600] "GET /391?edit=1773038872.M773063P2123.box2010.bluehost.com%2CS%3D2343%2CW%3D2408&p=Ahome1Aimmorth6AmailAnew HTTP/2.0" 200 1703 "https://www.event.acesolutions-ksa.com/391?p=Ahome1Aimmorth6AmailAnew" "Mozilla/5.0 AppleWebKit/537.36 (KHTML, like Gecko; compatible; GPTBot/1.3; +https://openai.com/gptbot)" www.event.acesolutions-ksa.com 74.220.219.162
74.7.242.19 - - [17/Mar/2026:14:47:46 -0600] "GET /390?edit=1773040364.M592672P187002.box2010.bluehost.com%2CS%3D2348%2CW%3D2413&p=Ahome1Aimmorth6AmailAnew HTTP/1.1" 200 1686 "https://www.event.acesolutions-ksa.com/390?p=Ahome1Aimmorth6AmailAnew" "Mozilla/5.0 AppleWebKit/537.36 (KHTML, like Gecko; compatible; GPTBot/1.3; +https://openai.com/gptbot)" www.event.acesolutions-ksa.com 74.220.219.162
74.7.242.19 - - [17/Mar/2026:14:47:46 -0600] "GET /390?edit=1773040364.M592672P187002.box2010.bluehost.com%2CS%3D2348%2CW%3D2413&p=Ahome1Aimmorth6AmailAnew HTTP/2.0" 200 1686 "https://www.event.acesolutions-ksa.com/390?p=Ahome1Aimmorth6AmailAnew" "Mozilla/5.0 AppleWebKit/537.36 (KHTML, like Gecko; compatible; GPTBot/1.3; +https://openai.com/gptbot)" www.event.acesolutions-ksa.com 74.220.219.162
74.7.242.19 - - [17/Mar/2026:14:47:56 -0600] "GET /390?edit=1773034212.M678224P901421.box2010.bluehost.com%2CS%3D2348%2CW%3D2413&p=Ahome1Aimmorth6AmailAnew HTTP/1.1" 200 1645 "https://www.event.acesolutions-ksa.com/390?p=Ahome1Aimmorth6AmailAnew" "Mozilla/5.0 AppleWebKit/537.36 (KHTML, like Gecko; compatible; GPTBot/1.3; +https://openai.com/gptbot)" www.event.acesolutions-ksa.com 74.220.219.162
74.7.242.19 - - [17/Mar/2026:14:47:56 -0600] "GET /390?edit=1773034212.M678224P901421.box2010.bluehost.com%2CS%3D2348%2CW%3D2413&p=Ahome1Aimmorth6AmailAnew HTTP/2.0" 200 1645 "https://www.event.acesolutions-ksa.com/390?p=Ahome1Aimmorth6AmailAnew" "Mozilla/5.0 AppleWebKit/537.36 (KHTML, like Gecko; compatible; GPTBot/1.3; +https://openai.com/gptbot)" www.event.acesolutions-ksa.com 74.220.219.162
74.7.242.19 - - [17/Mar/2026:14:48:07 -0600] "GET /299?edit=1773043908.M814399P647468.box2010.bluehost.com%2CS%3D2343%2CW%3D2408&p=Ahome1Aimmorth6AmailAnew HTTP/1.1" 200 1681 "https://www.event.acesolutions-ksa.com/299?p=Ahome1Aimmorth6AmailAnew" "Mozilla/5.0 AppleWebKit/537.36 (KHTML, like Gecko; compatible; GPTBot/1.3; +https://openai.com/gptbot)" www.event.acesolutions-ksa.com 74.220.219.162
74.7.242.19 - - [17/Mar/2026:14:48:07 -0600] "GET /299?edit=1773043908.M814399P647468.box2010.bluehost.com%2CS%3D2343%2CW%3D2408&p=Ahome1Aimmorth6AmailAnew HTTP/2.0" 200 1681 "https://www.event.acesolutions-ksa.com/299?p=Ahome1Aimmorth6AmailAnew" "Mozilla/5.0 AppleWebKit/537.36 (KHTML, like Gecko; compatible; GPTBot/1.3; +https://openai.com/gptbot)" www.event.acesolutions-ksa.com 74.220.219.162
74.7.242.19 - - [17/Mar/2026:14:48:17 -0600] "GET /649?edit=1750215670.M760952P498528.box2010.bluehost.com%2CS%3D3199%2CW%3D3280%3A2%2C&p=Ahome1Aimmorth6AmailAcur HTTP/1.1" 200 2049 "https://www.event.acesolutions-ksa.com/649?p=Ahome1Aimmorth6AmailAcur" "Mozilla/5.0 AppleWebKit/537.36 (KHTML, like Gecko; compatible; GPTBot/1.3; +https://openai.com/gptbot)" www.event.acesolutions-ksa.com 74.220.219.162
74.7.242.19 - - [17/Mar/2026:14:48:17 -0600] "GET /649?edit=1750215670.M760952P498528.box2010.bluehost.com%2CS%3D3199%2CW%3D3280%3A2%2C&p=Ahome1Aimmorth6AmailAcur HTTP/2.0" 200 2049 "https://www.event.acesolutions-ksa.com/649?p=Ahome1Aimmorth6AmailAcur" "Mozilla/5.0 AppleWebKit/537.36 (KHTML, like Gecko; compatible; GPTBot/1.3; +https://openai.com/gptbot)" www.event.acesolutions-ksa.com 74.220.219.162
74.7.242.19 - - [17/Mar/2026:14:48:28 -0600] "GET /390?edit=1773027425.M917896P542160.box2010.bluehost.com%2CS%3D2343%2CW%3D2408&p=Ahome1Aimmorth6AmailAnew HTTP/1.1" 200 1666 "https://www.event.acesolutions-ksa.com/390?p=Ahome1Aimmorth6AmailAnew" "Mozilla/5.0 AppleWebKit/537.36 (KHTML, like Gecko; compatible; GPTBot/1.3; +https://openai.com/gptbot)" www.event.acesolutions-ksa.com 74.220.219.162
74.7.242.19 - - [17/Mar/2026:14:48:28 -0600] "GET /390?edit=1773027425.M917896P542160.box2010.bluehost.com%2CS%3D2343%2CW%3D2408&p=Ahome1Aimmorth6AmailAnew HTTP/2.0" 200 1666 "https://www.event.acesolutions-ksa.com/390?p=Ahome1Aimmorth6AmailAnew" "Mozilla/5.0 AppleWebKit/537.36 (KHTML, like Gecko; compatible; GPTBot/1.3; +https://openai.com/gptbot)" www.event.acesolutions-ksa.com 74.220.219.162
74.7.242.19 - - [17/Mar/2026:14:48:38 -0600] "GET /391?edit=1773017274.M969031P828751.box2010.bluehost.com%2CS%3D2348%2CW%3D2413&p=Ahome1Aimmorth6AmailAnew HTTP/1.1" 200 1676 "https://www.event.acesolutions-ksa.com/391?p=Ahome1Aimmorth6AmailAnew" "Mozilla/5.0 AppleWebKit/537.36 (KHTML, like Gecko; compatible; GPTBot/1.3; +https://openai.com/gptbot)" www.event.acesolutions-ksa.com 74.220.219.162
74.7.242.19 - - [17/Mar/2026:14:48:38 -0600] "GET /391?edit=1773017274.M969031P828751.box2010.bluehost.com%2CS%3D2348%2CW%3D2413&p=Ahome1Aimmorth6AmailAnew HTTP/2.0" 200 1676 "https://www.event.acesolutions-ksa.com/391?p=Ahome1Aimmorth6AmailAnew" "Mozilla/5.0 AppleWebKit/537.36 (KHTML, like Gecko; compatible; GPTBot/1.3; +https://openai.com/gptbot)" www.event.acesolutions-ksa.com 74.220.219.162
74.7.227.146 - - [17/Mar/2026:14:48:40 -0600] "GET /93b/.htaccess.phpupgrader.a0f99283 HTTP/2.0" 409 83 "https://event.acesolutions-ksa.com/93b/?p=Ahome1Aimmorth6" "Mozilla/5.0 AppleWebKit/537.36 (KHTML, like Gecko; compatible; GPTBot/1.3; +https://openai.com/gptbot)" event.acesolutions-ksa.com 74.220.219.162
74.7.242.19 - - [17/Mar/2026:14:48:49 -0600] "GET /649?edit=1773031089.M418244P728811.box2010.bluehost.com%2CS%3D2343%2CW%3D2408&p=Ahome1Aimmorth6AmailAnew HTTP/1.1" 200 1658 "https://www.event.acesolutions-ksa.com/649?p=Ahome1Aimmorth6AmailAnew" "Mozilla/5.0 AppleWebKit/537.36 (KHTML, like Gecko; compatible; GPTBot/1.3; +https://openai.com/gptbot)" www.event.acesolutions-ksa.com 74.220.219.162
74.7.242.19 - - [17/Mar/2026:14:48:48 -0600] "GET /649?edit=1773031089.M418244P728811.box2010.bluehost.com%2CS%3D2343%2CW%3D2408&p=Ahome1Aimmorth6AmailAnew HTTP/2.0" 200 1658 "https://www.event.acesolutions-ksa.com/649?p=Ahome1Aimmorth6AmailAnew" "Mozilla/5.0 AppleWebKit/537.36 (KHTML, like Gecko; compatible; GPTBot/1.3; +https://openai.com/gptbot)" www.event.acesolutions-ksa.com 74.220.219.162
74.7.242.19 - - [17/Mar/2026:14:48:59 -0600] "GET /299?edit=1773024126.M544098P256026.box2010.bluehost.com%2CS%3D2348%2CW%3D2413&p=Ahome1Aimmorth6AmailAnew HTTP/1.1" 200 1672 "https://www.event.acesolutions-ksa.com/299?p=Ahome1Aimmorth6AmailAnew" "Mozilla/5.0 AppleWebKit/537.36 (KHTML, like Gecko; compatible; GPTBot/1.3; +https://openai.com/gptbot)" www.event.acesolutions-ksa.com 74.220.219.162
74.7.242.19 - - [17/Mar/2026:14:48:59 -0600] "GET /299?edit=1773024126.M544098P256026.box2010.bluehost.com%2CS%3D2348%2CW%3D2413&p=Ahome1Aimmorth6AmailAnew HTTP/2.0" 200 1672 "https://www.event.acesolutions-ksa.com/299?p=Ahome1Aimmorth6AmailAnew" "Mozilla/5.0 AppleWebKit/537.36 (KHTML, like Gecko; compatible; GPTBot/1.3; +https://openai.com/gptbot)" www.event.acesolutions-ksa.com 74.220.219.162
74.7.242.19 - - [17/Mar/2026:14:49:10 -0600] "GET /649?edit=1773016811.M212812P788663.box2010.bluehost.com%2CS%3D2348%2CW%3D2413&p=Ahome1Aimmorth6AmailAnew HTTP/1.1" 200 1683 "https://www.event.acesolutions-ksa.com/649?p=Ahome1Aimmorth6AmailAnew" "Mozilla/5.0 AppleWebKit/537.36 (KHTML, like Gecko; compatible; GPTBot/1.3; +https://openai.com/gptbot)" www.event.acesolutions-ksa.com 74.220.219.162
