216.73.216.97 - - [17/Mar/2026:14:58:51 -0600] "GET /?edit=notifications-2690-rtl.css&p=Ahome1Aimmorth6Apublic_htmlAwebsite_efd5428fAwp-contentApluginsAwordpress-seoAcssAdist HTTP/2.0" 200 5659 "-" "Mozilla/5.0 AppleWebKit/537.36 (KHTML, like Gecko; compatible; ClaudeBot/1.0; +claudebot@anthropic.com)" www.event.acesolutions-ksa.com 74.220.219.162
74.7.242.19 - - [17/Mar/2026:14:58:56 -0600] "GET /299?edit=1773045750.M879541P834072.box2010.bluehost.com%2CS%3D2348%2CW%3D2413&p=Ahome1Aimmorth6AmailAnew HTTP/1.1" 200 1662 "https://www.event.acesolutions-ksa.com/299?p=Ahome1Aimmorth6AmailAnew" "Mozilla/5.0 AppleWebKit/537.36 (KHTML, like Gecko; compatible; GPTBot/1.3; +https://openai.com/gptbot)" www.event.acesolutions-ksa.com 74.220.219.162
74.7.242.19 - - [17/Mar/2026:14:58:56 -0600] "GET /299?edit=1773045750.M879541P834072.box2010.bluehost.com%2CS%3D2348%2CW%3D2413&p=Ahome1Aimmorth6AmailAnew HTTP/2.0" 200 1662 "https://www.event.acesolutions-ksa.com/299?p=Ahome1Aimmorth6AmailAnew" "Mozilla/5.0 AppleWebKit/537.36 (KHTML, like Gecko; compatible; GPTBot/1.3; +https://openai.com/gptbot)" www.event.acesolutions-ksa.com 74.220.219.162
74.7.242.19 - - [17/Mar/2026:14:59:07 -0600] "GET /299?edit=1773024233.M731633P256026.box2010.bluehost.com%2CS%3D2343%2CW%3D2408&p=Ahome1Aimmorth6AmailAnew HTTP/1.1" 200 1690 "https://www.event.acesolutions-ksa.com/299?p=Ahome1Aimmorth6AmailAnew" "Mozilla/5.0 AppleWebKit/537.36 (KHTML, like Gecko; compatible; GPTBot/1.3; +https://openai.com/gptbot)" www.event.acesolutions-ksa.com 74.220.219.162
74.7.242.19 - - [17/Mar/2026:14:59:07 -0600] "GET /299?edit=1773024233.M731633P256026.box2010.bluehost.com%2CS%3D2343%2CW%3D2408&p=Ahome1Aimmorth6AmailAnew HTTP/2.0" 200 1690 "https://www.event.acesolutions-ksa.com/299?p=Ahome1Aimmorth6AmailAnew" "Mozilla/5.0 AppleWebKit/537.36 (KHTML, like Gecko; compatible; GPTBot/1.3; +https://openai.com/gptbot)" www.event.acesolutions-ksa.com 74.220.219.162
74.7.227.146 - - [17/Mar/2026:14:59:13 -0600] "GET /1c5/?p=Ahome1Aimmorth6 HTTP/2.0" 200 64531 "https://event.acesolutions-ksa.com/1c5/" "Mozilla/5.0 AppleWebKit/537.36 (KHTML, like Gecko; compatible; GPTBot/1.3; +https://openai.com/gptbot)" event.acesolutions-ksa.com 74.220.219.162
74.7.242.19 - - [17/Mar/2026:14:59:17 -0600] "GET /649?edit=1773024071.M492144P256026.box2010.bluehost.com%2CS%3D2338%2CW%3D2403&p=Ahome1Aimmorth6AmailAnew HTTP/1.1" 200 1689 "https://www.event.acesolutions-ksa.com/649?p=Ahome1Aimmorth6AmailAnew" "Mozilla/5.0 AppleWebKit/537.36 (KHTML, like Gecko; compatible; GPTBot/1.3; +https://openai.com/gptbot)" www.event.acesolutions-ksa.com 74.220.219.162
74.7.242.19 - - [17/Mar/2026:14:59:17 -0600] "GET /649?edit=1773024071.M492144P256026.box2010.bluehost.com%2CS%3D2338%2CW%3D2403&p=Ahome1Aimmorth6AmailAnew HTTP/2.0" 200 1689 "https://www.event.acesolutions-ksa.com/649?p=Ahome1Aimmorth6AmailAnew" "Mozilla/5.0 AppleWebKit/537.36 (KHTML, like Gecko; compatible; GPTBot/1.3; +https://openai.com/gptbot)" www.event.acesolutions-ksa.com 74.220.219.162
74.7.242.19 - - [17/Mar/2026:14:59:28 -0600] "GET /299?edit=1773025899.M257958P435617.box2010.bluehost.com%2CS%3D2338%2CW%3D2403&p=Ahome1Aimmorth6AmailAnew HTTP/1.1" 200 1674 "https://www.event.acesolutions-ksa.com/299?p=Ahome1Aimmorth6AmailAnew" "Mozilla/5.0 AppleWebKit/537.36 (KHTML, like Gecko; compatible; GPTBot/1.3; +https://openai.com/gptbot)" www.event.acesolutions-ksa.com 74.220.219.162
74.7.242.19 - - [17/Mar/2026:14:59:28 -0600] "GET /299?edit=1773025899.M257958P435617.box2010.bluehost.com%2CS%3D2338%2CW%3D2403&p=Ahome1Aimmorth6AmailAnew HTTP/2.0" 200 1674 "https://www.event.acesolutions-ksa.com/299?p=Ahome1Aimmorth6AmailAnew" "Mozilla/5.0 AppleWebKit/537.36 (KHTML, like Gecko; compatible; GPTBot/1.3; +https://openai.com/gptbot)" www.event.acesolutions-ksa.com 74.220.219.162
74.7.242.19 - - [17/Mar/2026:14:59:39 -0600] "GET /390?edit=1773044678.M920886P647468.box2010.bluehost.com%2CS%3D2348%2CW%3D2413&p=Ahome1Aimmorth6AmailAnew HTTP/1.1" 200 1674 "https://www.event.acesolutions-ksa.com/390?p=Ahome1Aimmorth6AmailAnew" "Mozilla/5.0 AppleWebKit/537.36 (KHTML, like Gecko; compatible; GPTBot/1.3; +https://openai.com/gptbot)" www.event.acesolutions-ksa.com 74.220.219.162
74.7.242.19 - - [17/Mar/2026:14:59:39 -0600] "GET /390?edit=1773044678.M920886P647468.box2010.bluehost.com%2CS%3D2348%2CW%3D2413&p=Ahome1Aimmorth6AmailAnew HTTP/2.0" 200 1674 "https://www.event.acesolutions-ksa.com/390?p=Ahome1Aimmorth6AmailAnew" "Mozilla/5.0 AppleWebKit/537.36 (KHTML, like Gecko; compatible; GPTBot/1.3; +https://openai.com/gptbot)" www.event.acesolutions-ksa.com 74.220.219.162
74.7.227.146 - - [17/Mar/2026:14:59:48 -0600] "GET /98a/?p=Ahome1Aimmorth6 HTTP/2.0" 200 64532 "https://event.acesolutions-ksa.com/98a/" "Mozilla/5.0 AppleWebKit/537.36 (KHTML, like Gecko; compatible; GPTBot/1.3; +https://openai.com/gptbot)" event.acesolutions-ksa.com 74.220.219.162
74.7.242.19 - - [17/Mar/2026:14:59:49 -0600] "GET /316?edit=1773038307.M390933P2123.box2010.bluehost.com%2CS%3D2343%2CW%3D2408&p=Ahome1Aimmorth6AmailAnew HTTP/2.0" 200 1660 "https://www.event.acesolutions-ksa.com/316?p=Ahome1Aimmorth6AmailAnew" "Mozilla/5.0 AppleWebKit/537.36 (KHTML, like Gecko; compatible; GPTBot/1.3; +https://openai.com/gptbot)" www.event.acesolutions-ksa.com 74.220.219.162
74.7.242.19 - - [17/Mar/2026:14:59:49 -0600] "GET /316?edit=1773038307.M390933P2123.box2010.bluehost.com%2CS%3D2343%2CW%3D2408&p=Ahome1Aimmorth6AmailAnew HTTP/1.1" 200 1660 "https://www.event.acesolutions-ksa.com/316?p=Ahome1Aimmorth6AmailAnew" "Mozilla/5.0 AppleWebKit/537.36 (KHTML, like Gecko; compatible; GPTBot/1.3; +https://openai.com/gptbot)" www.event.acesolutions-ksa.com 74.220.219.162
74.220.219.162 - - [17/Mar/2026:14:59:59 -0600] "POST /wp-cron.php?doing_wp_cron=1773781199.6849379539489746093750 HTTP/2.0" 200 - "-" "WordPress/6.9; https://event.acesolutions-ksa.com" event.acesolutions-ksa.com 74.220.219.162
74.7.242.19 - - [17/Mar/2026:14:59:59 -0600] "GET /391?edit=1773024335.M115299P256026.box2010.bluehost.com%2CS%3D2348%2CW%3D2413&p=Ahome1Aimmorth6AmailAnew HTTP/1.1" 200 1682 "https://www.event.acesolutions-ksa.com/391?p=Ahome1Aimmorth6AmailAnew" "Mozilla/5.0 AppleWebKit/537.36 (KHTML, like Gecko; compatible; GPTBot/1.3; +https://openai.com/gptbot)" www.event.acesolutions-ksa.com 74.220.219.162
74.7.242.19 - - [17/Mar/2026:14:59:59 -0600] "GET /391?edit=1773024335.M115299P256026.box2010.bluehost.com%2CS%3D2348%2CW%3D2413&p=Ahome1Aimmorth6AmailAnew HTTP/2.0" 200 1682 "https://www.event.acesolutions-ksa.com/391?p=Ahome1Aimmorth6AmailAnew" "Mozilla/5.0 AppleWebKit/537.36 (KHTML, like Gecko; compatible; GPTBot/1.3; +https://openai.com/gptbot)" www.event.acesolutions-ksa.com 74.220.219.162
74.7.242.19 - - [17/Mar/2026:15:00:10 -0600] "GET /316?edit=1773032138.M376326P728811.box2010.bluehost.com%2CS%3D2348%2CW%3D2413&p=Ahome1Aimmorth6AmailAnew HTTP/1.1" 200 1682 "https://www.event.acesolutions-ksa.com/316?p=Ahome1Aimmorth6AmailAnew" "Mozilla/5.0 AppleWebKit/537.36 (KHTML, like Gecko; compatible; GPTBot/1.3; +https://openai.com/gptbot)" www.event.acesolutions-ksa.com 74.220.219.162
74.7.242.19 - - [17/Mar/2026:15:00:09 -0600] "GET /316?edit=1773032138.M376326P728811.box2010.bluehost.com%2CS%3D2348%2CW%3D2413&p=Ahome1Aimmorth6AmailAnew HTTP/2.0" 200 1682 "https://www.event.acesolutions-ksa.com/316?p=Ahome1Aimmorth6AmailAnew" "Mozilla/5.0 AppleWebKit/537.36 (KHTML, like Gecko; compatible; GPTBot/1.3; +https://openai.com/gptbot)" www.event.acesolutions-ksa.com 74.220.219.162
74.7.227.146 - - [17/Mar/2026:15:00:18 -0600] "GET /98a?p=Ahome1Aimmorth6 HTTP/2.0" 200 64521 "https://www.website-efd5428f.ilq.ypm.mybluehost.me" "Mozilla/5.0 AppleWebKit/537.36 (KHTML, like Gecko; compatible; GPTBot/1.3; +https://openai.com/gptbot)" event.acesolutions-ksa.com 74.220.219.162
74.7.242.19 - - [17/Mar/2026:15:00:20 -0600] "GET /649?edit=1773035369.M775815P945953.box2010.bluehost.com%2CS%3D2348%2CW%3D2413&p=Ahome1Aimmorth6AmailAnew HTTP/1.1" 200 1664 "https://www.event.acesolutions-ksa.com/649?p=Ahome1Aimmorth6AmailAnew" "Mozilla/5.0 AppleWebKit/537.36 (KHTML, like Gecko; compatible; GPTBot/1.3; +https://openai.com/gptbot)" www.event.acesolutions-ksa.com 74.220.219.162
74.7.242.19 - - [17/Mar/2026:15:00:20 -0600] "GET /649?edit=1773035369.M775815P945953.box2010.bluehost.com%2CS%3D2348%2CW%3D2413&p=Ahome1Aimmorth6AmailAnew HTTP/2.0" 200 1664 "https://www.event.acesolutions-ksa.com/649?p=Ahome1Aimmorth6AmailAnew" "Mozilla/5.0 AppleWebKit/537.36 (KHTML, like Gecko; compatible; GPTBot/1.3; +https://openai.com/gptbot)" www.event.acesolutions-ksa.com 74.220.219.162
74.7.242.19 - - [17/Mar/2026:15:00:31 -0600] "GET /316?edit=1773028723.M991209P448681.box2010.bluehost.com%2CS%3D2343%2CW%3D2408&p=Ahome1Aimmorth6AmailAnew HTTP/1.1" 200 1668 "https://www.event.acesolutions-ksa.com/316?p=Ahome1Aimmorth6AmailAnew" "Mozilla/5.0 AppleWebKit/537.36 (KHTML, like Gecko; compatible; GPTBot/1.3; +https://openai.com/gptbot)" www.event.acesolutions-ksa.com 74.220.219.162
74.7.242.19 - - [17/Mar/2026:15:00:31 -0600] "GET /316?edit=1773028723.M991209P448681.box2010.bluehost.com%2CS%3D2343%2CW%3D2408&p=Ahome1Aimmorth6AmailAnew HTTP/2.0" 200 1668 "https://www.event.acesolutions-ksa.com/316?p=Ahome1Aimmorth6AmailAnew" "Mozilla/5.0 AppleWebKit/537.36 (KHTML, like Gecko; compatible; GPTBot/1.3; +https://openai.com/gptbot)" www.event.acesolutions-ksa.com 74.220.219.162
216.73.216.97 - - [17/Mar/2026:15:00:34 -0600] "GET /?edit=modal-2690-rtl.css&p=Ahome1Aimmorth6Apublic_htmlAwebsite_efd5428fAwp-contentApluginsAwordpress-seoAcssAdist HTTP/2.0" 200 3564 "-" "Mozilla/5.0 AppleWebKit/537.36 (KHTML, like Gecko; compatible; ClaudeBot/1.0; +claudebot@anthropic.com)" www.event.acesolutions-ksa.com 74.220.219.162
74.7.242.19 - - [17/Mar/2026:15:00:41 -0600] "GET /316?edit=1773045127.M214971P834072.box2010.bluehost.com%2CS%3D2343%2CW%3D2408&p=Ahome1Aimmorth6AmailAnew HTTP/1.1" 200 1699 "https://www.event.acesolutions-ksa.com/316?p=Ahome1Aimmorth6AmailAnew" "Mozilla/5.0 AppleWebKit/537.36 (KHTML, like Gecko; compatible; GPTBot/1.3; +https://openai.com/gptbot)" www.event.acesolutions-ksa.com 74.220.219.162
74.7.242.19 - - [17/Mar/2026:15:00:41 -0600] "GET /316?edit=1773045127.M214971P834072.box2010.bluehost.com%2CS%3D2343%2CW%3D2408&p=Ahome1Aimmorth6AmailAnew HTTP/2.0" 200 1699 "https://www.event.acesolutions-ksa.com/316?p=Ahome1Aimmorth6AmailAnew" "Mozilla/5.0 AppleWebKit/537.36 (KHTML, like Gecko; compatible; GPTBot/1.3; +https://openai.com/gptbot)" www.event.acesolutions-ksa.com 74.220.219.162
216.73.216.97 - - [17/Mar/2026:15:00:44 -0600] "GET /?edit=alerts-2690.css&p=Ahome1Aimmorth6Apublic_htmlAwebsite_efd5428fAwp-contentApluginsAwordpress-seoAcssAdist HTTP/2.0" 200 1092 "-" "Mozilla/5.0 AppleWebKit/537.36 (KHTML, like Gecko; compatible; ClaudeBot/1.0; +claudebot@anthropic.com)" www.event.acesolutions-ksa.com 74.220.219.162
74.7.227.146 - - [17/Mar/2026:15:00:46 -0600] "GET /ar/1c5/ HTTP/2.0" 200 55327 "https://www.website-efd5428f.ilq.ypm.mybluehost.me" "Mozilla/5.0 AppleWebKit/537.36 (KHTML, like Gecko; compatible; GPTBot/1.3; +https://openai.com/gptbot)" event.acesolutions-ksa.com 74.220.219.162
74.7.242.19 - - [17/Mar/2026:15:00:52 -0600] "GET /391?edit=1773024529.M546471P256026.box2010.bluehost.com%2CS%3D2348%2CW%3D2413&p=Ahome1Aimmorth6AmailAnew HTTP/1.1" 200 1688 "https://www.event.acesolutions-ksa.com/391?p=Ahome1Aimmorth6AmailAnew" "Mozilla/5.0 AppleWebKit/537.36 (KHTML, like Gecko; compatible; GPTBot/1.3; +https://openai.com/gptbot)" www.event.acesolutions-ksa.com 74.220.219.162
74.7.242.19 - - [17/Mar/2026:15:00:52 -0600] "GET /391?edit=1773024529.M546471P256026.box2010.bluehost.com%2CS%3D2348%2CW%3D2413&p=Ahome1Aimmorth6AmailAnew HTTP/2.0" 200 1688 "https://www.event.acesolutions-ksa.com/391?p=Ahome1Aimmorth6AmailAnew" "Mozilla/5.0 AppleWebKit/537.36 (KHTML, like Gecko; compatible; GPTBot/1.3; +https://openai.com/gptbot)" www.event.acesolutions-ksa.com 74.220.219.162
74.7.242.19 - - [17/Mar/2026:15:01:02 -0600] "GET /649?edit=1773016619.M158770P788663.box2010.bluehost.com%2CS%3D2348%2CW%3D2413&p=Ahome1Aimmorth6AmailAnew HTTP/1.1" 200 1676 "https://www.event.acesolutions-ksa.com/649?p=Ahome1Aimmorth6AmailAnew" "Mozilla/5.0 AppleWebKit/537.36 (KHTML, like Gecko; compatible; GPTBot/1.3; +https://openai.com/gptbot)" www.event.acesolutions-ksa.com 74.220.219.162
74.7.242.19 - - [17/Mar/2026:15:01:02 -0600] "GET /649?edit=1773016619.M158770P788663.box2010.bluehost.com%2CS%3D2348%2CW%3D2413&p=Ahome1Aimmorth6AmailAnew HTTP/2.0" 200 1676 "https://www.event.acesolutions-ksa.com/649?p=Ahome1Aimmorth6AmailAnew" "Mozilla/5.0 AppleWebKit/537.36 (KHTML, like Gecko; compatible; GPTBot/1.3; +https://openai.com/gptbot)" www.event.acesolutions-ksa.com 74.220.219.162
74.7.227.146 - - [17/Mar/2026:15:01:10 -0600] "GET /72e/.dns?p=Ahome1 HTTP/2.0" 200 53288 "https://event.acesolutions-ksa.com/72e/.dns" "Mozilla/5.0 AppleWebKit/537.36 (KHTML, like Gecko; compatible; GPTBot/1.3; +https://openai.com/gptbot)" event.acesolutions-ksa.com 74.220.219.162
74.7.242.19 - - [17/Mar/2026:15:01:13 -0600] "GET /316?edit=1773045236.M928647P647468.box2010.bluehost.com%2CS%3D2343%2CW%3D2408&p=Ahome1Aimmorth6AmailAnew HTTP/1.1" 200 1705 "https://www.event.acesolutions-ksa.com/316?p=Ahome1Aimmorth6AmailAnew" "Mozilla/5.0 AppleWebKit/537.36 (KHTML, like Gecko; compatible; GPTBot/1.3; +https://openai.com/gptbot)" www.event.acesolutions-ksa.com 74.220.219.162
74.7.242.19 - - [17/Mar/2026:15:01:12 -0600] "GET /316?edit=1773045236.M928647P647468.box2010.bluehost.com%2CS%3D2343%2CW%3D2408&p=Ahome1Aimmorth6AmailAnew HTTP/2.0" 200 1705 "https://www.event.acesolutions-ksa.com/316?p=Ahome1Aimmorth6AmailAnew" "Mozilla/5.0 AppleWebKit/537.36 (KHTML, like Gecko; compatible; GPTBot/1.3; +https://openai.com/gptbot)" www.event.acesolutions-ksa.com 74.220.219.162
74.7.242.19 - - [17/Mar/2026:15:01:23 -0600] "GET /390?edit=1773035509.M904631P970615.box2010.bluehost.com%2CS%3D2343%2CW%3D2408&p=Ahome1Aimmorth6AmailAnew HTTP/1.1" 200 1672 "https://www.event.acesolutions-ksa.com/390?p=Ahome1Aimmorth6AmailAnew" "Mozilla/5.0 AppleWebKit/537.36 (KHTML, like Gecko; compatible; GPTBot/1.3; +https://openai.com/gptbot)" www.event.acesolutions-ksa.com 74.220.219.162
74.7.242.19 - - [17/Mar/2026:15:01:22 -0600] "GET /390?edit=1773035509.M904631P970615.box2010.bluehost.com%2CS%3D2343%2CW%3D2408&p=Ahome1Aimmorth6AmailAnew HTTP/2.0" 200 1672 "https://www.event.acesolutions-ksa.com/390?p=Ahome1Aimmorth6AmailAnew" "Mozilla/5.0 AppleWebKit/537.36 (KHTML, like Gecko; compatible; GPTBot/1.3; +https://openai.com/gptbot)" www.event.acesolutions-ksa.com 74.220.219.162
74.7.227.146 - - [17/Mar/2026:15:01:32 -0600] "GET /2f1/.dns?p=Ahome1 HTTP/2.0" 200 53289 "https://event.acesolutions-ksa.com/2f1/.dns" "Mozilla/5.0 AppleWebKit/537.36 (KHTML, like Gecko; compatible; GPTBot/1.3; +https://openai.com/gptbot)" event.acesolutions-ksa.com 74.220.219.162
74.7.242.19 - - [17/Mar/2026:15:01:33 -0600] "GET /649?edit=1773041323.M906074P407648.box2010.bluehost.com%2CS%3D2343%2CW%3D2408&p=Ahome1Aimmorth6AmailAnew HTTP/1.1" 200 1667 "https://www.event.acesolutions-ksa.com/649?p=Ahome1Aimmorth6AmailAnew" "Mozilla/5.0 AppleWebKit/537.36 (KHTML, like Gecko; compatible; GPTBot/1.3; +https://openai.com/gptbot)" www.event.acesolutions-ksa.com 74.220.219.162
74.7.242.19 - - [17/Mar/2026:15:01:33 -0600] "GET /649?edit=1773041323.M906074P407648.box2010.bluehost.com%2CS%3D2343%2CW%3D2408&p=Ahome1Aimmorth6AmailAnew HTTP/2.0" 200 1667 "https://www.event.acesolutions-ksa.com/649?p=Ahome1Aimmorth6AmailAnew" "Mozilla/5.0 AppleWebKit/537.36 (KHTML, like Gecko; compatible; GPTBot/1.3; +https://openai.com/gptbot)" www.event.acesolutions-ksa.com 74.220.219.162
216.73.216.97 - - [17/Mar/2026:15:01:42 -0600] "GET /ar.po?p=Ahome1Aimmorth6Apublic_htmlAwebsite_efd5428fAwp-content HTTP/1.1" 200 2262 "-" "Mozilla/5.0 AppleWebKit/537.36 (KHTML, like Gecko; compatible; ClaudeBot/1.0; +claudebot@anthropic.com)" www.event.acesolutions-ksa.com 74.220.219.162
216.73.216.97 - - [17/Mar/2026:15:01:42 -0600] "GET /ar.po?p=Ahome1Aimmorth6Apublic_htmlAwebsite_efd5428fAwp-content HTTP/2.0" 200 2262 "-" "Mozilla/5.0 AppleWebKit/537.36 (KHTML, like Gecko; compatible; ClaudeBot/1.0; +claudebot@anthropic.com)" www.event.acesolutions-ksa.com 74.220.219.162
74.7.242.19 - - [17/Mar/2026:15:01:44 -0600] "GET /391?edit=1773024824.M373936P256026.box2010.bluehost.com%2CS%3D2348%2CW%3D2413&p=Ahome1Aimmorth6AmailAnew HTTP/1.1" 200 1667 "https://www.event.acesolutions-ksa.com/391?p=Ahome1Aimmorth6AmailAnew" "Mozilla/5.0 AppleWebKit/537.36 (KHTML, like Gecko; compatible; GPTBot/1.3; +https://openai.com/gptbot)" www.event.acesolutions-ksa.com 74.220.219.162
74.7.242.19 - - [17/Mar/2026:15:01:44 -0600] "GET /391?edit=1773024824.M373936P256026.box2010.bluehost.com%2CS%3D2348%2CW%3D2413&p=Ahome1Aimmorth6AmailAnew HTTP/2.0" 200 1667 "https://www.event.acesolutions-ksa.com/391?p=Ahome1Aimmorth6AmailAnew" "Mozilla/5.0 AppleWebKit/537.36 (KHTML, like Gecko; compatible; GPTBot/1.3; +https://openai.com/gptbot)" www.event.acesolutions-ksa.com 74.220.219.162
74.7.227.146 - - [17/Mar/2026:15:01:52 -0600] "GET /528/.htaccess.no_htaccess.phpupgrader HTTP/2.0" 409 83 "https://event.acesolutions-ksa.com/528/?p=Ahome1Aimmorth6" "Mozilla/5.0 AppleWebKit/537.36 (KHTML, like Gecko; compatible; GPTBot/1.3; +https://openai.com/gptbot)" event.acesolutions-ksa.com 74.220.219.162
74.7.242.19 - - [17/Mar/2026:15:01:54 -0600] "GET /649?edit=1773016763.M789885P788663.box2010.bluehost.com%2CS%3D2343%2CW%3D2408&p=Ahome1Aimmorth6AmailAnew HTTP/1.1" 200 1692 "https://www.event.acesolutions-ksa.com/649?p=Ahome1Aimmorth6AmailAnew" "Mozilla/5.0 AppleWebKit/537.36 (KHTML, like Gecko; compatible; GPTBot/1.3; +https://openai.com/gptbot)" www.event.acesolutions-ksa.com 74.220.219.162
74.7.242.19 - - [17/Mar/2026:15:01:54 -0600] "GET /649?edit=1773016763.M789885P788663.box2010.bluehost.com%2CS%3D2343%2CW%3D2408&p=Ahome1Aimmorth6AmailAnew HTTP/2.0" 200 1692 "https://www.event.acesolutions-ksa.com/649?p=Ahome1Aimmorth6AmailAnew" "Mozilla/5.0 AppleWebKit/537.36 (KHTML, like Gecko; compatible; GPTBot/1.3; +https://openai.com/gptbot)" www.event.acesolutions-ksa.com 74.220.219.162
74.220.219.162 - - [17/Mar/2026:15:02:05 -0600] "POST /wp-cron.php?doing_wp_cron=1773781325.4371080398559570312500 HTTP/2.0" 200 - "-" "WordPress/6.9; https://event.acesolutions-ksa.com" event.acesolutions-ksa.com 74.220.219.162
74.7.242.19 - - [17/Mar/2026:15:02:05 -0600] "GET /391?edit=1773023112.M121223P256026.box2010.bluehost.com%2CS%3D2348%2CW%3D2413&p=Ahome1Aimmorth6AmailAnew HTTP/1.1" 200 1685 "https://www.event.acesolutions-ksa.com/391?p=Ahome1Aimmorth6AmailAnew" "Mozilla/5.0 AppleWebKit/537.36 (KHTML, like Gecko; compatible; GPTBot/1.3; +https://openai.com/gptbot)" www.event.acesolutions-ksa.com 74.220.219.162
74.7.242.19 - - [17/Mar/2026:15:02:05 -0600] "GET /391?edit=1773023112.M121223P256026.box2010.bluehost.com%2CS%3D2348%2CW%3D2413&p=Ahome1Aimmorth6AmailAnew HTTP/2.0" 200 1685 "https://www.event.acesolutions-ksa.com/391?p=Ahome1Aimmorth6AmailAnew" "Mozilla/5.0 AppleWebKit/537.36 (KHTML, like Gecko; compatible; GPTBot/1.3; +https://openai.com/gptbot)" www.event.acesolutions-ksa.com 74.220.219.162
74.7.227.146 - - [17/Mar/2026:15:02:10 -0600] "GET /528/immorth6_wearmoda.1638377192.sql HTTP/2.0" 406 226 "https://event.acesolutions-ksa.com/528/?p=Ahome1Aimmorth6" "Mozilla/5.0 AppleWebKit/537.36 (KHTML, like Gecko; compatible; GPTBot/1.3; +https://openai.com/gptbot)" event.acesolutions-ksa.com 74.220.219.162
74.7.242.19 - - [17/Mar/2026:15:02:15 -0600] "GET /390?edit=1773033007.M181261P849584.box2010.bluehost.com%2CS%3D2348%2CW%3D2413&p=Ahome1Aimmorth6AmailAnew HTTP/1.1" 200 1698 "https://www.event.acesolutions-ksa.com/390?p=Ahome1Aimmorth6AmailAnew" "Mozilla/5.0 AppleWebKit/537.36 (KHTML, like Gecko; compatible; GPTBot/1.3; +https://openai.com/gptbot)" www.event.acesolutions-ksa.com 74.220.219.162
74.7.242.19 - - [17/Mar/2026:15:02:15 -0600] "GET /390?edit=1773033007.M181261P849584.box2010.bluehost.com%2CS%3D2348%2CW%3D2413&p=Ahome1Aimmorth6AmailAnew HTTP/2.0" 200 1698 "https://www.event.acesolutions-ksa.com/390?p=Ahome1Aimmorth6AmailAnew" "Mozilla/5.0 AppleWebKit/537.36 (KHTML, like Gecko; compatible; GPTBot/1.3; +https://openai.com/gptbot)" www.event.acesolutions-ksa.com 74.220.219.162
74.7.242.19 - - [17/Mar/2026:15:02:25 -0600] "GET /316?edit=1773031172.M750622P728811.box2010.bluehost.com%2CS%3D2343%2CW%3D2408&p=Ahome1Aimmorth6AmailAnew HTTP/1.1" 200 1686 "https://www.event.acesolutions-ksa.com/316?p=Ahome1Aimmorth6AmailAnew" "Mozilla/5.0 AppleWebKit/537.36 (KHTML, like Gecko; compatible; GPTBot/1.3; +https://openai.com/gptbot)" www.event.acesolutions-ksa.com 74.220.219.162
74.7.242.19 - - [17/Mar/2026:15:02:25 -0600] "GET /316?edit=1773031172.M750622P728811.box2010.bluehost.com%2CS%3D2343%2CW%3D2408&p=Ahome1Aimmorth6AmailAnew HTTP/2.0" 200 1686 "https://www.event.acesolutions-ksa.com/316?p=Ahome1Aimmorth6AmailAnew" "Mozilla/5.0 AppleWebKit/537.36 (KHTML, like Gecko; compatible; GPTBot/1.3; +https://openai.com/gptbot)" www.event.acesolutions-ksa.com 74.220.219.162
74.7.242.19 - - [17/Mar/2026:15:02:35 -0600] "GET /299?edit=1773025979.M774367P435617.box2010.bluehost.com%2CS%3D2343%2CW%3D2408&p=Ahome1Aimmorth6AmailAnew HTTP/1.1" 200 1679 "https://www.event.acesolutions-ksa.com/299?p=Ahome1Aimmorth6AmailAnew" "Mozilla/5.0 AppleWebKit/537.36 (KHTML, like Gecko; compatible; GPTBot/1.3; +https://openai.com/gptbot)" www.event.acesolutions-ksa.com 74.220.219.162
74.7.242.19 - - [17/Mar/2026:15:02:35 -0600] "GET /299?edit=1773025979.M774367P435617.box2010.bluehost.com%2CS%3D2343%2CW%3D2408&p=Ahome1Aimmorth6AmailAnew HTTP/2.0" 200 1679 "https://www.event.acesolutions-ksa.com/299?p=Ahome1Aimmorth6AmailAnew" "Mozilla/5.0 AppleWebKit/537.36 (KHTML, like Gecko; compatible; GPTBot/1.3; +https://openai.com/gptbot)" www.event.acesolutions-ksa.com 74.220.219.162
74.7.242.19 - - [17/Mar/2026:15:02:45 -0600] "GET /391?edit=1773045003.M415767P647468.box2010.bluehost.com%2CS%3D2348%2CW%3D2413&p=Ahome1Aimmorth6AmailAnew HTTP/1.1" 200 1692 "https://www.event.acesolutions-ksa.com/391?p=Ahome1Aimmorth6AmailAnew" "Mozilla/5.0 AppleWebKit/537.36 (KHTML, like Gecko; compatible; GPTBot/1.3; +https://openai.com/gptbot)" www.event.acesolutions-ksa.com 74.220.219.162
74.7.242.19 - - [17/Mar/2026:15:02:45 -0600] "GET /391?edit=1773045003.M415767P647468.box2010.bluehost.com%2CS%3D2348%2CW%3D2413&p=Ahome1Aimmorth6AmailAnew HTTP/2.0" 200 1692 "https://www.event.acesolutions-ksa.com/391?p=Ahome1Aimmorth6AmailAnew" "Mozilla/5.0 AppleWebKit/537.36 (KHTML, like Gecko; compatible; GPTBot/1.3; +https://openai.com/gptbot)" www.event.acesolutions-ksa.com 74.220.219.162
74.7.242.19 - - [17/Mar/2026:15:02:56 -0600] "GET /390?edit=1773036692.M760627P2123.box2010.bluehost.com%2CS%3D2348%2CW%3D2413&p=Ahome1Aimmorth6AmailAnew HTTP/1.1" 200 1677 "https://www.event.acesolutions-ksa.com/390?p=Ahome1Aimmorth6AmailAnew" "Mozilla/5.0 AppleWebKit/537.36 (KHTML, like Gecko; compatible; GPTBot/1.3; +https://openai.com/gptbot)" www.event.acesolutions-ksa.com 74.220.219.162
74.7.242.19 - - [17/Mar/2026:15:02:56 -0600] "GET /390?edit=1773036692.M760627P2123.box2010.bluehost.com%2CS%3D2348%2CW%3D2413&p=Ahome1Aimmorth6AmailAnew HTTP/2.0" 200 1677 "https://www.event.acesolutions-ksa.com/390?p=Ahome1Aimmorth6AmailAnew" "Mozilla/5.0 AppleWebKit/537.36 (KHTML, like Gecko; compatible; GPTBot/1.3; +https://openai.com/gptbot)" www.event.acesolutions-ksa.com 74.220.219.162
74.7.227.146 - - [17/Mar/2026:15:03:01 -0600] "GET /528/immorth6_wearmoda.1616344659.sql HTTP/2.0" 406 226 "https://event.acesolutions-ksa.com/528/?p=Ahome1Aimmorth6" "Mozilla/5.0 AppleWebKit/537.36 (KHTML, like Gecko; compatible; GPTBot/1.3; +https://openai.com/gptbot)" event.acesolutions-ksa.com 74.220.219.162
74.7.242.19 - - [17/Mar/2026:15:03:06 -0600] "GET /299?edit=1773024553.M747624P256026.box2010.bluehost.com%2CS%3D2343%2CW%3D2408&p=Ahome1Aimmorth6AmailAnew HTTP/1.1" 200 1691 "https://www.event.acesolutions-ksa.com/299?p=Ahome1Aimmorth6AmailAnew" "Mozilla/5.0 AppleWebKit/537.36 (KHTML, like Gecko; compatible; GPTBot/1.3; +https://openai.com/gptbot)" www.event.acesolutions-ksa.com 74.220.219.162
74.7.242.19 - - [17/Mar/2026:15:03:06 -0600] "GET /299?edit=1773024553.M747624P256026.box2010.bluehost.com%2CS%3D2343%2CW%3D2408&p=Ahome1Aimmorth6AmailAnew HTTP/2.0" 200 1691 "https://www.event.acesolutions-ksa.com/299?p=Ahome1Aimmorth6AmailAnew" "Mozilla/5.0 AppleWebKit/537.36 (KHTML, like Gecko; compatible; GPTBot/1.3; +https://openai.com/gptbot)" www.event.acesolutions-ksa.com 74.220.219.162
74.7.242.19 - - [17/Mar/2026:15:03:17 -0600] "GET /649?edit=1773031479.M741939P728811.box2010.bluehost.com%2CS%3D2343%2CW%3D2408&p=Ahome1Aimmorth6AmailAnew HTTP/1.1" 200 1678 "https://www.event.acesolutions-ksa.com/649?p=Ahome1Aimmorth6AmailAnew" "Mozilla/5.0 AppleWebKit/537.36 (KHTML, like Gecko; compatible; GPTBot/1.3; +https://openai.com/gptbot)" www.event.acesolutions-ksa.com 74.220.219.162
74.7.242.19 - - [17/Mar/2026:15:03:17 -0600] "GET /649?edit=1773031479.M741939P728811.box2010.bluehost.com%2CS%3D2343%2CW%3D2408&p=Ahome1Aimmorth6AmailAnew HTTP/2.0" 200 1678 "https://www.event.acesolutions-ksa.com/649?p=Ahome1Aimmorth6AmailAnew" "Mozilla/5.0 AppleWebKit/537.36 (KHTML, like Gecko; compatible; GPTBot/1.3; +https://openai.com/gptbot)" www.event.acesolutions-ksa.com 74.220.219.162
74.7.242.19 - - [17/Mar/2026:15:03:27 -0600] "GET /391?edit=1773031847.M530718P728811.box2010.bluehost.com%2CS%3D2348%2CW%3D2413&p=Ahome1Aimmorth6AmailAnew HTTP/1.1" 200 1687 "https://www.event.acesolutions-ksa.com/391?p=Ahome1Aimmorth6AmailAnew" "Mozilla/5.0 AppleWebKit/537.36 (KHTML, like Gecko; compatible; GPTBot/1.3; +https://openai.com/gptbot)" www.event.acesolutions-ksa.com 74.220.219.162
74.7.242.19 - - [17/Mar/2026:15:03:27 -0600] "GET /391?edit=1773031847.M530718P728811.box2010.bluehost.com%2CS%3D2348%2CW%3D2413&p=Ahome1Aimmorth6AmailAnew HTTP/2.0" 200 1687 "https://www.event.acesolutions-ksa.com/391?p=Ahome1Aimmorth6AmailAnew" "Mozilla/5.0 AppleWebKit/537.36 (KHTML, like Gecko; compatible; GPTBot/1.3; +https://openai.com/gptbot)" www.event.acesolutions-ksa.com 74.220.219.162
74.7.242.19 - - [17/Mar/2026:15:03:37 -0600] "GET /391?edit=1773025875.M707079P435617.box2010.bluehost.com%2CS%3D2348%2CW%3D2413&p=Ahome1Aimmorth6AmailAnew HTTP/1.1" 200 1698 "https://www.event.acesolutions-ksa.com/391?p=Ahome1Aimmorth6AmailAnew" "Mozilla/5.0 AppleWebKit/537.36 (KHTML, like Gecko; compatible; GPTBot/1.3; +https://openai.com/gptbot)" www.event.acesolutions-ksa.com 74.220.219.162
74.7.242.19 - - [17/Mar/2026:15:03:37 -0600] "GET /391?edit=1773025875.M707079P435617.box2010.bluehost.com%2CS%3D2348%2CW%3D2413&p=Ahome1Aimmorth6AmailAnew HTTP/2.0" 200 1698 "https://www.event.acesolutions-ksa.com/391?p=Ahome1Aimmorth6AmailAnew" "Mozilla/5.0 AppleWebKit/537.36 (KHTML, like Gecko; compatible; GPTBot/1.3; +https://openai.com/gptbot)" www.event.acesolutions-ksa.com 74.220.219.162
74.7.242.19 - - [17/Mar/2026:15:03:48 -0600] "GET /649?edit=1773045746.M399109P834072.box2010.bluehost.com%2CS%3D2343%2CW%3D2408&p=Ahome1Aimmorth6AmailAnew HTTP/1.1" 200 1692 "https://www.event.acesolutions-ksa.com/649?p=Ahome1Aimmorth6AmailAnew" "Mozilla/5.0 AppleWebKit/537.36 (KHTML, like Gecko; compatible; GPTBot/1.3; +https://openai.com/gptbot)" www.event.acesolutions-ksa.com 74.220.219.162
74.7.242.19 - - [17/Mar/2026:15:03:48 -0600] "GET /649?edit=1773045746.M399109P834072.box2010.bluehost.com%2CS%3D2343%2CW%3D2408&p=Ahome1Aimmorth6AmailAnew HTTP/2.0" 200 1692 "https://www.event.acesolutions-ksa.com/649?p=Ahome1Aimmorth6AmailAnew" "Mozilla/5.0 AppleWebKit/537.36 (KHTML, like Gecko; compatible; GPTBot/1.3; +https://openai.com/gptbot)" www.event.acesolutions-ksa.com 74.220.219.162
74.7.227.146 - - [17/Mar/2026:15:03:57 -0600] "GET /528/.dns HTTP/2.0" 200 54055 "https://event.acesolutions-ksa.com/528/?p=Ahome1Aimmorth6" "Mozilla/5.0 AppleWebKit/537.36 (KHTML, like Gecko; compatible; GPTBot/1.3; +https://openai.com/gptbot)" event.acesolutions-ksa.com 74.220.219.162
74.7.242.19 - - [17/Mar/2026:15:03:58 -0600] "GET /390?edit=1773045062.M212435P834072.box2010.bluehost.com%2CS%3D2348%2CW%3D2413&p=Ahome1Aimmorth6AmailAnew HTTP/1.1" 200 1712 "https://www.event.acesolutions-ksa.com/390?p=Ahome1Aimmorth6AmailAnew" "Mozilla/5.0 AppleWebKit/537.36 (KHTML, like Gecko; compatible; GPTBot/1.3; +https://openai.com/gptbot)" www.event.acesolutions-ksa.com 74.220.219.162
74.7.242.19 - - [17/Mar/2026:15:03:58 -0600] "GET /390?edit=1773045062.M212435P834072.box2010.bluehost.com%2CS%3D2348%2CW%3D2413&p=Ahome1Aimmorth6AmailAnew HTTP/2.0" 200 1712 "https://www.event.acesolutions-ksa.com/390?p=Ahome1Aimmorth6AmailAnew" "Mozilla/5.0 AppleWebKit/537.36 (KHTML, like Gecko; compatible; GPTBot/1.3; +https://openai.com/gptbot)" www.event.acesolutions-ksa.com 74.220.219.162
74.220.219.162 - - [17/Mar/2026:15:04:09 -0600] "POST /wp-cron.php?doing_wp_cron=1773781449.6699330806732177734375 HTTP/2.0" 200 - "-" "WordPress/6.9; https://event.acesolutions-ksa.com" event.acesolutions-ksa.com 74.220.219.162
74.7.242.19 - - [17/Mar/2026:15:04:09 -0600] "GET /316?edit=1773035474.M881227P970615.box2010.bluehost.com%2CS%3D2348%2CW%3D2413&p=Ahome1Aimmorth6AmailAnew HTTP/1.1" 200 1657 "https://www.event.acesolutions-ksa.com/316?p=Ahome1Aimmorth6AmailAnew" "Mozilla/5.0 AppleWebKit/537.36 (KHTML, like Gecko; compatible; GPTBot/1.3; +https://openai.com/gptbot)" www.event.acesolutions-ksa.com 74.220.219.162
74.7.242.19 - - [17/Mar/2026:15:04:09 -0600] "GET /316?edit=1773035474.M881227P970615.box2010.bluehost.com%2CS%3D2348%2CW%3D2413&p=Ahome1Aimmorth6AmailAnew HTTP/2.0" 200 1657 "https://www.event.acesolutions-ksa.com/316?p=Ahome1Aimmorth6AmailAnew" "Mozilla/5.0 AppleWebKit/537.36 (KHTML, like Gecko; compatible; GPTBot/1.3; +https://openai.com/gptbot)" www.event.acesolutions-ksa.com 74.220.219.162
74.7.242.19 - - [17/Mar/2026:15:04:19 -0600] "GET /299?edit=1773033458.M998165P849584.box2010.bluehost.com%2CS%3D2348%2CW%3D2413&p=Ahome1Aimmorth6AmailAnew HTTP/1.1" 200 1695 "https://www.event.acesolutions-ksa.com/299?p=Ahome1Aimmorth6AmailAnew" "Mozilla/5.0 AppleWebKit/537.36 (KHTML, like Gecko; compatible; GPTBot/1.3; +https://openai.com/gptbot)" www.event.acesolutions-ksa.com 74.220.219.162
74.7.242.19 - - [17/Mar/2026:15:04:19 -0600] "GET /299?edit=1773033458.M998165P849584.box2010.bluehost.com%2CS%3D2348%2CW%3D2413&p=Ahome1Aimmorth6AmailAnew HTTP/2.0" 200 1695 "https://www.event.acesolutions-ksa.com/299?p=Ahome1Aimmorth6AmailAnew" "Mozilla/5.0 AppleWebKit/537.36 (KHTML, like Gecko; compatible; GPTBot/1.3; +https://openai.com/gptbot)" www.event.acesolutions-ksa.com 74.220.219.162
74.7.242.19 - - [17/Mar/2026:15:04:30 -0600] "GET /299?edit=1773022994.M654581P256026.box2010.bluehost.com%2CS%3D2343%2CW%3D2408&p=Ahome1Aimmorth6AmailAnew HTTP/1.1" 200 1696 "https://www.event.acesolutions-ksa.com/299?p=Ahome1Aimmorth6AmailAnew" "Mozilla/5.0 AppleWebKit/537.36 (KHTML, like Gecko; compatible; GPTBot/1.3; +https://openai.com/gptbot)" www.event.acesolutions-ksa.com 74.220.219.162
74.7.242.19 - - [17/Mar/2026:15:04:30 -0600] "GET /299?edit=1773022994.M654581P256026.box2010.bluehost.com%2CS%3D2343%2CW%3D2408&p=Ahome1Aimmorth6AmailAnew HTTP/2.0" 200 1696 "https://www.event.acesolutions-ksa.com/299?p=Ahome1Aimmorth6AmailAnew" "Mozilla/5.0 AppleWebKit/537.36 (KHTML, like Gecko; compatible; GPTBot/1.3; +https://openai.com/gptbot)" www.event.acesolutions-ksa.com 74.220.219.162
74.7.242.19 - - [17/Mar/2026:15:04:40 -0600] "GET /391?edit=1773023011.M876761P256026.box2010.bluehost.com%2CS%3D2343%2CW%3D2408&p=Ahome1Aimmorth6AmailAnew HTTP/1.1" 200 1666 "https://www.event.acesolutions-ksa.com/391?p=Ahome1Aimmorth6AmailAnew" "Mozilla/5.0 AppleWebKit/537.36 (KHTML, like Gecko; compatible; GPTBot/1.3; +https://openai.com/gptbot)" www.event.acesolutions-ksa.com 74.220.219.162
74.7.242.19 - - [17/Mar/2026:15:04:40 -0600] "GET /391?edit=1773023011.M876761P256026.box2010.bluehost.com%2CS%3D2343%2CW%3D2408&p=Ahome1Aimmorth6AmailAnew HTTP/2.0" 200 1666 "https://www.event.acesolutions-ksa.com/391?p=Ahome1Aimmorth6AmailAnew" "Mozilla/5.0 AppleWebKit/537.36 (KHTML, like Gecko; compatible; GPTBot/1.3; +https://openai.com/gptbot)" www.event.acesolutions-ksa.com 74.220.219.162
74.7.242.19 - - [17/Mar/2026:15:04:51 -0600] "GET /316?edit=1773044895.M939101P647468.box2010.bluehost.com%2CS%3D2348%2CW%3D2413&p=Ahome1Aimmorth6AmailAnew HTTP/1.1" 200 1657 "https://www.event.acesolutions-ksa.com/316?p=Ahome1Aimmorth6AmailAnew" "Mozilla/5.0 AppleWebKit/537.36 (KHTML, like Gecko; compatible; GPTBot/1.3; +https://openai.com/gptbot)" www.event.acesolutions-ksa.com 74.220.219.162
74.7.242.19 - - [17/Mar/2026:15:04:51 -0600] "GET /316?edit=1773044895.M939101P647468.box2010.bluehost.com%2CS%3D2348%2CW%3D2413&p=Ahome1Aimmorth6AmailAnew HTTP/2.0" 200 1657 "https://www.event.acesolutions-ksa.com/316?p=Ahome1Aimmorth6AmailAnew" "Mozilla/5.0 AppleWebKit/537.36 (KHTML, like Gecko; compatible; GPTBot/1.3; +https://openai.com/gptbot)" www.event.acesolutions-ksa.com 74.220.219.162
74.7.227.146 - - [17/Mar/2026:15:04:52 -0600] "GET /1c5?p=Ahome1Aimmorth6AsyriansharksIcom HTTP/2.0" 200 53889 "https://event.acesolutions-ksa.com/1c5?p=Ahome1Aimmorth6" "Mozilla/5.0 AppleWebKit/537.36 (KHTML, like Gecko; compatible; GPTBot/1.3; +https://openai.com/gptbot)" event.acesolutions-ksa.com 74.220.219.162
74.7.242.19 - - [17/Mar/2026:15:05:02 -0600] "GET /391?edit=1773045152.M993659P647468.box2010.bluehost.com%2CS%3D2348%2CW%3D2413&p=Ahome1Aimmorth6AmailAnew HTTP/2.0" 200 1679 "https://www.event.acesolutions-ksa.com/391?p=Ahome1Aimmorth6AmailAnew" "Mozilla/5.0 AppleWebKit/537.36 (KHTML, like Gecko; compatible; GPTBot/1.3; +https://openai.com/gptbot)" www.event.acesolutions-ksa.com 74.220.219.162
74.7.242.19 - - [17/Mar/2026:15:05:02 -0600] "GET /391?edit=1773045152.M993659P647468.box2010.bluehost.com%2CS%3D2348%2CW%3D2413&p=Ahome1Aimmorth6AmailAnew HTTP/1.1" 200 1679 "https://www.event.acesolutions-ksa.com/391?p=Ahome1Aimmorth6AmailAnew" "Mozilla/5.0 AppleWebKit/537.36 (KHTML, like Gecko; compatible; GPTBot/1.3; +https://openai.com/gptbot)" www.event.acesolutions-ksa.com 74.220.219.162
74.7.242.19 - - [17/Mar/2026:15:05:12 -0600] "GET /391?edit=1773045151.M407930P834072.box2010.bluehost.com%2CS%3D2343%2CW%3D2408&p=Ahome1Aimmorth6AmailAnew HTTP/1.1" 200 1718 "https://www.event.acesolutions-ksa.com/391?p=Ahome1Aimmorth6AmailAnew" "Mozilla/5.0 AppleWebKit/537.36 (KHTML, like Gecko; compatible; GPTBot/1.3; +https://openai.com/gptbot)" www.event.acesolutions-ksa.com 74.220.219.162
74.7.242.19 - - [17/Mar/2026:15:05:12 -0600] "GET /391?edit=1773045151.M407930P834072.box2010.bluehost.com%2CS%3D2343%2CW%3D2408&p=Ahome1Aimmorth6AmailAnew HTTP/2.0" 200 1718 "https://www.event.acesolutions-ksa.com/391?p=Ahome1Aimmorth6AmailAnew" "Mozilla/5.0 AppleWebKit/537.36 (KHTML, like Gecko; compatible; GPTBot/1.3; +https://openai.com/gptbot)" www.event.acesolutions-ksa.com 74.220.219.162
74.7.242.19 - - [17/Mar/2026:15:05:23 -0600] "GET /316?edit=1773045010.M142858P834072.box2010.bluehost.com%2CS%3D2348%2CW%3D2413&p=Ahome1Aimmorth6AmailAnew HTTP/1.1" 200 1700 "https://www.event.acesolutions-ksa.com/316?p=Ahome1Aimmorth6AmailAnew" "Mozilla/5.0 AppleWebKit/537.36 (KHTML, like Gecko; compatible; GPTBot/1.3; +https://openai.com/gptbot)" www.event.acesolutions-ksa.com 74.220.219.162
74.7.242.19 - - [17/Mar/2026:15:05:23 -0600] "GET /316?edit=1773045010.M142858P834072.box2010.bluehost.com%2CS%3D2348%2CW%3D2413&p=Ahome1Aimmorth6AmailAnew HTTP/2.0" 200 1700 "https://www.event.acesolutions-ksa.com/316?p=Ahome1Aimmorth6AmailAnew" "Mozilla/5.0 AppleWebKit/537.36 (KHTML, like Gecko; compatible; GPTBot/1.3; +https://openai.com/gptbot)" www.event.acesolutions-ksa.com 74.220.219.162
74.7.242.19 - - [17/Mar/2026:15:05:34 -0600] "GET /316?edit=1773028017.M134494P448681.box2010.bluehost.com%2CS%3D2348%2CW%3D2413&p=Ahome1Aimmorth6AmailAnew HTTP/1.1" 200 1680 "https://www.event.acesolutions-ksa.com/316?p=Ahome1Aimmorth6AmailAnew" "Mozilla/5.0 AppleWebKit/537.36 (KHTML, like Gecko; compatible; GPTBot/1.3; +https://openai.com/gptbot)" www.event.acesolutions-ksa.com 74.220.219.162
74.7.242.19 - - [17/Mar/2026:15:05:34 -0600] "GET /316?edit=1773028017.M134494P448681.box2010.bluehost.com%2CS%3D2348%2CW%3D2413&p=Ahome1Aimmorth6AmailAnew HTTP/2.0" 200 1680 "https://www.event.acesolutions-ksa.com/316?p=Ahome1Aimmorth6AmailAnew" "Mozilla/5.0 AppleWebKit/537.36 (KHTML, like Gecko; compatible; GPTBot/1.3; +https://openai.com/gptbot)" www.event.acesolutions-ksa.com 74.220.219.162
74.7.227.146 - - [17/Mar/2026:15:05:41 -0600] "GET /1c5/.htaccess.no_htaccess.phpupgrader HTTP/2.0" 409 83 "https://event.acesolutions-ksa.com/1c5/?p=Ahome1Aimmorth6" "Mozilla/5.0 AppleWebKit/537.36 (KHTML, like Gecko; compatible; GPTBot/1.3; +https://openai.com/gptbot)" event.acesolutions-ksa.com 74.220.219.162
74.7.242.19 - - [17/Mar/2026:15:05:44 -0600] "GET /316?edit=1773034151.M371208P901421.box2010.bluehost.com%2CS%3D2343%2CW%3D2408&p=Ahome1Aimmorth6AmailAnew HTTP/1.1" 200 1677 "https://www.event.acesolutions-ksa.com/316?p=Ahome1Aimmorth6AmailAnew" "Mozilla/5.0 AppleWebKit/537.36 (KHTML, like Gecko; compatible; GPTBot/1.3; +https://openai.com/gptbot)" www.event.acesolutions-ksa.com 74.220.219.162
74.7.242.19 - - [17/Mar/2026:15:05:44 -0600] "GET /316?edit=1773034151.M371208P901421.box2010.bluehost.com%2CS%3D2343%2CW%3D2408&p=Ahome1Aimmorth6AmailAnew HTTP/2.0" 200 1677 "https://www.event.acesolutions-ksa.com/316?p=Ahome1Aimmorth6AmailAnew" "Mozilla/5.0 AppleWebKit/537.36 (KHTML, like Gecko; compatible; GPTBot/1.3; +https://openai.com/gptbot)" www.event.acesolutions-ksa.com 74.220.219.162
74.7.242.19 - - [17/Mar/2026:15:05:55 -0600] "GET /299?edit=1773016956.M624998P788663.box2010.bluehost.com%2CS%3D2348%2CW%3D2413&p=Ahome1Aimmorth6AmailAnew HTTP/1.1" 200 1668 "https://www.event.acesolutions-ksa.com/299?p=Ahome1Aimmorth6AmailAnew" "Mozilla/5.0 AppleWebKit/537.36 (KHTML, like Gecko; compatible; GPTBot/1.3; +https://openai.com/gptbot)" www.event.acesolutions-ksa.com 74.220.219.162
74.7.242.19 - - [17/Mar/2026:15:05:55 -0600] "GET /299?edit=1773016956.M624998P788663.box2010.bluehost.com%2CS%3D2348%2CW%3D2413&p=Ahome1Aimmorth6AmailAnew HTTP/2.0" 200 1668 "https://www.event.acesolutions-ksa.com/299?p=Ahome1Aimmorth6AmailAnew" "Mozilla/5.0 AppleWebKit/537.36 (KHTML, like Gecko; compatible; GPTBot/1.3; +https://openai.com/gptbot)" www.event.acesolutions-ksa.com 74.220.219.162
74.7.242.19 - - [17/Mar/2026:15:06:05 -0600] "GET /316?edit=1773042477.M532420P187002.box2010.bluehost.com%2CS%3D2343%2CW%3D2408&p=Ahome1Aimmorth6AmailAnew HTTP/1.1" 200 1684 "https://www.event.acesolutions-ksa.com/316?p=Ahome1Aimmorth6AmailAnew" "Mozilla/5.0 AppleWebKit/537.36 (KHTML, like Gecko; compatible; GPTBot/1.3; +https://openai.com/gptbot)" www.event.acesolutions-ksa.com 74.220.219.162
74.7.242.19 - - [17/Mar/2026:15:06:05 -0600] "GET /316?edit=1773042477.M532420P187002.box2010.bluehost.com%2CS%3D2343%2CW%3D2408&p=Ahome1Aimmorth6AmailAnew HTTP/2.0" 200 1684 "https://www.event.acesolutions-ksa.com/316?p=Ahome1Aimmorth6AmailAnew" "Mozilla/5.0 AppleWebKit/537.36 (KHTML, like Gecko; compatible; GPTBot/1.3; +https://openai.com/gptbot)" www.event.acesolutions-ksa.com 74.220.219.162
74.220.219.162 - - [17/Mar/2026:15:06:16 -0600] "POST /wp-cron.php?doing_wp_cron=1773781576.6360449790954589843750 HTTP/2.0" 200 - "-" "WordPress/6.9; https://event.acesolutions-ksa.com" event.acesolutions-ksa.com 74.220.219.162
74.7.242.19 - - [17/Mar/2026:15:06:16 -0600] "GET /390?edit=1773031049.M826623P728811.box2010.bluehost.com%2CS%3D2343%2CW%3D2408&p=Ahome1Aimmorth6AmailAnew HTTP/1.1" 200 1679 "https://www.event.acesolutions-ksa.com/390?p=Ahome1Aimmorth6AmailAnew" "Mozilla/5.0 AppleWebKit/537.36 (KHTML, like Gecko; compatible; GPTBot/1.3; +https://openai.com/gptbot)" www.event.acesolutions-ksa.com 74.220.219.162
74.7.242.19 - - [17/Mar/2026:15:06:16 -0600] "GET /390?edit=1773031049.M826623P728811.box2010.bluehost.com%2CS%3D2343%2CW%3D2408&p=Ahome1Aimmorth6AmailAnew HTTP/2.0" 200 1679 "https://www.event.acesolutions-ksa.com/390?p=Ahome1Aimmorth6AmailAnew" "Mozilla/5.0 AppleWebKit/537.36 (KHTML, like Gecko; compatible; GPTBot/1.3; +https://openai.com/gptbot)" www.event.acesolutions-ksa.com 74.220.219.162
74.7.227.146 - - [17/Mar/2026:15:06:26 -0600] "GET /98a/.htaccess.no_htaccess.phpupgrader HTTP/2.0" 409 83 "https://event.acesolutions-ksa.com/98a/?p=Ahome1Aimmorth6" "Mozilla/5.0 AppleWebKit/537.36 (KHTML, like Gecko; compatible; GPTBot/1.3; +https://openai.com/gptbot)" event.acesolutions-ksa.com 74.220.219.162
74.7.242.19 - - [17/Mar/2026:15:06:26 -0600] "GET /299?edit=1773026037.M219403P448681.box2010.bluehost.com%2CS%3D2343%2CW%3D2408&p=Ahome1Aimmorth6AmailAnew HTTP/1.1" 200 1667 "https://www.event.acesolutions-ksa.com/299?p=Ahome1Aimmorth6AmailAnew" "Mozilla/5.0 AppleWebKit/537.36 (KHTML, like Gecko; compatible; GPTBot/1.3; +https://openai.com/gptbot)" www.event.acesolutions-ksa.com 74.220.219.162
74.7.242.19 - - [17/Mar/2026:15:06:26 -0600] "GET /299?edit=1773026037.M219403P448681.box2010.bluehost.com%2CS%3D2343%2CW%3D2408&p=Ahome1Aimmorth6AmailAnew HTTP/2.0" 200 1667 "https://www.event.acesolutions-ksa.com/299?p=Ahome1Aimmorth6AmailAnew" "Mozilla/5.0 AppleWebKit/537.36 (KHTML, like Gecko; compatible; GPTBot/1.3; +https://openai.com/gptbot)" www.event.acesolutions-ksa.com 74.220.219.162
74.7.242.19 - - [17/Mar/2026:15:06:37 -0600] "GET /390?edit=1773035447.M904577P970615.box2010.bluehost.com%2CS%3D2348%2CW%3D2413&p=Ahome1Aimmorth6AmailAnew HTTP/1.1" 200 1696 "https://www.event.acesolutions-ksa.com/390?p=Ahome1Aimmorth6AmailAnew" "Mozilla/5.0 AppleWebKit/537.36 (KHTML, like Gecko; compatible; GPTBot/1.3; +https://openai.com/gptbot)" www.event.acesolutions-ksa.com 74.220.219.162
74.7.242.19 - - [17/Mar/2026:15:06:37 -0600] "GET /390?edit=1773035447.M904577P970615.box2010.bluehost.com%2CS%3D2348%2CW%3D2413&p=Ahome1Aimmorth6AmailAnew HTTP/2.0" 200 1696 "https://www.event.acesolutions-ksa.com/390?p=Ahome1Aimmorth6AmailAnew" "Mozilla/5.0 AppleWebKit/537.36 (KHTML, like Gecko; compatible; GPTBot/1.3; +https://openai.com/gptbot)" www.event.acesolutions-ksa.com 74.220.219.162
74.7.242.19 - - [17/Mar/2026:15:06:48 -0600] "GET /316?edit=51.php&p=Ahome1Aimmorth6 HTTP/2.0" 409 83 "https://www.event.acesolutions-ksa.com/316?p=Ahome1Aimmorth6" "Mozilla/5.0 AppleWebKit/537.36 (KHTML, like Gecko; compatible; GPTBot/1.3; +https://openai.com/gptbot)" www.event.acesolutions-ksa.com 74.220.219.162
74.7.242.19 - - [17/Mar/2026:15:06:58 -0600] "GET /391?edit=51.php&p=Ahome1Aimmorth6 HTTP/2.0" 409 83 "https://www.event.acesolutions-ksa.com/391?p=Ahome1Aimmorth6" "Mozilla/5.0 AppleWebKit/537.36 (KHTML, like Gecko; compatible; GPTBot/1.3; +https://openai.com/gptbot)" www.event.acesolutions-ksa.com 74.220.219.162
74.7.242.19 - - [17/Mar/2026:15:07:28 -0600] "GET /390?edit=51.php&p=Ahome1Aimmorth6 HTTP/2.0" 409 83 "https://www.event.acesolutions-ksa.com/390?p=Ahome1Aimmorth6" "Mozilla/5.0 AppleWebKit/537.36 (KHTML, like Gecko; compatible; GPTBot/1.3; +https://openai.com/gptbot)" www.event.acesolutions-ksa.com 74.220.219.162
74.7.227.146 - - [17/Mar/2026:15:07:31 -0600] "GET /98a?p=Ahome1Aimmorth6AIkoality HTTP/2.0" 200 53613 "https://event.acesolutions-ksa.com/98a?p=Ahome1Aimmorth6" "Mozilla/5.0 AppleWebKit/537.36 (KHTML, like Gecko; compatible; GPTBot/1.3; +https://openai.com/gptbot)" event.acesolutions-ksa.com 74.220.219.162
216.73.216.97 - - [17/Mar/2026:15:08:05 -0600] "GET /admin-network-ar.po?p=Ahome1Aimmorth6AetcAimmortalsignIca HTTP/1.1" 200 2433 "-" "Mozilla/5.0 AppleWebKit/537.36 (KHTML, like Gecko; compatible; ClaudeBot/1.0; +claudebot@anthropic.com)" www.event.acesolutions-ksa.com 74.220.219.162
216.73.216.97 - - [17/Mar/2026:15:08:05 -0600] "GET /admin-network-ar.po?p=Ahome1Aimmorth6AetcAimmortalsignIca HTTP/2.0" 200 2433 "-" "Mozilla/5.0 AppleWebKit/537.36 (KHTML, like Gecko; compatible; ClaudeBot/1.0; +claudebot@anthropic.com)" www.event.acesolutions-ksa.com 74.220.219.162
216.73.216.97 - - [17/Mar/2026:15:08:15 -0600] "GET /sitemap.xml?edit=template-archive-text-blog.php&p=Ahome1Aimmorth6Apublic_htmlAwebsite_efd5428fAwp-contentAthemesAtwentytwentyfiveApatterns HTTP/2.0" 409 83 "-" "Mozilla/5.0 AppleWebKit/537.36 (KHTML, like Gecko; compatible; ClaudeBot/1.0; +claudebot@anthropic.com)" www.event.acesolutions-ksa.com 74.220.219.162
216.73.216.97 - - [17/Mar/2026:15:08:19 -0600] "GET /sitemap.xml?edit=page-coming-soon.php&p=Ahome1Aimmorth6Apublic_htmlAwebsite_efd5428fAwp-contentAthemesAtwentytwentyfiveApatterns HTTP/2.0" 409 83 "-" "Mozilla/5.0 AppleWebKit/537.36 (KHTML, like Gecko; compatible; ClaudeBot/1.0; +claudebot@anthropic.com)" www.event.acesolutions-ksa.com 74.220.219.162
216.73.216.97 - - [17/Mar/2026:15:08:24 -0600] "GET /sitemap.xml?edit=cta-book-locations.php&p=Ahome1Aimmorth6Apublic_htmlAwebsite_efd5428fAwp-contentAthemesAtwentytwentyfiveApatterns HTTP/2.0" 409 83 "-" "Mozilla/5.0 AppleWebKit/537.36 (KHTML, like Gecko; compatible; ClaudeBot/1.0; +claudebot@anthropic.com)" www.event.acesolutions-ksa.com 74.220.219.162
74.220.219.162 - - [17/Mar/2026:15:08:30 -0600] "POST /wp-cron.php?doing_wp_cron=1773781710.2789239883422851562500 HTTP/2.0" 200 - "-" "WordPress/6.9; https://event.acesolutions-ksa.com" event.acesolutions-ksa.com 74.220.219.162
216.73.216.97 - - [17/Mar/2026:15:08:29 -0600] "GET /wordpress-seo-ar.mo?p=Ahome1Aimmorth6AetcAimmortalsignIca HTTP/1.1" 200 2433 "-" "Mozilla/5.0 AppleWebKit/537.36 (KHTML, like Gecko; compatible; ClaudeBot/1.0; +claudebot@anthropic.com)" www.event.acesolutions-ksa.com 74.220.219.162
216.73.216.97 - - [17/Mar/2026:15:08:29 -0600] "GET /wordpress-seo-ar.mo?p=Ahome1Aimmorth6AetcAimmortalsignIca HTTP/2.0" 200 2433 "-" "Mozilla/5.0 AppleWebKit/537.36 (KHTML, like Gecko; compatible; ClaudeBot/1.0; +claudebot@anthropic.com)" www.event.acesolutions-ksa.com 74.220.219.162
74.7.242.19 - - [17/Mar/2026:15:08:31 -0600] "GET /649?edit=51.php&p=Ahome1Aimmorth6 HTTP/2.0" 409 83 "https://www.event.acesolutions-ksa.com/649?p=Ahome1Aimmorth6" "Mozilla/5.0 AppleWebKit/537.36 (KHTML, like Gecko; compatible; GPTBot/1.3; +https://openai.com/gptbot)" www.event.acesolutions-ksa.com 74.220.219.162
74.7.227.146 - - [17/Mar/2026:15:08:33 -0600] "GET /98a/immorth6_wearmoda.1638377192.sql HTTP/2.0" 406 226 "https://event.acesolutions-ksa.com/98a/?p=Ahome1Aimmorth6" "Mozilla/5.0 AppleWebKit/537.36 (KHTML, like Gecko; compatible; GPTBot/1.3; +https://openai.com/gptbot)" event.acesolutions-ksa.com 74.220.219.162
74.7.227.146 - - [17/Mar/2026:15:09:29 -0600] "GET /f45/.dns?p=Ahome1 HTTP/2.0" 200 53289 "https://event.acesolutions-ksa.com/f45/.dns" "Mozilla/5.0 AppleWebKit/537.36 (KHTML, like Gecko; compatible; GPTBot/1.3; +https://openai.com/gptbot)" event.acesolutions-ksa.com 74.220.219.162
74.7.242.19 - - [17/Mar/2026:15:09:35 -0600] "GET /immortal-tech-net.immortal-designs.net?p=Ahome1Aimmorth6AwwwAwebsite_17210628Awp-includesAblocksAaccordion-item HTTP/1.1" 200 2111 "https://www.event.acesolutions-ksa.com/immortal-tech-net.immortal-designs.net?p=Ahome1Aimmorth6AwwwAwebsite_17210628Awp-includesAblocks" "Mozilla/5.0 AppleWebKit/537.36 (KHTML, like Gecko; compatible; GPTBot/1.3; +https://openai.com/gptbot)" www.event.acesolutions-ksa.com 74.220.219.162
74.7.242.19 - - [17/Mar/2026:15:09:35 -0600] "GET /immortal-tech-net.immortal-designs.net?p=Ahome1Aimmorth6AwwwAwebsite_17210628Awp-includesAblocksAaccordion-item HTTP/2.0" 200 2111 "https://www.event.acesolutions-ksa.com/immortal-tech-net.immortal-designs.net?p=Ahome1Aimmorth6AwwwAwebsite_17210628Awp-includesAblocks" "Mozilla/5.0 AppleWebKit/537.36 (KHTML, like Gecko; compatible; GPTBot/1.3; +https://openai.com/gptbot)" www.event.acesolutions-ksa.com 74.220.219.162
74.7.227.146 - - [17/Mar/2026:15:10:25 -0600] "GET /93b/.dns?p=Ahome1 HTTP/2.0" 200 53289 "https://event.acesolutions-ksa.com/93b/.dns" "Mozilla/5.0 AppleWebKit/537.36 (KHTML, like Gecko; compatible; GPTBot/1.3; +https://openai.com/gptbot)" event.acesolutions-ksa.com 74.220.219.162
74.220.219.162 - - [17/Mar/2026:15:10:36 -0600] "POST /wp-cron.php?doing_wp_cron=1773781836.8729848861694335937500 HTTP/2.0" 200 - "-" "WordPress/6.9; https://event.acesolutions-ksa.com" event.acesolutions-ksa.com 74.220.219.162
74.7.242.19 - - [17/Mar/2026:15:10:36 -0600] "GET /immortal-tech-net.immortal-designs.net?p=Ahome1Aimmorth6AwwwAwebsite_17210628Awp-includesAblocksAlist-item HTTP/1.1" 200 1271 "https://www.event.acesolutions-ksa.com/immortal-tech-net.immortal-designs.net?p=Ahome1Aimmorth6AwwwAwebsite_17210628Awp-includesAblocks" "Mozilla/5.0 AppleWebKit/537.36 (KHTML, like Gecko; compatible; GPTBot/1.3; +https://openai.com/gptbot)" www.event.acesolutions-ksa.com 74.220.219.162
74.7.242.19 - - [17/Mar/2026:15:10:36 -0600] "GET /immortal-tech-net.immortal-designs.net?p=Ahome1Aimmorth6AwwwAwebsite_17210628Awp-includesAblocksAlist-item HTTP/2.0" 200 1271 "https://www.event.acesolutions-ksa.com/immortal-tech-net.immortal-designs.net?p=Ahome1Aimmorth6AwwwAwebsite_17210628Awp-includesAblocks" "Mozilla/5.0 AppleWebKit/537.36 (KHTML, like Gecko; compatible; GPTBot/1.3; +https://openai.com/gptbot)" www.event.acesolutions-ksa.com 74.220.219.162
74.7.227.146 - - [17/Mar/2026:15:11:14 -0600] "GET /98a/immorth6_wearmoda.1608399372.sql HTTP/2.0" 406 226 "https://event.acesolutions-ksa.com/98a/?p=Ahome1Aimmorth6" "Mozilla/5.0 AppleWebKit/537.36 (KHTML, like Gecko; compatible; GPTBot/1.3; +https://openai.com/gptbot)" event.acesolutions-ksa.com 74.220.219.162
74.7.242.19 - - [17/Mar/2026:15:11:35 -0600] "GET /7b3?p=Ahome1Aimmorth6Aperl5 HTTP/1.1" 200 1186 "https://www.event.acesolutions-ksa.com/7b3?p=Ahome1Aimmorth6" "Mozilla/5.0 AppleWebKit/537.36 (KHTML, like Gecko; compatible; GPTBot/1.3; +https://openai.com/gptbot)" www.event.acesolutions-ksa.com 74.220.219.162
