74.7.227.146 - - [17/Mar/2026:11:26:24 -0600] "GET /ar/267/website_8f025ff1_ovochi_com_c0e00_039ad_1777700093_900e978536101c2c8cef4e8162dc544b.crt/ HTTP/2.0" 200 55791 "https://event.acesolutions-ksa.com/267/website_8f025ff1_ovochi_com_c0e00_039ad_1777700093_900e978536101c2c8cef4e8162dc544b.crt" "Mozilla/5.0 AppleWebKit/537.36 (KHTML, like Gecko; compatible; GPTBot/1.3; +https://openai.com/gptbot)" event.acesolutions-ksa.com 74.220.219.162
74.7.242.19 - - [17/Mar/2026:11:26:38 -0600] "GET /aa6 HTTP/1.1" 200 1635 "https://www.event.acesolutions-ksa.com/immortal-tech-net.immortal-designs.net?p=Ahome1Aimmorth6AwwwAwebsite_d98c9096Awp-includesAbreee75b" "Mozilla/5.0 AppleWebKit/537.36 (KHTML, like Gecko; compatible; GPTBot/1.3; +https://openai.com/gptbot)" www.event.acesolutions-ksa.com 74.220.219.162
74.7.242.19 - - [17/Mar/2026:11:26:38 -0600] "GET /aa6 HTTP/2.0" 200 1635 "https://www.event.acesolutions-ksa.com/immortal-tech-net.immortal-designs.net?p=Ahome1Aimmorth6AwwwAwebsite_d98c9096Awp-includesAbreee75b" "Mozilla/5.0 AppleWebKit/537.36 (KHTML, like Gecko; compatible; GPTBot/1.3; +https://openai.com/gptbot)" www.event.acesolutions-ksa.com 74.220.219.162
74.7.227.146 - - [17/Mar/2026:11:26:44 -0600] "GET /ar/267/website_8f025ff1_ovochi_com_b5672_0602b_1777786471_01dfc7d1317cc355c5857b28c4f618e6.crt/ HTTP/2.0" 200 55795 "https://event.acesolutions-ksa.com/267/website_8f025ff1_ovochi_com_b5672_0602b_1777786471_01dfc7d1317cc355c5857b28c4f618e6.crt" "Mozilla/5.0 AppleWebKit/537.36 (KHTML, like Gecko; compatible; GPTBot/1.3; +https://openai.com/gptbot)" event.acesolutions-ksa.com 74.220.219.162
74.7.227.146 - - [17/Mar/2026:11:27:01 -0600] "GET /ar/267/www_test_ovochi_com_b7073_b72af_1778304743_92050fa24cbc07119c2876aa443ed923.crt/ HTTP/2.0" 200 55700 "https://event.acesolutions-ksa.com/267/www_test_ovochi_com_b7073_b72af_1778304743_92050fa24cbc07119c2876aa443ed923.crt" "Mozilla/5.0 AppleWebKit/537.36 (KHTML, like Gecko; compatible; GPTBot/1.3; +https://openai.com/gptbot)" event.acesolutions-ksa.com 74.220.219.162
74.7.227.146 - - [17/Mar/2026:11:27:13 -0600] "GET /ar/267/www_ohcc_sa_ea892_fc21f_1767414711_f3c92eb427cb0385a30b53a83e5acc3f.crt/ HTTP/2.0" 200 55682 "https://event.acesolutions-ksa.com/267/www_ohcc_sa_ea892_fc21f_1767414711_f3c92eb427cb0385a30b53a83e5acc3f.crt" "Mozilla/5.0 AppleWebKit/537.36 (KHTML, like Gecko; compatible; GPTBot/1.3; +https://openai.com/gptbot)" event.acesolutions-ksa.com 74.220.219.162
74.7.227.146 - - [17/Mar/2026:11:27:22 -0600] "GET /267/mail_ohcc_sa_cfbc1_7a1ab_1767328272_116fee33b140580a137a09a2b6398fdd.crt?p=Ahome1Aimmorth6Apublic_htmlAwebsite_efd5428f HTTP/2.0" 200 58186 "https://event.acesolutions-ksa.com/267/mail_ohcc_sa_cfbc1_7a1ab_1767328272_116fee33b140580a137a09a2b6398fdd.crt" "Mozilla/5.0 AppleWebKit/537.36 (KHTML, like Gecko; compatible; GPTBot/1.3; +https://openai.com/gptbot)" event.acesolutions-ksa.com 74.220.219.162
74.7.227.146 - - [17/Mar/2026:11:27:34 -0600] "GET /267/wear_moda_ovochi_com_bc8c0_c658f_1768969930_b5ad5286aee2121d273e832678c3f252.crt?p=Ahome1Aimmorth6 HTTP/2.0" 200 64832 "https://event.acesolutions-ksa.com/267/wear_moda_ovochi_com_bc8c0_c658f_1768969930_b5ad5286aee2121d273e832678c3f252.crt" "Mozilla/5.0 AppleWebKit/537.36 (KHTML, like Gecko; compatible; GPTBot/1.3; +https://openai.com/gptbot)" event.acesolutions-ksa.com 74.220.219.162
74.220.219.162 - - [17/Mar/2026:11:27:40 -0600] "POST /wp-cron.php?doing_wp_cron=1773768460.8869540691375732421875 HTTP/2.0" 200 - "-" "WordPress/6.9; https://event.acesolutions-ksa.com" event.acesolutions-ksa.com 74.220.219.162
74.7.242.19 - - [17/Mar/2026:11:27:42 -0600] "GET /immortal-tech-net.immortal-designs.net?edit=require-static-blocks.php&p=Ahome1Aimmorth6AwwwAwebsite_17210628Awp-includesAblocks HTTP/2.0" 409 83 "https://www.event.acesolutions-ksa.com/immortal-tech-net.immortal-designs.net?p=Ahome1Aimmorth6AwwwAwebsite_17210628Awp-includesAblocks" "Mozilla/5.0 AppleWebKit/537.36 (KHTML, like Gecko; compatible; GPTBot/1.3; +https://openai.com/gptbot)" www.event.acesolutions-ksa.com 74.220.219.162
74.7.227.146 - - [17/Mar/2026:11:27:48 -0600] "GET /ar/267/mail_ohcc_sa_cfbc1_7a1ab_1767328272_116fee33b140580a137a09a2b6398fdd.crt/ HTTP/2.0" 200 55686 "https://event.acesolutions-ksa.com/267/mail_ohcc_sa_cfbc1_7a1ab_1767328272_116fee33b140580a137a09a2b6398fdd.crt" "Mozilla/5.0 AppleWebKit/537.36 (KHTML, like Gecko; compatible; GPTBot/1.3; +https://openai.com/gptbot)" event.acesolutions-ksa.com 74.220.219.162
74.7.227.146 - - [17/Mar/2026:11:27:59 -0600] "GET /ar/267/mail_ohcc_sa_cfbc1_7a1ab_1767328272_116fee33b140580a137a09a2b6398fdd.crt.cache/ HTTP/2.0" 200 55699 "https://event.acesolutions-ksa.com/267/mail_ohcc_sa_cfbc1_7a1ab_1767328272_116fee33b140580a137a09a2b6398fdd.crt.cache" "Mozilla/5.0 AppleWebKit/537.36 (KHTML, like Gecko; compatible; GPTBot/1.3; +https://openai.com/gptbot)" event.acesolutions-ksa.com 74.220.219.162
74.7.227.146 - - [17/Mar/2026:11:28:10 -0600] "GET /ar/267/wear_moda_ovochi_com_bc8c0_c658f_1768969930_b5ad5286aee2121d273e832678c3f252.crt/ HTTP/2.0" 200 55773 "https://event.acesolutions-ksa.com/267/wear_moda_ovochi_com_bc8c0_c658f_1768969930_b5ad5286aee2121d273e832678c3f252.crt" "Mozilla/5.0 AppleWebKit/537.36 (KHTML, like Gecko; compatible; GPTBot/1.3; +https://openai.com/gptbot)" event.acesolutions-ksa.com 74.220.219.162
74.7.227.146 - - [17/Mar/2026:11:28:20 -0600] "GET /267/ovochi_ovochi_com_d6a36_298e5_1774243906_9e9e452ee7c2d1df0d09a0be72a727bc.crt HTTP/2.0" 200 54358 "https://event.acesolutions-ksa.com/267/?p=Ahome1Aimmorth6AsslAcerts" "Mozilla/5.0 AppleWebKit/537.36 (KHTML, like Gecko; compatible; GPTBot/1.3; +https://openai.com/gptbot)" event.acesolutions-ksa.com 74.220.219.162
74.7.227.146 - - [17/Mar/2026:11:28:28 -0600] "GET /267/www_test_ovochi_com_aca41_c576f_1773034327_8d7ff1fcd26cf304b6ea66e4144d3223.crt HTTP/2.0" 200 54375 "https://event.acesolutions-ksa.com/267/?p=Ahome1Aimmorth6AsslAcerts" "Mozilla/5.0 AppleWebKit/537.36 (KHTML, like Gecko; compatible; GPTBot/1.3; +https://openai.com/gptbot)" event.acesolutions-ksa.com 74.220.219.162
74.7.242.19 - - [17/Mar/2026:11:28:38 -0600] "GET /immortal-tech-net.immortal-designs.net?edit=require-dynamic-blocks.php&p=Ahome1Aimmorth6AwwwAwebsite_17210628Awp-includesAblocks HTTP/2.0" 409 83 "https://www.event.acesolutions-ksa.com/immortal-tech-net.immortal-designs.net?p=Ahome1Aimmorth6AwwwAwebsite_17210628Awp-includesAblocks" "Mozilla/5.0 AppleWebKit/537.36 (KHTML, like Gecko; compatible; GPTBot/1.3; +https://openai.com/gptbot)" www.event.acesolutions-ksa.com 74.220.219.162
74.7.227.146 - - [17/Mar/2026:11:28:45 -0600] "GET /267/website_8f025ff1_ovochi_com_c0e00_039ad_1777700093_900e978536101c2c8cef4e8162dc544b.crt/ HTTP/2.0" 200 54370 "https://event.acesolutions-ksa.com/ar/267/website_8f025ff1_ovochi_com_c0e00_039ad_1777700093_900e978536101c2c8cef4e8162dc544b.crt/" "Mozilla/5.0 AppleWebKit/537.36 (KHTML, like Gecko; compatible; GPTBot/1.3; +https://openai.com/gptbot)" event.acesolutions-ksa.com 74.220.219.162
74.7.227.146 - - [17/Mar/2026:11:28:55 -0600] "GET /267/website_8f025ff1_ovochi_com_b5672_0602b_1777786471_01dfc7d1317cc355c5857b28c4f618e6.crt/ HTTP/2.0" 200 54373 "https://event.acesolutions-ksa.com/ar/267/website_8f025ff1_ovochi_com_b5672_0602b_1777786471_01dfc7d1317cc355c5857b28c4f618e6.crt/" "Mozilla/5.0 AppleWebKit/537.36 (KHTML, like Gecko; compatible; GPTBot/1.3; +https://openai.com/gptbot)" event.acesolutions-ksa.com 74.220.219.162
74.7.227.146 - - [17/Mar/2026:11:29:06 -0600] "GET /ar/267/www_test_ovochi_com_b7073_b72af_1778304743_92050fa24cbc07119c2876aa443ed923.crt/51.php HTTP/2.0" 409 83 "https://event.acesolutions-ksa.com/ar/267/www_test_ovochi_com_b7073_b72af_1778304743_92050fa24cbc07119c2876aa443ed923.crt/" "Mozilla/5.0 AppleWebKit/537.36 (KHTML, like Gecko; compatible; GPTBot/1.3; +https://openai.com/gptbot)" event.acesolutions-ksa.com 74.220.219.162
74.7.227.146 - - [17/Mar/2026:11:29:18 -0600] "GET /267/www_website_8f025ff1_ovochi_com_cc4db_c085f_1777153504_b976bd361dd8b9ede78915fe3fc14dd6.crt HTTP/2.0" 200 54401 "https://event.acesolutions-ksa.com/267/?p=Ahome1Aimmorth6AsslAcerts" "Mozilla/5.0 AppleWebKit/537.36 (KHTML, like Gecko; compatible; GPTBot/1.3; +https://openai.com/gptbot)" event.acesolutions-ksa.com 74.220.219.162
74.220.219.162 - - [17/Mar/2026:11:29:42 -0600] "POST /wp-cron.php?doing_wp_cron=1773768582.3328080177307128906250 HTTP/2.0" 200 - "-" "WordPress/6.9; https://event.acesolutions-ksa.com" event.acesolutions-ksa.com 74.220.219.162
74.7.242.19 - - [17/Mar/2026:11:29:42 -0600] "GET /immortal-tech-net.immortal-designs.net?edit=aa6&p=Ahome1Aimmorth6AwwwAwebsite_d98c9096Awp-includesAbreee75b HTTP/1.1" 200 19004 "https://www.event.acesolutions-ksa.com/immortal-tech-net.immortal-designs.net?p=Ahome1Aimmorth6AwwwAwebsite_d98c9096Awp-includesAbreee75b" "Mozilla/5.0 AppleWebKit/537.36 (KHTML, like Gecko; compatible; GPTBot/1.3; +https://openai.com/gptbot)" www.event.acesolutions-ksa.com 74.220.219.162
74.7.242.19 - - [17/Mar/2026:11:29:42 -0600] "GET /immortal-tech-net.immortal-designs.net?edit=aa6&p=Ahome1Aimmorth6AwwwAwebsite_d98c9096Awp-includesAbreee75b HTTP/2.0" 200 19004 "https://www.event.acesolutions-ksa.com/immortal-tech-net.immortal-designs.net?p=Ahome1Aimmorth6AwwwAwebsite_d98c9096Awp-includesAbreee75b" "Mozilla/5.0 AppleWebKit/537.36 (KHTML, like Gecko; compatible; GPTBot/1.3; +https://openai.com/gptbot)" www.event.acesolutions-ksa.com 74.220.219.162
74.7.227.146 - - [17/Mar/2026:11:29:52 -0600] "GET /267/readme.html HTTP/2.0" 404 - "https://event.acesolutions-ksa.com/267/mail_ohcc_sa_cfbc1_7a1ab_1767328272_116fee33b140580a137a09a2b6398fdd.crt?p=Ahome1Aimmorth6Apublic_htmlAwebsite_efd5428f" "Mozilla/5.0 AppleWebKit/537.36 (KHTML, like Gecko; compatible; GPTBot/1.3; +https://openai.com/gptbot)" event.acesolutions-ksa.com 74.220.219.162
74.7.227.146 - - [17/Mar/2026:11:30:16 -0600] "GET /267/www_ohcc_sa_ovochi_com_d15dc_4687b_1774675935_0955d3ef99dc73d8689e285ed3b8133a.crt HTTP/2.0" 200 54384 "https://event.acesolutions-ksa.com/267/?p=Ahome1Aimmorth6AsslAcerts" "Mozilla/5.0 AppleWebKit/537.36 (KHTML, like Gecko; compatible; GPTBot/1.3; +https://openai.com/gptbot)" event.acesolutions-ksa.com 74.220.219.162
74.7.242.19 - - [17/Mar/2026:11:30:46 -0600] "GET /immortal-tech-net.immortal-designs.net?edit=7b3&p=Ahome1Aimmorth6AwwwAwebsite_d98c9096Awp-includesAbr7afb7d HTTP/1.1" 200 19010 "https://www.event.acesolutions-ksa.com/immortal-tech-net.immortal-designs.net?p=Ahome1Aimmorth6AwwwAwebsite_d98c9096Awp-includesAbr7afb7d" "Mozilla/5.0 AppleWebKit/537.36 (KHTML, like Gecko; compatible; GPTBot/1.3; +https://openai.com/gptbot)" www.event.acesolutions-ksa.com 74.220.219.162
74.7.242.19 - - [17/Mar/2026:11:30:46 -0600] "GET /immortal-tech-net.immortal-designs.net?edit=7b3&p=Ahome1Aimmorth6AwwwAwebsite_d98c9096Awp-includesAbr7afb7d HTTP/2.0" 200 19010 "https://www.event.acesolutions-ksa.com/immortal-tech-net.immortal-designs.net?p=Ahome1Aimmorth6AwwwAwebsite_d98c9096Awp-includesAbr7afb7d" "Mozilla/5.0 AppleWebKit/537.36 (KHTML, like Gecko; compatible; GPTBot/1.3; +https://openai.com/gptbot)" www.event.acesolutions-ksa.com 74.220.219.162
74.7.227.146 - - [17/Mar/2026:11:30:49 -0600] "GET /ar/267/mail_ohcc_sa_cfbc1_7a1ab_1767328272_116fee33b140580a137a09a2b6398fdd.crt/?edit=endurance-page-cache.php&p=Ahome1Aimmorth6Apublic_htmlAwebsite_efd5428fAwp-contentAmu-plugins HTTP/2.0" 409 83 "https://event.acesolutions-ksa.com/ar/267/mail_ohcc_sa_cfbc1_7a1ab_1767328272_116fee33b140580a137a09a2b6398fdd.crt/" "Mozilla/5.0 AppleWebKit/537.36 (KHTML, like Gecko; compatible; GPTBot/1.3; +https://openai.com/gptbot)" event.acesolutions-ksa.com 74.220.219.162
74.7.227.146 - - [17/Mar/2026:11:31:14 -0600] "GET /ar/267/mail_ohcc_sa_cfbc1_7a1ab_1767328272_116fee33b140580a137a09a2b6398fdd.crt/51.php HTTP/2.0" 409 83 "https://event.acesolutions-ksa.com/ar/267/mail_ohcc_sa_cfbc1_7a1ab_1767328272_116fee33b140580a137a09a2b6398fdd.crt/" "Mozilla/5.0 AppleWebKit/537.36 (KHTML, like Gecko; compatible; GPTBot/1.3; +https://openai.com/gptbot)" event.acesolutions-ksa.com 74.220.219.162
74.220.219.162 - - [17/Mar/2026:11:31:43 -0600] "POST /wp-cron.php?doing_wp_cron=1773768702.9232130050659179687500 HTTP/2.0" 200 - "-" "WordPress/6.9; https://event.acesolutions-ksa.com" event.acesolutions-ksa.com 74.220.219.162
74.7.242.19 - - [17/Mar/2026:11:31:42 -0600] "GET /immortal-tech-net.immortal-designs.net?edit=9f1&p=Ahome1Aimmorth6AwwwAwebsite_d98c9096Awp-includesApl5bd3db HTTP/1.1" 200 19007 "https://www.event.acesolutions-ksa.com/immortal-tech-net.immortal-designs.net?p=Ahome1Aimmorth6AwwwAwebsite_d98c9096Awp-includesApl5bd3db" "Mozilla/5.0 AppleWebKit/537.36 (KHTML, like Gecko; compatible; GPTBot/1.3; +https://openai.com/gptbot)" www.event.acesolutions-ksa.com 74.220.219.162
74.7.242.19 - - [17/Mar/2026:11:31:42 -0600] "GET /immortal-tech-net.immortal-designs.net?edit=9f1&p=Ahome1Aimmorth6AwwwAwebsite_d98c9096Awp-includesApl5bd3db HTTP/2.0" 200 19007 "https://www.event.acesolutions-ksa.com/immortal-tech-net.immortal-designs.net?p=Ahome1Aimmorth6AwwwAwebsite_d98c9096Awp-includesApl5bd3db" "Mozilla/5.0 AppleWebKit/537.36 (KHTML, like Gecko; compatible; GPTBot/1.3; +https://openai.com/gptbot)" www.event.acesolutions-ksa.com 74.220.219.162
74.7.227.146 - - [17/Mar/2026:11:32:12 -0600] "GET /ar/267/wear_moda_ovochi_com_bc8c0_c658f_1768969930_b5ad5286aee2121d273e832678c3f252.crt/?p=Ahome1Aimmorth6Apublic_htmlAwebsite_efd5428f HTTP/2.0" 200 59625 "https://event.acesolutions-ksa.com/ar/267/wear_moda_ovochi_com_bc8c0_c658f_1768969930_b5ad5286aee2121d273e832678c3f252.crt/" "Mozilla/5.0 AppleWebKit/537.36 (KHTML, like Gecko; compatible; GPTBot/1.3; +https://openai.com/gptbot)" event.acesolutions-ksa.com 74.220.219.162
74.7.242.19 - - [17/Mar/2026:11:32:36 -0600] "GET /immortal-tech-net.immortal-designs.net?edit=a62&p=Ahome1Aimmorth6AwwwAwebsite_d98c9096Awp-includesAwpa0cc1c HTTP/1.1" 200 19002 "https://www.event.acesolutions-ksa.com/immortal-tech-net.immortal-designs.net?p=Ahome1Aimmorth6AwwwAwebsite_d98c9096Awp-includesAwpa0cc1c" "Mozilla/5.0 AppleWebKit/537.36 (KHTML, like Gecko; compatible; GPTBot/1.3; +https://openai.com/gptbot)" www.event.acesolutions-ksa.com 74.220.219.162
74.7.242.19 - - [17/Mar/2026:11:32:35 -0600] "GET /immortal-tech-net.immortal-designs.net?edit=a62&p=Ahome1Aimmorth6AwwwAwebsite_d98c9096Awp-includesAwpa0cc1c HTTP/2.0" 200 19002 "https://www.event.acesolutions-ksa.com/immortal-tech-net.immortal-designs.net?p=Ahome1Aimmorth6AwwwAwebsite_d98c9096Awp-includesAwpa0cc1c" "Mozilla/5.0 AppleWebKit/537.36 (KHTML, like Gecko; compatible; GPTBot/1.3; +https://openai.com/gptbot)" www.event.acesolutions-ksa.com 74.220.219.162
74.7.227.146 - - [17/Mar/2026:11:33:12 -0600] "GET /267/www_wear_moda_ovochi_com_ab7e3_b4ed3_1779514346_382437a48e8917dff38fc032027e4a47.crt HTTP/2.0" 200 54388 "https://event.acesolutions-ksa.com/267/?p=Ahome1Aimmorth6AsslAcerts" "Mozilla/5.0 AppleWebKit/537.36 (KHTML, like Gecko; compatible; GPTBot/1.3; +https://openai.com/gptbot)" event.acesolutions-ksa.com 74.220.219.162
74.7.242.19 - - [17/Mar/2026:11:33:22 -0600] "GET /immortal-tech-net.immortal-designs.net?edit=77d&p=Ahome1Aimmorth6AwwwAwebsite_d98c9096Awp-includesAqqbce0c3 HTTP/1.1" 200 18951 "https://www.event.acesolutions-ksa.com/immortal-tech-net.immortal-designs.net?p=Ahome1Aimmorth6AwwwAwebsite_d98c9096Awp-includesAqqbce0c3" "Mozilla/5.0 AppleWebKit/537.36 (KHTML, like Gecko; compatible; GPTBot/1.3; +https://openai.com/gptbot)" www.event.acesolutions-ksa.com 74.220.219.162
74.7.242.19 - - [17/Mar/2026:11:33:22 -0600] "GET /immortal-tech-net.immortal-designs.net?edit=77d&p=Ahome1Aimmorth6AwwwAwebsite_d98c9096Awp-includesAqqbce0c3 HTTP/2.0" 200 18951 "https://www.event.acesolutions-ksa.com/immortal-tech-net.immortal-designs.net?p=Ahome1Aimmorth6AwwwAwebsite_d98c9096Awp-includesAqqbce0c3" "Mozilla/5.0 AppleWebKit/537.36 (KHTML, like Gecko; compatible; GPTBot/1.3; +https://openai.com/gptbot)" www.event.acesolutions-ksa.com 74.220.219.162
74.220.219.162 - - [17/Mar/2026:11:33:56 -0600] "POST /wp-cron.php?doing_wp_cron=1773768836.2176411151885986328125 HTTP/2.0" 200 - "-" "WordPress/6.9; https://event.acesolutions-ksa.com" event.acesolutions-ksa.com 74.220.219.162
74.7.242.19 - - [17/Mar/2026:11:34:04 -0600] "GET /1749146874.M981623P863250.box2010.bluehost.com,S=3331,W=3420:2,?edit=index.php&p=Ahome1Aimmorth6Apublic_htmlAwebsite_efd5428fAwp-content HTTP/2.0" 409 83 "https://www.event.acesolutions-ksa.com/1749146874.M981623P863250.box2010.bluehost.com,S=3331,W=3420:2,?p=Ahome1Aimmorth6Apublic_htmlAwebsite_efd5428fAwp-content" "Mozilla/5.0 AppleWebKit/537.36 (KHTML, like Gecko; compatible; GPTBot/1.3; +https://openai.com/gptbot)" www.event.acesolutions-ksa.com 74.220.219.162
74.7.227.146 - - [17/Mar/2026:11:34:13 -0600] "GET /ar/267/www_test_ovochi_com_aca41_c576f_1773034327_8d7ff1fcd26cf304b6ea66e4144d3223.crt/ HTTP/2.0" 200 55702 "https://event.acesolutions-ksa.com/267/www_test_ovochi_com_aca41_c576f_1773034327_8d7ff1fcd26cf304b6ea66e4144d3223.crt" "Mozilla/5.0 AppleWebKit/537.36 (KHTML, like Gecko; compatible; GPTBot/1.3; +https://openai.com/gptbot)" event.acesolutions-ksa.com 74.220.219.162
74.7.242.19 - - [17/Mar/2026:11:34:42 -0600] "GET /immortal-tech-net.immortal-designs.net?edit=51.php&p=Ahome1Aimmorth6AwwwAwebsite_17210628Awp-includesAblocks HTTP/2.0" 409 83 "https://www.event.acesolutions-ksa.com/immortal-tech-net.immortal-designs.net?p=Ahome1Aimmorth6AwwwAwebsite_17210628Awp-includesAblocks" "Mozilla/5.0 AppleWebKit/537.36 (KHTML, like Gecko; compatible; GPTBot/1.3; +https://openai.com/gptbot)" www.event.acesolutions-ksa.com 74.220.219.162
74.7.227.146 - - [17/Mar/2026:11:35:01 -0600] "GET /267/www_ohcc_sa_ovochi_com_b744f_e01db_1779946340_be0bf12a130c40fe3f12533054494c36.crt HTTP/2.0" 200 54381 "https://event.acesolutions-ksa.com/267/?p=Ahome1Aimmorth6AsslAcerts" "Mozilla/5.0 AppleWebKit/537.36 (KHTML, like Gecko; compatible; GPTBot/1.3; +https://openai.com/gptbot)" event.acesolutions-ksa.com 74.220.219.162
74.7.242.19 - - [17/Mar/2026:11:35:46 -0600] "GET /immortal-tech-net.immortal-designs.net?edit=comment-author-name.php&p=Ahome1Aimmorth6AwwwAwebsite_17210628Awp-includesAblocks HTTP/2.0" 409 83 "https://www.event.acesolutions-ksa.com/immortal-tech-net.immortal-designs.net?p=Ahome1Aimmorth6AwwwAwebsite_17210628Awp-includesAblocks" "Mozilla/5.0 AppleWebKit/537.36 (KHTML, like Gecko; compatible; GPTBot/1.3; +https://openai.com/gptbot)" www.event.acesolutions-ksa.com 74.220.219.162
74.7.227.146 - - [17/Mar/2026:11:35:50 -0600] "GET /267/www_test_ovochi_com_b7073_b72af_1778304743_92050fa24cbc07119c2876aa443ed923.crt/ HTTP/2.0" 200 54355 "https://event.acesolutions-ksa.com/ar/267/www_test_ovochi_com_b7073_b72af_1778304743_92050fa24cbc07119c2876aa443ed923.crt/" "Mozilla/5.0 AppleWebKit/537.36 (KHTML, like Gecko; compatible; GPTBot/1.3; +https://openai.com/gptbot)" event.acesolutions-ksa.com 74.220.219.162
74.220.219.162 - - [17/Mar/2026:11:36:08 -0600] "POST /wp-cron.php?doing_wp_cron=1773768968.5946741104125976562500 HTTP/2.0" 200 - "-" "WordPress/6.9; https://event.acesolutions-ksa.com" event.acesolutions-ksa.com 74.220.219.162
74.7.227.146 - - [17/Mar/2026:11:36:25 -0600] "GET /267/www_ohcc_sa_ea892_fc21f_1767414711_f3c92eb427cb0385a30b53a83e5acc3f.crt/ HTTP/2.0" 200 54338 "https://event.acesolutions-ksa.com/ar/267/www_ohcc_sa_ea892_fc21f_1767414711_f3c92eb427cb0385a30b53a83e5acc3f.crt/" "Mozilla/5.0 AppleWebKit/537.36 (KHTML, like Gecko; compatible; GPTBot/1.3; +https://openai.com/gptbot)" event.acesolutions-ksa.com 74.220.219.162
74.7.242.19 - - [17/Mar/2026:11:36:48 -0600] "GET /immortal-tech-net.immortal-designs.net?edit=video.php&p=Ahome1Aimmorth6AwwwAwebsite_17210628Awp-includesAblocks HTTP/2.0" 409 83 "https://www.event.acesolutions-ksa.com/immortal-tech-net.immortal-designs.net?p=Ahome1Aimmorth6AwwwAwebsite_17210628Awp-includesAblocks" "Mozilla/5.0 AppleWebKit/537.36 (KHTML, like Gecko; compatible; GPTBot/1.3; +https://openai.com/gptbot)" www.event.acesolutions-ksa.com 74.220.219.162
74.7.227.146 - - [17/Mar/2026:11:37:05 -0600] "GET /267/website_e0dc5845_ovochi_com_c3523_3828d_1763872375_0c19eb9eb1e91267aa5921b9bffe1318.crt.cache HTTP/2.0" 200 54402 "https://event.acesolutions-ksa.com/267/?p=Ahome1Aimmorth6AsslAcerts" "Mozilla/5.0 AppleWebKit/537.36 (KHTML, like Gecko; compatible; GPTBot/1.3; +https://openai.com/gptbot)" event.acesolutions-ksa.com 74.220.219.162
74.7.227.146 - - [17/Mar/2026:11:37:36 -0600] "GET /267/mail_ohcc_sa_cfbc1_7a1ab_1767328272_116fee33b140580a137a09a2b6398fdd.crt/ HTTP/2.0" 200 54342 "https://event.acesolutions-ksa.com/ar/267/mail_ohcc_sa_cfbc1_7a1ab_1767328272_116fee33b140580a137a09a2b6398fdd.crt/" "Mozilla/5.0 AppleWebKit/537.36 (KHTML, like Gecko; compatible; GPTBot/1.3; +https://openai.com/gptbot)" event.acesolutions-ksa.com 74.220.219.162
74.7.242.19 - - [17/Mar/2026:11:37:52 -0600] "GET /immortal-tech-net.immortal-designs.net?edit=query-pagination-previous.php&p=Ahome1Aimmorth6AwwwAwebsite_17210628Awp-includesAblocks HTTP/2.0" 409 83 "https://www.event.acesolutions-ksa.com/immortal-tech-net.immortal-designs.net?p=Ahome1Aimmorth6AwwwAwebsite_17210628Awp-includesAblocks" "Mozilla/5.0 AppleWebKit/537.36 (KHTML, like Gecko; compatible; GPTBot/1.3; +https://openai.com/gptbot)" www.event.acesolutions-ksa.com 74.220.219.162
74.7.227.146 - - [17/Mar/2026:11:38:07 -0600] "GET /267/mail_ohcc_sa_cfbc1_7a1ab_1767328272_116fee33b140580a137a09a2b6398fdd.crt.cache/ HTTP/2.0" 200 54355 "https://event.acesolutions-ksa.com/ar/267/mail_ohcc_sa_cfbc1_7a1ab_1767328272_116fee33b140580a137a09a2b6398fdd.crt.cache/" "Mozilla/5.0 AppleWebKit/537.36 (KHTML, like Gecko; compatible; GPTBot/1.3; +https://openai.com/gptbot)" event.acesolutions-ksa.com 74.220.219.162
74.7.242.19 - - [17/Mar/2026:11:38:54 -0600] "GET /immortal-tech-net.immortal-designs.net?edit=query-pagination-numbers.php&p=Ahome1Aimmorth6AwwwAwebsite_17210628Awp-includesAblocks HTTP/2.0" 409 83 "https://www.event.acesolutions-ksa.com/immortal-tech-net.immortal-designs.net?p=Ahome1Aimmorth6AwwwAwebsite_17210628Awp-includesAblocks" "Mozilla/5.0 AppleWebKit/537.36 (KHTML, like Gecko; compatible; GPTBot/1.3; +https://openai.com/gptbot)" www.event.acesolutions-ksa.com 74.220.219.162
74.220.219.162 - - [17/Mar/2026:11:39:03 -0600] "POST /wp-cron.php?doing_wp_cron=1773769143.3946220874786376953125 HTTP/2.0" 200 - "-" "WordPress/6.9; https://event.acesolutions-ksa.com" event.acesolutions-ksa.com 74.220.219.162
74.7.227.146 - - [17/Mar/2026:11:39:02 -0600] "GET /267/ohcc_sa_ovochi_com_c6ff6_447f5_1767185181_00c4cb6a189c8295974724b1460e2289.crt.cache HTTP/2.0" 200 54392 "https://event.acesolutions-ksa.com/267/?p=Ahome1Aimmorth6AsslAcerts" "Mozilla/5.0 AppleWebKit/537.36 (KHTML, like Gecko; compatible; GPTBot/1.3; +https://openai.com/gptbot)" event.acesolutions-ksa.com 74.220.219.162
74.7.227.146 - - [17/Mar/2026:11:39:24 -0600] "GET /ar/267/wear_moda_ovochi_com_bc8c0_c658f_1768969930_b5ad5286aee2121d273e832678c3f252.crt/wp-links-opml.php HTTP/2.0" 409 83 "https://event.acesolutions-ksa.com/ar/267/wear_moda_ovochi_com_bc8c0_c658f_1768969930_b5ad5286aee2121d273e832678c3f252.crt/?p=Ahome1Aimmorth6Apublic_htmlAwebsite_efd5428f" "Mozilla/5.0 AppleWebKit/537.36 (KHTML, like Gecko; compatible; GPTBot/1.3; +https://openai.com/gptbot)" event.acesolutions-ksa.com 74.220.219.162
74.7.227.146 - - [17/Mar/2026:11:39:47 -0600] "GET /242?edit=awstats022024.wear-moda.ovochi.com.txt&p=Ahome1Aimmorth6AtmpAawstats HTTP/2.0" 200 56265 "https://website-efd5428f.ilq.ypm.mybluehost.me" "Mozilla/5.0 AppleWebKit/537.36 (KHTML, like Gecko; compatible; GPTBot/1.3; +https://openai.com/gptbot)" event.acesolutions-ksa.com 74.220.219.162
74.7.242.19 - - [17/Mar/2026:11:39:55 -0600] "GET /316 HTTP/1.1" 200 1635 "https://www.event.acesolutions-ksa.com/immortal-tech-net.immortal-designs.net?p=Ahome1Aimmorth6AwwwAwebsite_d98c9096Awp-includesAjscaa1b9" "Mozilla/5.0 AppleWebKit/537.36 (KHTML, like Gecko; compatible; GPTBot/1.3; +https://openai.com/gptbot)" www.event.acesolutions-ksa.com 74.220.219.162
74.7.242.19 - - [17/Mar/2026:11:39:55 -0600] "GET /316 HTTP/2.0" 200 1635 "https://www.event.acesolutions-ksa.com/immortal-tech-net.immortal-designs.net?p=Ahome1Aimmorth6AwwwAwebsite_d98c9096Awp-includesAjscaa1b9" "Mozilla/5.0 AppleWebKit/537.36 (KHTML, like Gecko; compatible; GPTBot/1.3; +https://openai.com/gptbot)" www.event.acesolutions-ksa.com 74.220.219.162
74.7.227.146 - - [17/Mar/2026:11:40:57 -0600] "GET /ar/267/www_test_ovochi_com_aca41_c576f_1773034327_8d7ff1fcd26cf304b6ea66e4144d3223.crt/51.php HTTP/2.0" 409 83 "https://event.acesolutions-ksa.com/ar/267/www_test_ovochi_com_aca41_c576f_1773034327_8d7ff1fcd26cf304b6ea66e4144d3223.crt/" "Mozilla/5.0 AppleWebKit/537.36 (KHTML, like Gecko; compatible; GPTBot/1.3; +https://openai.com/gptbot)" event.acesolutions-ksa.com 74.220.219.162
74.7.242.19 - - [17/Mar/2026:11:40:58 -0600] "GET /391 HTTP/1.1" 200 1635 "https://www.event.acesolutions-ksa.com/immortal-tech-net.immortal-designs.net?p=Ahome1Aimmorth6AwwwAwebsite_d98c9096Awp-includesAjsbdd7d4" "Mozilla/5.0 AppleWebKit/537.36 (KHTML, like Gecko; compatible; GPTBot/1.3; +https://openai.com/gptbot)" www.event.acesolutions-ksa.com 74.220.219.162
74.7.242.19 - - [17/Mar/2026:11:40:58 -0600] "GET /391 HTTP/2.0" 200 1635 "https://www.event.acesolutions-ksa.com/immortal-tech-net.immortal-designs.net?p=Ahome1Aimmorth6AwwwAwebsite_d98c9096Awp-includesAjsbdd7d4" "Mozilla/5.0 AppleWebKit/537.36 (KHTML, like Gecko; compatible; GPTBot/1.3; +https://openai.com/gptbot)" www.event.acesolutions-ksa.com 74.220.219.162
74.220.219.162 - - [17/Mar/2026:11:41:33 -0600] "POST /wp-cron.php?doing_wp_cron=1773769293.3459610939025878906250 HTTP/2.0" 200 - "-" "WordPress/6.9; https://event.acesolutions-ksa.com" event.acesolutions-ksa.com 74.220.219.162
74.7.227.146 - - [17/Mar/2026:11:41:45 -0600] "GET /267/website_8f025ff1_ovochi_com_b5672_0602b_1777786471_01dfc7d1317cc355c5857b28c4f618e6.crt/51.php HTTP/2.0" 409 83 "https://event.acesolutions-ksa.com/267/website_8f025ff1_ovochi_com_b5672_0602b_1777786471_01dfc7d1317cc355c5857b28c4f618e6.crt/" "Mozilla/5.0 AppleWebKit/537.36 (KHTML, like Gecko; compatible; GPTBot/1.3; +https://openai.com/gptbot)" event.acesolutions-ksa.com 74.220.219.162
74.7.242.19 - - [17/Mar/2026:11:41:55 -0600] "GET /390 HTTP/1.1" 200 1635 "https://www.event.acesolutions-ksa.com/immortal-tech-net.immortal-designs.net?p=Ahome1Aimmorth6AwwwAwebsite_d98c9096Awp-includesAbrd2a1ba" "Mozilla/5.0 AppleWebKit/537.36 (KHTML, like Gecko; compatible; GPTBot/1.3; +https://openai.com/gptbot)" www.event.acesolutions-ksa.com 74.220.219.162
74.7.242.19 - - [17/Mar/2026:11:41:54 -0600] "GET /390 HTTP/2.0" 200 1635 "https://www.event.acesolutions-ksa.com/immortal-tech-net.immortal-designs.net?p=Ahome1Aimmorth6AwwwAwebsite_d98c9096Awp-includesAbrd2a1ba" "Mozilla/5.0 AppleWebKit/537.36 (KHTML, like Gecko; compatible; GPTBot/1.3; +https://openai.com/gptbot)" www.event.acesolutions-ksa.com 74.220.219.162
216.73.216.97 - - [17/Mar/2026:11:42:20 -0600] "GET /akismet-ar.po?p=Ahome1 HTTP/1.1" 200 870 "-" "Mozilla/5.0 AppleWebKit/537.36 (KHTML, like Gecko; compatible; ClaudeBot/1.0; +claudebot@anthropic.com)" www.event.acesolutions-ksa.com 74.220.219.162
216.73.216.97 - - [17/Mar/2026:11:42:20 -0600] "GET /akismet-ar.po?p=Ahome1 HTTP/2.0" 200 870 "-" "Mozilla/5.0 AppleWebKit/537.36 (KHTML, like Gecko; compatible; ClaudeBot/1.0; +claudebot@anthropic.com)" www.event.acesolutions-ksa.com 74.220.219.162
216.73.216.97 - - [17/Mar/2026:11:42:32 -0600] "GET /?p=Ahome1Aimmorth6Apublic_htmlAwebsite_efd5428fAwp-contentApluginsAeasy-fancyboxAfancyboxA2I2I0 HTTP/1.1" 200 3281 "-" "Mozilla/5.0 AppleWebKit/537.36 (KHTML, like Gecko; compatible; ClaudeBot/1.0; +claudebot@anthropic.com)" www.event.acesolutions-ksa.com 74.220.219.162
216.73.216.97 - - [17/Mar/2026:11:42:32 -0600] "GET /?p=Ahome1Aimmorth6Apublic_htmlAwebsite_efd5428fAwp-contentApluginsAeasy-fancyboxAfancyboxA2I2I0 HTTP/2.0" 200 3281 "-" "Mozilla/5.0 AppleWebKit/537.36 (KHTML, like Gecko; compatible; ClaudeBot/1.0; +claudebot@anthropic.com)" www.event.acesolutions-ksa.com 74.220.219.162
74.7.242.19 - - [17/Mar/2026:11:42:48 -0600] "GET /649 HTTP/1.1" 200 1635 "https://www.event.acesolutions-ksa.com/immortal-tech-net.immortal-designs.net?p=Ahome1Aimmorth6AwwwAwebsite_d98c9096Awp-includesAbra4d0bf" "Mozilla/5.0 AppleWebKit/537.36 (KHTML, like Gecko; compatible; GPTBot/1.3; +https://openai.com/gptbot)" www.event.acesolutions-ksa.com 74.220.219.162
74.7.242.19 - - [17/Mar/2026:11:42:48 -0600] "GET /649 HTTP/2.0" 200 1635 "https://www.event.acesolutions-ksa.com/immortal-tech-net.immortal-designs.net?p=Ahome1Aimmorth6AwwwAwebsite_d98c9096Awp-includesAbra4d0bf" "Mozilla/5.0 AppleWebKit/537.36 (KHTML, like Gecko; compatible; GPTBot/1.3; +https://openai.com/gptbot)" www.event.acesolutions-ksa.com 74.220.219.162
74.7.227.146 - - [17/Mar/2026:11:42:52 -0600] "GET /267/website_8f025ff1_ovochi_com_b5672_0602b_1777786471_01dfc7d1317cc355c5857b28c4f618e6.crt/sso.php HTTP/2.0" 409 83 "https://event.acesolutions-ksa.com/267/website_8f025ff1_ovochi_com_b5672_0602b_1777786471_01dfc7d1317cc355c5857b28c4f618e6.crt/" "Mozilla/5.0 AppleWebKit/537.36 (KHTML, like Gecko; compatible; GPTBot/1.3; +https://openai.com/gptbot)" event.acesolutions-ksa.com 74.220.219.162
74.220.219.162 - - [17/Mar/2026:11:43:34 -0600] "POST /wp-cron.php?doing_wp_cron=1773769414.1949949264526367187500 HTTP/2.0" 200 - "-" "WordPress/6.9; https://event.acesolutions-ksa.com" event.acesolutions-ksa.com 74.220.219.162
74.7.242.19 - - [17/Mar/2026:11:43:33 -0600] "GET /299 HTTP/1.1" 200 1635 "https://www.event.acesolutions-ksa.com/immortal-tech-net.immortal-designs.net?p=Ahome1Aimmorth6AwwwAwebsite_d98c9096Awp-includesAad49caff" "Mozilla/5.0 AppleWebKit/537.36 (KHTML, like Gecko; compatible; GPTBot/1.3; +https://openai.com/gptbot)" www.event.acesolutions-ksa.com 74.220.219.162
74.7.242.19 - - [17/Mar/2026:11:43:33 -0600] "GET /299 HTTP/2.0" 200 1635 "https://www.event.acesolutions-ksa.com/immortal-tech-net.immortal-designs.net?p=Ahome1Aimmorth6AwwwAwebsite_d98c9096Awp-includesAad49caff" "Mozilla/5.0 AppleWebKit/537.36 (KHTML, like Gecko; compatible; GPTBot/1.3; +https://openai.com/gptbot)" www.event.acesolutions-ksa.com 74.220.219.162
74.7.227.146 - - [17/Mar/2026:11:43:52 -0600] "GET /267/www_ohcc_sa_ea892_fc21f_1767414711_f3c92eb427cb0385a30b53a83e5acc3f.crt/?p=Ahome1Aimmorth6Apublic_htmlAwebsite_efd5428fAwp-content HTTP/2.0" 200 55104 "https://event.acesolutions-ksa.com/267/www_ohcc_sa_ea892_fc21f_1767414711_f3c92eb427cb0385a30b53a83e5acc3f.crt/" "Mozilla/5.0 AppleWebKit/537.36 (KHTML, like Gecko; compatible; GPTBot/1.3; +https://openai.com/gptbot)" event.acesolutions-ksa.com 74.220.219.162
74.7.242.19 - - [17/Mar/2026:11:44:16 -0600] "GET /immortal-tech-net.immortal-designs.net?edit=blocks-json.php&p=Ahome1Aimmorth6AwwwAwebsite_17210628Awp-includesAblocks HTTP/2.0" 409 83 "https://www.event.acesolutions-ksa.com/immortal-tech-net.immortal-designs.net?p=Ahome1Aimmorth6AwwwAwebsite_17210628Awp-includesAblocks" "Mozilla/5.0 AppleWebKit/537.36 (KHTML, like Gecko; compatible; GPTBot/1.3; +https://openai.com/gptbot)" www.event.acesolutions-ksa.com 74.220.219.162
74.7.242.19 - - [17/Mar/2026:11:44:53 -0600] "GET /aa6?p=Ahome1 HTTP/1.1" 200 870 "https://www.event.acesolutions-ksa.com/aa6" "Mozilla/5.0 AppleWebKit/537.36 (KHTML, like Gecko; compatible; GPTBot/1.3; +https://openai.com/gptbot)" www.event.acesolutions-ksa.com 74.220.219.162
74.7.242.19 - - [17/Mar/2026:11:44:53 -0600] "GET /aa6?p=Ahome1 HTTP/2.0" 200 870 "https://www.event.acesolutions-ksa.com/aa6" "Mozilla/5.0 AppleWebKit/537.36 (KHTML, like Gecko; compatible; GPTBot/1.3; +https://openai.com/gptbot)" www.event.acesolutions-ksa.com 74.220.219.162
74.7.227.146 - - [17/Mar/2026:11:44:58 -0600] "GET /267/website_e0dc5845_ovochi_com_c3523_3828d_1763872375_0c19eb9eb1e91267aa5921b9bffe1318.crt.cache?p=Ahome1Aimmorth6 HTTP/2.0" 200 64862 "https://event.acesolutions-ksa.com/267/website_e0dc5845_ovochi_com_c3523_3828d_1763872375_0c19eb9eb1e91267aa5921b9bffe1318.crt.cache" "Mozilla/5.0 AppleWebKit/537.36 (KHTML, like Gecko; compatible; GPTBot/1.3; +https://openai.com/gptbot)" event.acesolutions-ksa.com 74.220.219.162
74.220.219.162 - - [17/Mar/2026:11:45:38 -0600] "POST /wp-cron.php?doing_wp_cron=1773769538.5801720619201660156250 HTTP/2.0" 200 - "-" "WordPress/6.9; https://event.acesolutions-ksa.com" event.acesolutions-ksa.com 74.220.219.162
216.73.216.97 - - [17/Mar/2026:11:45:42 -0600] "GET /sitemap.xml?p=Ahome1Aimmorth6Apublic_htmlAwebsite_efd5428fAwp-contentAthemesAtwentytwentyfive HTTP/1.1" 200 2813 "-" "Mozilla/5.0 AppleWebKit/537.36 (KHTML, like Gecko; compatible; ClaudeBot/1.0; +claudebot@anthropic.com)" www.event.acesolutions-ksa.com 74.220.219.162
216.73.216.97 - - [17/Mar/2026:11:45:42 -0600] "GET /sitemap.xml?p=Ahome1Aimmorth6Apublic_htmlAwebsite_efd5428fAwp-contentAthemesAtwentytwentyfive HTTP/2.0" 200 2813 "-" "Mozilla/5.0 AppleWebKit/537.36 (KHTML, like Gecko; compatible; ClaudeBot/1.0; +claudebot@anthropic.com)" www.event.acesolutions-ksa.com 74.220.219.162
74.7.242.19 - - [17/Mar/2026:11:45:53 -0600] "GET /immortal-tech-net.immortal-designs.net?edit=home-link.php&p=Ahome1Aimmorth6AwwwAwebsite_17210628Awp-includesAblocks HTTP/2.0" 409 83 "https://www.event.acesolutions-ksa.com/immortal-tech-net.immortal-designs.net?p=Ahome1Aimmorth6AwwwAwebsite_17210628Awp-includesAblocks" "Mozilla/5.0 AppleWebKit/537.36 (KHTML, like Gecko; compatible; GPTBot/1.3; +https://openai.com/gptbot)" www.event.acesolutions-ksa.com 74.220.219.162
74.7.227.146 - - [17/Mar/2026:11:45:56 -0600] "GET /ar/c81/.htaccess.lock-12d4ae123cb05-136b6aa8b-1fcbc HTTP/2.0" 200 55633 "https://event.acesolutions-ksa.com/ar/c81/?p=Ahome1Aimmorth6AwwwAtest-ovochi-com" "Mozilla/5.0 AppleWebKit/537.36 (KHTML, like Gecko; compatible; GPTBot/1.3; +https://openai.com/gptbot)" event.acesolutions-ksa.com 74.220.219.162
74.7.227.146 - - [17/Mar/2026:11:46:45 -0600] "GET /267/www_ilq_ypm_mybluehost_me_d7ce0_e27c9_1771306279_bf757708790f08b4225ce479479a6056.crt HTTP/2.0" 200 54394 "https://event.acesolutions-ksa.com/267/?p=Ahome1Aimmorth6AsslAcerts" "Mozilla/5.0 AppleWebKit/537.36 (KHTML, like Gecko; compatible; GPTBot/1.3; +https://openai.com/gptbot)" event.acesolutions-ksa.com 74.220.219.162
74.7.242.19 - - [17/Mar/2026:11:46:51 -0600] "GET /immortal-tech-net.immortal-designs.net?edit=query-pagination-next.php&p=Ahome1Aimmorth6AwwwAwebsite_17210628Awp-includesAblocks HTTP/2.0" 409 83 "https://www.event.acesolutions-ksa.com/immortal-tech-net.immortal-designs.net?p=Ahome1Aimmorth6AwwwAwebsite_17210628Awp-includesAblocks" "Mozilla/5.0 AppleWebKit/537.36 (KHTML, like Gecko; compatible; GPTBot/1.3; +https://openai.com/gptbot)" www.event.acesolutions-ksa.com 74.220.219.162
74.7.227.146 - - [17/Mar/2026:11:47:30 -0600] "GET /267/www_wear_moda_ovochi_com_c2843_4fce3_1763613154_9c155f6279ade25577c13d8a0d1c3622.crt.cache HTTP/2.0" 200 54402 "https://event.acesolutions-ksa.com/267/?p=Ahome1Aimmorth6AsslAcerts" "Mozilla/5.0 AppleWebKit/537.36 (KHTML, like Gecko; compatible; GPTBot/1.3; +https://openai.com/gptbot)" event.acesolutions-ksa.com 74.220.219.162
74.220.219.162 - - [17/Mar/2026:11:47:53 -0600] "POST /wp-cron.php?doing_wp_cron=1773769673.7333469390869140625000 HTTP/2.0" 200 - "-" "WordPress/6.9; https://event.acesolutions-ksa.com" event.acesolutions-ksa.com 74.220.219.162
74.7.242.19 - - [17/Mar/2026:11:47:56 -0600] "GET /immortal-tech-net.immortal-designs.net?edit=tag-cloud.php&p=Ahome1Aimmorth6AwwwAwebsite_17210628Awp-includesAblocks HTTP/2.0" 409 83 "https://www.event.acesolutions-ksa.com/immortal-tech-net.immortal-designs.net?p=Ahome1Aimmorth6AwwwAwebsite_17210628Awp-includesAblocks" "Mozilla/5.0 AppleWebKit/537.36 (KHTML, like Gecko; compatible; GPTBot/1.3; +https://openai.com/gptbot)" www.event.acesolutions-ksa.com 74.220.219.162
74.7.227.146 - - [17/Mar/2026:11:48:14 -0600] "GET /267/webmail_ovochi_com_d39a4_8b68d_1766032263_6734eb62ebef5ea39e5e59916b7075f3.crt HTTP/2.0" 200 54373 "https://event.acesolutions-ksa.com/267/?p=Ahome1Aimmorth6AsslAcerts" "Mozilla/5.0 AppleWebKit/537.36 (KHTML, like Gecko; compatible; GPTBot/1.3; +https://openai.com/gptbot)" event.acesolutions-ksa.com 74.220.219.162
74.7.227.146 - - [17/Mar/2026:11:48:52 -0600] "GET /267/www_test_ovochi_com_aca41_c576f_1773034327_8d7ff1fcd26cf304b6ea66e4144d3223.crt/ HTTP/2.0" 200 54356 "https://event.acesolutions-ksa.com/ar/267/www_test_ovochi_com_aca41_c576f_1773034327_8d7ff1fcd26cf304b6ea66e4144d3223.crt/" "Mozilla/5.0 AppleWebKit/537.36 (KHTML, like Gecko; compatible; GPTBot/1.3; +https://openai.com/gptbot)" event.acesolutions-ksa.com 74.220.219.162
74.7.242.19 - - [17/Mar/2026:11:49:01 -0600] "GET /immortal-tech-net.immortal-designs.net?edit=post-author.php&p=Ahome1Aimmorth6AwwwAwebsite_17210628Awp-includesAblocks HTTP/2.0" 409 83 "https://www.event.acesolutions-ksa.com/immortal-tech-net.immortal-designs.net?p=Ahome1Aimmorth6AwwwAwebsite_17210628Awp-includesAblocks" "Mozilla/5.0 AppleWebKit/537.36 (KHTML, like Gecko; compatible; GPTBot/1.3; +https://openai.com/gptbot)" www.event.acesolutions-ksa.com 74.220.219.162
74.7.227.146 - - [17/Mar/2026:11:49:26 -0600] "GET /ar/267/www_wear_moda_ovochi_com_c2843_4fce3_1763613154_9c155f6279ade25577c13d8a0d1c3622.crt/ HTTP/2.0" 200 55788 "https://event.acesolutions-ksa.com/267/www_wear_moda_ovochi_com_c2843_4fce3_1763613154_9c155f6279ade25577c13d8a0d1c3622.crt" "Mozilla/5.0 AppleWebKit/537.36 (KHTML, like Gecko; compatible; GPTBot/1.3; +https://openai.com/gptbot)" event.acesolutions-ksa.com 74.220.219.162
74.220.219.162 - - [17/Mar/2026:11:50:05 -0600] "POST /wp-cron.php?doing_wp_cron=1773769804.9229700565338134765625 HTTP/2.0" 200 - "-" "WordPress/6.9; https://event.acesolutions-ksa.com" event.acesolutions-ksa.com 74.220.219.162
74.7.242.19 - - [17/Mar/2026:11:50:04 -0600] "GET /316?p=Ahome1 HTTP/1.1" 200 870 "https://www.event.acesolutions-ksa.com/316" "Mozilla/5.0 AppleWebKit/537.36 (KHTML, like Gecko; compatible; GPTBot/1.3; +https://openai.com/gptbot)" www.event.acesolutions-ksa.com 74.220.219.162
74.7.242.19 - - [17/Mar/2026:11:50:04 -0600] "GET /316?p=Ahome1 HTTP/2.0" 200 870 "https://www.event.acesolutions-ksa.com/316" "Mozilla/5.0 AppleWebKit/537.36 (KHTML, like Gecko; compatible; GPTBot/1.3; +https://openai.com/gptbot)" www.event.acesolutions-ksa.com 74.220.219.162
74.7.227.146 - - [17/Mar/2026:11:50:54 -0600] "GET /267/.htaccess.phpupgrader.fc79bf90 HTTP/2.0" 409 83 "https://event.acesolutions-ksa.com/267/mail_ohcc_sa_cfbc1_7a1ab_1767328272_116fee33b140580a137a09a2b6398fdd.crt?p=Ahome1Aimmorth6Apublic_htmlAwebsite_efd5428f" "Mozilla/5.0 AppleWebKit/537.36 (KHTML, like Gecko; compatible; GPTBot/1.3; +https://openai.com/gptbot)" event.acesolutions-ksa.com 74.220.219.162
74.7.242.19 - - [17/Mar/2026:11:51:08 -0600] "GET /391?p=Ahome1 HTTP/1.1" 200 870 "https://www.event.acesolutions-ksa.com/391" "Mozilla/5.0 AppleWebKit/537.36 (KHTML, like Gecko; compatible; GPTBot/1.3; +https://openai.com/gptbot)" www.event.acesolutions-ksa.com 74.220.219.162
74.7.242.19 - - [17/Mar/2026:11:51:08 -0600] "GET /391?p=Ahome1 HTTP/2.0" 200 870 "https://www.event.acesolutions-ksa.com/391" "Mozilla/5.0 AppleWebKit/537.36 (KHTML, like Gecko; compatible; GPTBot/1.3; +https://openai.com/gptbot)" www.event.acesolutions-ksa.com 74.220.219.162
74.7.227.146 - - [17/Mar/2026:11:51:16 -0600] "GET /267/www_ohcc_sa_ea892_fc21f_1767414711_f3c92eb427cb0385a30b53a83e5acc3f.crt/db-202504291021.sql HTTP/2.0" 406 226 "https://event.acesolutions-ksa.com/267/www_ohcc_sa_ea892_fc21f_1767414711_f3c92eb427cb0385a30b53a83e5acc3f.crt/?p=Ahome1Aimmorth6Apublic_htmlAwebsite_efd5428fAwp-content" "Mozilla/5.0 AppleWebKit/537.36 (KHTML, like Gecko; compatible; GPTBot/1.3; +https://openai.com/gptbot)" event.acesolutions-ksa.com 74.220.219.162
74.220.219.162 - - [17/Mar/2026:11:52:08 -0600] "POST /wp-cron.php?doing_wp_cron=1773769928.5728681087493896484375 HTTP/2.0" 200 - "-" "WordPress/6.9; https://event.acesolutions-ksa.com" event.acesolutions-ksa.com 74.220.219.162
74.7.242.19 - - [17/Mar/2026:11:52:07 -0600] "GET /390?p=Ahome1 HTTP/1.1" 200 870 "https://www.event.acesolutions-ksa.com/390" "Mozilla/5.0 AppleWebKit/537.36 (KHTML, like Gecko; compatible; GPTBot/1.3; +https://openai.com/gptbot)" www.event.acesolutions-ksa.com 74.220.219.162
74.7.242.19 - - [17/Mar/2026:11:52:07 -0600] "GET /390?p=Ahome1 HTTP/2.0" 200 870 "https://www.event.acesolutions-ksa.com/390" "Mozilla/5.0 AppleWebKit/537.36 (KHTML, like Gecko; compatible; GPTBot/1.3; +https://openai.com/gptbot)" www.event.acesolutions-ksa.com 74.220.219.162
74.7.227.146 - - [17/Mar/2026:11:52:22 -0600] "GET /267/website_e0dc5845_ovochi_com_c3523_3828d_1763872375_0c19eb9eb1e91267aa5921b9bffe1318.crt.cache?edit=immorth6_WPWDC.1635355567.sql&p=Ahome1Aimmorth6 HTTP/2.0" 200 53523 "https://event.acesolutions-ksa.com/267/website_e0dc5845_ovochi_com_c3523_3828d_1763872375_0c19eb9eb1e91267aa5921b9bffe1318.crt.cache?p=Ahome1Aimmorth6" "Mozilla/5.0 AppleWebKit/537.36 (KHTML, like Gecko; compatible; GPTBot/1.3; +https://openai.com/gptbot)" event.acesolutions-ksa.com 74.220.219.162
74.7.242.19 - - [17/Mar/2026:11:52:58 -0600] "GET /649?p=Ahome1 HTTP/1.1" 200 870 "https://www.event.acesolutions-ksa.com/649" "Mozilla/5.0 AppleWebKit/537.36 (KHTML, like Gecko; compatible; GPTBot/1.3; +https://openai.com/gptbot)" www.event.acesolutions-ksa.com 74.220.219.162
74.7.242.19 - - [17/Mar/2026:11:52:58 -0600] "GET /649?p=Ahome1 HTTP/2.0" 200 870 "https://www.event.acesolutions-ksa.com/649" "Mozilla/5.0 AppleWebKit/537.36 (KHTML, like Gecko; compatible; GPTBot/1.3; +https://openai.com/gptbot)" www.event.acesolutions-ksa.com 74.220.219.162
74.7.227.146 - - [17/Mar/2026:11:53:28 -0600] "GET /267/website_e0dc5845_ovochi_com_c3523_3828d_1763872375_0c19eb9eb1e91267aa5921b9bffe1318.crt.cache?edit=immorth6_WPHWL.1715013370.sql.gz&p=Ahome1Aimmorth6 HTTP/2.0" 200 53531 "https://event.acesolutions-ksa.com/267/website_e0dc5845_ovochi_com_c3523_3828d_1763872375_0c19eb9eb1e91267aa5921b9bffe1318.crt.cache?p=Ahome1Aimmorth6" "Mozilla/5.0 AppleWebKit/537.36 (KHTML, like Gecko; compatible; GPTBot/1.3; +https://openai.com/gptbot)" event.acesolutions-ksa.com 74.220.219.162
216.73.216.97 - - [17/Mar/2026:11:53:35 -0600] "GET /?p=Ahome1Aimmorth6Apublic_htmlAwebsite_efd5428fAwp-contentApluginsAwordpress-seoAsrcApromotions HTTP/1.1" 200 1319 "-" "Mozilla/5.0 AppleWebKit/537.36 (KHTML, like Gecko; compatible; ClaudeBot/1.0; +claudebot@anthropic.com)" www.event.acesolutions-ksa.com 74.220.219.162
216.73.216.97 - - [17/Mar/2026:11:53:35 -0600] "GET /?p=Ahome1Aimmorth6Apublic_htmlAwebsite_efd5428fAwp-contentApluginsAwordpress-seoAsrcApromotions HTTP/2.0" 200 1319 "-" "Mozilla/5.0 AppleWebKit/537.36 (KHTML, like Gecko; compatible; ClaudeBot/1.0; +claudebot@anthropic.com)" www.event.acesolutions-ksa.com 74.220.219.162
74.7.242.19 - - [17/Mar/2026:11:53:43 -0600] "GET /299?p=Ahome1 HTTP/1.1" 200 870 "https://www.event.acesolutions-ksa.com/299" "Mozilla/5.0 AppleWebKit/537.36 (KHTML, like Gecko; compatible; GPTBot/1.3; +https://openai.com/gptbot)" www.event.acesolutions-ksa.com 74.220.219.162
74.7.242.19 - - [17/Mar/2026:11:53:43 -0600] "GET /299?p=Ahome1 HTTP/2.0" 200 870 "https://www.event.acesolutions-ksa.com/299" "Mozilla/5.0 AppleWebKit/537.36 (KHTML, like Gecko; compatible; GPTBot/1.3; +https://openai.com/gptbot)" www.event.acesolutions-ksa.com 74.220.219.162
74.220.219.162 - - [17/Mar/2026:11:54:10 -0600] "POST /wp-cron.php?doing_wp_cron=1773770049.9942700862884521484375 HTTP/2.0" 200 - "-" "WordPress/6.9; https://event.acesolutions-ksa.com" event.acesolutions-ksa.com 74.220.219.162
74.7.227.146 - - [17/Mar/2026:11:54:21 -0600] "GET /ar/267/www_ilq_ypm_mybluehost_me_d7ce0_e27c9_1771306279_bf757708790f08b4225ce479479a6056.crt/ HTTP/2.0" 200 55795 "https://event.acesolutions-ksa.com/267/www_ilq_ypm_mybluehost_me_d7ce0_e27c9_1771306279_bf757708790f08b4225ce479479a6056.crt" "Mozilla/5.0 AppleWebKit/537.36 (KHTML, like Gecko; compatible; GPTBot/1.3; +https://openai.com/gptbot)" event.acesolutions-ksa.com 74.220.219.162
74.7.242.19 - - [17/Mar/2026:11:54:23 -0600] "GET /1726011433.M632247P767896.box2010.bluehost.com,S=4226,W=4331:2,?edit=index.php&p=Ahome1Aimmorth6Apublic_htmlAwebsite_efd5428fAwp-content HTTP/2.0" 409 83 "https://www.event.acesolutions-ksa.com/1726011433.M632247P767896.box2010.bluehost.com,S=4226,W=4331:2,?p=Ahome1Aimmorth6Apublic_htmlAwebsite_efd5428fAwp-content" "Mozilla/5.0 AppleWebKit/537.36 (KHTML, like Gecko; compatible; GPTBot/1.3; +https://openai.com/gptbot)" www.event.acesolutions-ksa.com 74.220.219.162
74.7.242.19 - - [17/Mar/2026:11:55:01 -0600] "GET /ab2?edit=immorth6_WPWDC.1635355567.sql&p=Ahome1Aimmorth6 HTTP/1.1" 200 699 "https://www.event.acesolutions-ksa.com/ab2?p=Ahome1Aimmorth6" "Mozilla/5.0 AppleWebKit/537.36 (KHTML, like Gecko; compatible; GPTBot/1.3; +https://openai.com/gptbot)" www.event.acesolutions-ksa.com 74.220.219.162
74.7.242.19 - - [17/Mar/2026:11:55:01 -0600] "GET /ab2?edit=immorth6_WPWDC.1635355567.sql&p=Ahome1Aimmorth6 HTTP/2.0" 200 699 "https://www.event.acesolutions-ksa.com/ab2?p=Ahome1Aimmorth6" "Mozilla/5.0 AppleWebKit/537.36 (KHTML, like Gecko; compatible; GPTBot/1.3; +https://openai.com/gptbot)" www.event.acesolutions-ksa.com 74.220.219.162
74.7.227.146 - - [17/Mar/2026:11:55:15 -0600] "GET /267/.htaccess.phpupgrader.cf0b9e33 HTTP/2.0" 409 83 "https://event.acesolutions-ksa.com/267/wear_moda_ovochi_com_bc8c0_c658f_1768969930_b5ad5286aee2121d273e832678c3f252.crt?p=Ahome1Aimmorth6" "Mozilla/5.0 AppleWebKit/537.36 (KHTML, like Gecko; compatible; GPTBot/1.3; +https://openai.com/gptbot)" event.acesolutions-ksa.com 74.220.219.162
74.7.242.19 - - [17/Mar/2026:11:56:02 -0600] "GET /1773023747.M455071P256026.box2010.bluehost.com,S=2343,W=2408?edit=51.php&p=Ahome1Aimmorth6Apublic_htmlAwebsite_efd5428fAwp-contentAmu-plugins HTTP/2.0" 409 83 "https://www.event.acesolutions-ksa.com/1773023747.M455071P256026.box2010.bluehost.com,S=2343,W=2408" "Mozilla/5.0 AppleWebKit/537.36 (KHTML, like Gecko; compatible; GPTBot/1.3; +https://openai.com/gptbot)" www.event.acesolutions-ksa.com 74.220.219.162
74.220.219.162 - - [17/Mar/2026:11:56:10 -0600] "POST /wp-cron.php?doing_wp_cron=1773770170.5279290676116943359375 HTTP/2.0" 200 - "-" "WordPress/6.9; https://event.acesolutions-ksa.com/ar" event.acesolutions-ksa.com 74.220.219.162
74.7.227.146 - - [17/Mar/2026:11:56:09 -0600] "GET /ar/267/webmail_ovochi_com_d39a4_8b68d_1766032263_6734eb62ebef5ea39e5e59916b7075f3.crt/ HTTP/2.0" 200 55698 "https://event.acesolutions-ksa.com/267/webmail_ovochi_com_d39a4_8b68d_1766032263_6734eb62ebef5ea39e5e59916b7075f3.crt" "Mozilla/5.0 AppleWebKit/537.36 (KHTML, like Gecko; compatible; GPTBot/1.3; +https://openai.com/gptbot)" event.acesolutions-ksa.com 74.220.219.162
74.7.227.146 - - [17/Mar/2026:11:56:57 -0600] "GET /267/www_test_ovochi_com_aca41_c576f_1773034327_8d7ff1fcd26cf304b6ea66e4144d3223.crt/?edit=51.php&p=Ahome1Aimmorth6Apublic_htmlAwebsite_efd5428fAwp-contentAmu-plugins HTTP/2.0" 409 83 "https://event.acesolutions-ksa.com/267/www_test_ovochi_com_aca41_c576f_1773034327_8d7ff1fcd26cf304b6ea66e4144d3223.crt/" "Mozilla/5.0 AppleWebKit/537.36 (KHTML, like Gecko; compatible; GPTBot/1.3; +https://openai.com/gptbot)" event.acesolutions-ksa.com 74.220.219.162
74.7.242.19 - - [17/Mar/2026:11:56:58 -0600] "GET /immortal-tech-net.immortal-designs.net?edit=post-comments-count.php&p=Ahome1Aimmorth6AwwwAwebsite_17210628Awp-includesAblocks HTTP/2.0" 409 83 "https://www.event.acesolutions-ksa.com/immortal-tech-net.immortal-designs.net?p=Ahome1Aimmorth6AwwwAwebsite_17210628Awp-includesAblocks" "Mozilla/5.0 AppleWebKit/537.36 (KHTML, like Gecko; compatible; GPTBot/1.3; +https://openai.com/gptbot)" www.event.acesolutions-ksa.com 74.220.219.162
74.7.227.146 - - [17/Mar/2026:11:57:58 -0600] "GET /ar/267/www_wear_moda_ovochi_com_c2843_4fce3_1763613154_9c155f6279ade25577c13d8a0d1c3622.crt/?p=Ahome1Aimmorth6Apublic_htmlAwebsite_efd5428fAwp-contentAmu-plugins HTTP/2.0" 200 55887 "https://event.acesolutions-ksa.com/ar/267/www_wear_moda_ovochi_com_c2843_4fce3_1763613154_9c155f6279ade25577c13d8a0d1c3622.crt/" "Mozilla/5.0 AppleWebKit/537.36 (KHTML, like Gecko; compatible; GPTBot/1.3; +https://openai.com/gptbot)" event.acesolutions-ksa.com 74.220.219.162
74.7.242.19 - - [17/Mar/2026:11:58:00 -0600] "GET /7b3?p=Ahome1Aimmorth6 HTTP/1.1" 200 11781 "https://www.event.acesolutions-ksa.com/7b3" "Mozilla/5.0 AppleWebKit/537.36 (KHTML, like Gecko; compatible; GPTBot/1.3; +https://openai.com/gptbot)" www.event.acesolutions-ksa.com 74.220.219.162
74.7.242.19 - - [17/Mar/2026:11:58:00 -0600] "GET /7b3?p=Ahome1Aimmorth6 HTTP/2.0" 200 11781 "https://www.event.acesolutions-ksa.com/7b3" "Mozilla/5.0 AppleWebKit/537.36 (KHTML, like Gecko; compatible; GPTBot/1.3; +https://openai.com/gptbot)" www.event.acesolutions-ksa.com 74.220.219.162
74.220.219.162 - - [17/Mar/2026:11:58:23 -0600] "POST /wp-cron.php?doing_wp_cron=1773770302.8508450984954833984375 HTTP/2.0" 200 - "-" "WordPress/6.9; https://event.acesolutions-ksa.com" event.acesolutions-ksa.com 74.220.219.162
74.7.227.146 - - [17/Mar/2026:11:58:56 -0600] "GET /267/website_8f025ff1_ovochi_com_c0e00_039ad_1777700093_900e978536101c2c8cef4e8162dc544b.crt/sso.php HTTP/2.0" 409 83 "https://event.acesolutions-ksa.com/267/website_8f025ff1_ovochi_com_c0e00_039ad_1777700093_900e978536101c2c8cef4e8162dc544b.crt/" "Mozilla/5.0 AppleWebKit/537.36 (KHTML, like Gecko; compatible; GPTBot/1.3; +https://openai.com/gptbot)" event.acesolutions-ksa.com 74.220.219.162
74.7.242.19 - - [17/Mar/2026:11:59:02 -0600] "GET /77d?p=Ahome1Aimmorth6 HTTP/1.1" 200 11781 "https://www.event.acesolutions-ksa.com/77d" "Mozilla/5.0 AppleWebKit/537.36 (KHTML, like Gecko; compatible; GPTBot/1.3; +https://openai.com/gptbot)" www.event.acesolutions-ksa.com 74.220.219.162
