74.7.242.19 - - [17/Mar/2026:11:59:02 -0600] "GET /77d?p=Ahome1Aimmorth6 HTTP/2.0" 200 11781 "https://www.event.acesolutions-ksa.com/77d" "Mozilla/5.0 AppleWebKit/537.36 (KHTML, like Gecko; compatible; GPTBot/1.3; +https://openai.com/gptbot)" www.event.acesolutions-ksa.com 74.220.219.162
74.7.242.19 - - [17/Mar/2026:11:59:57 -0600] "GET /1756173622.M407395P981855.box2010.bluehost.com,S=3400,W=3486:2,?edit=_%28%3A%D0%B7%E3%80%8D&p=Ahome1Aimmorth6Apublic_html HTTP/1.1" 200 5108 "https://www.event.acesolutions-ksa.com/1756173622.M407395P981855.box2010.bluehost.com,S=3400,W=3486:2,?p=Ahome1Aimmorth6Apublic_html" "Mozilla/5.0 AppleWebKit/537.36 (KHTML, like Gecko; compatible; GPTBot/1.3; +https://openai.com/gptbot)" www.event.acesolutions-ksa.com 74.220.219.162
74.7.242.19 - - [17/Mar/2026:11:59:57 -0600] "GET /1756173622.M407395P981855.box2010.bluehost.com,S=3400,W=3486:2,?edit=_%28%3A%D0%B7%E3%80%8D&p=Ahome1Aimmorth6Apublic_html HTTP/2.0" 200 5108 "https://www.event.acesolutions-ksa.com/1756173622.M407395P981855.box2010.bluehost.com,S=3400,W=3486:2,?p=Ahome1Aimmorth6Apublic_html" "Mozilla/5.0 AppleWebKit/537.36 (KHTML, like Gecko; compatible; GPTBot/1.3; +https://openai.com/gptbot)" www.event.acesolutions-ksa.com 74.220.219.162
74.7.227.146 - - [17/Mar/2026:12:00:05 -0600] "GET /267/website_8f025ff1_ovochi_com_c0e00_039ad_1777700093_900e978536101c2c8cef4e8162dc544b.crt/51.php HTTP/2.0" 409 83 "https://event.acesolutions-ksa.com/267/website_8f025ff1_ovochi_com_c0e00_039ad_1777700093_900e978536101c2c8cef4e8162dc544b.crt/" "Mozilla/5.0 AppleWebKit/537.36 (KHTML, like Gecko; compatible; GPTBot/1.3; +https://openai.com/gptbot)" event.acesolutions-ksa.com 74.220.219.162
74.7.242.19 - - [17/Mar/2026:12:00:46 -0600] "GET /immortal-tech-net.immortal-designs.net?edit=post-author-name.php&p=Ahome1Aimmorth6AwwwAwebsite_17210628Awp-includesAblocks HTTP/2.0" 409 83 "https://www.event.acesolutions-ksa.com/immortal-tech-net.immortal-designs.net?p=Ahome1Aimmorth6AwwwAwebsite_17210628Awp-includesAblocks" "Mozilla/5.0 AppleWebKit/537.36 (KHTML, like Gecko; compatible; GPTBot/1.3; +https://openai.com/gptbot)" www.event.acesolutions-ksa.com 74.220.219.162
74.220.219.162 - - [17/Mar/2026:12:00:51 -0600] "POST /wp-cron.php?doing_wp_cron=1773770451.6589179039001464843750 HTTP/2.0" 200 - "-" "WordPress/6.9; https://event.acesolutions-ksa.com" event.acesolutions-ksa.com 74.220.219.162
74.7.227.146 - - [17/Mar/2026:12:01:10 -0600] "GET /c81/.htaccess.lock-12d4ae123cb05-136b6aa8b-1fcbc/ HTTP/2.0" 200 54250 "https://event.acesolutions-ksa.com/ar/c81/.htaccess.lock-12d4ae123cb05-136b6aa8b-1fcbc" "Mozilla/5.0 AppleWebKit/537.36 (KHTML, like Gecko; compatible; GPTBot/1.3; +https://openai.com/gptbot)" event.acesolutions-ksa.com 74.220.219.162
74.7.242.19 - - [17/Mar/2026:12:01:31 -0600] "GET /aa6?p=Ahome1Aimmorth6 HTTP/1.1" 200 11781 "https://www.event.acesolutions-ksa.com/aa6" "Mozilla/5.0 AppleWebKit/537.36 (KHTML, like Gecko; compatible; GPTBot/1.3; +https://openai.com/gptbot)" www.event.acesolutions-ksa.com 74.220.219.162
74.7.242.19 - - [17/Mar/2026:12:01:31 -0600] "GET /aa6?p=Ahome1Aimmorth6 HTTP/2.0" 200 11781 "https://www.event.acesolutions-ksa.com/aa6" "Mozilla/5.0 AppleWebKit/537.36 (KHTML, like Gecko; compatible; GPTBot/1.3; +https://openai.com/gptbot)" www.event.acesolutions-ksa.com 74.220.219.162
216.73.216.97 - - [17/Mar/2026:12:01:58 -0600] "GET /sitemap.xml HTTP/1.1" 200 1963 "-" "Mozilla/5.0 AppleWebKit/537.36 (KHTML, like Gecko; compatible; ClaudeBot/1.0; +claudebot@anthropic.com)" www.event.acesolutions-ksa.com 74.220.219.162
216.73.216.97 - - [17/Mar/2026:12:01:58 -0600] "GET /sitemap.xml HTTP/2.0" 200 1963 "-" "Mozilla/5.0 AppleWebKit/537.36 (KHTML, like Gecko; compatible; ClaudeBot/1.0; +claudebot@anthropic.com)" www.event.acesolutions-ksa.com 74.220.219.162
74.7.227.146 - - [17/Mar/2026:12:02:22 -0600] "GET /267/www_test_ovochi_com_b7073_b72af_1778304743_92050fa24cbc07119c2876aa443ed923.crt/sso.php HTTP/2.0" 409 83 "https://event.acesolutions-ksa.com/267/www_test_ovochi_com_b7073_b72af_1778304743_92050fa24cbc07119c2876aa443ed923.crt/" "Mozilla/5.0 AppleWebKit/537.36 (KHTML, like Gecko; compatible; GPTBot/1.3; +https://openai.com/gptbot)" event.acesolutions-ksa.com 74.220.219.162
74.7.242.19 - - [17/Mar/2026:12:02:32 -0600] "GET /541?p=Ahome1Aimmorth6AtajraIstoreAcgi-bin HTTP/1.1" 200 921 "https://www.event.acesolutions-ksa.com/541?p=Ahome1Aimmorth6AtajraIstore" "Mozilla/5.0 AppleWebKit/537.36 (KHTML, like Gecko; compatible; GPTBot/1.3; +https://openai.com/gptbot)" www.event.acesolutions-ksa.com 74.220.219.162
74.7.242.19 - - [17/Mar/2026:12:02:32 -0600] "GET /541?p=Ahome1Aimmorth6AtajraIstoreAcgi-bin HTTP/2.0" 200 921 "https://www.event.acesolutions-ksa.com/541?p=Ahome1Aimmorth6AtajraIstore" "Mozilla/5.0 AppleWebKit/537.36 (KHTML, like Gecko; compatible; GPTBot/1.3; +https://openai.com/gptbot)" www.event.acesolutions-ksa.com 74.220.219.162
74.7.227.146 - - [17/Mar/2026:12:03:16 -0600] "GET /267/www_test_ovochi_com_b7073_b72af_1778304743_92050fa24cbc07119c2876aa443ed923.crt/51.php HTTP/2.0" 409 83 "https://event.acesolutions-ksa.com/267/www_test_ovochi_com_b7073_b72af_1778304743_92050fa24cbc07119c2876aa443ed923.crt/" "Mozilla/5.0 AppleWebKit/537.36 (KHTML, like Gecko; compatible; GPTBot/1.3; +https://openai.com/gptbot)" event.acesolutions-ksa.com 74.220.219.162
74.7.242.19 - - [17/Mar/2026:12:03:29 -0600] "GET /immortal-tech-net.immortal-designs.net?edit=post-content.php&p=Ahome1Aimmorth6AwwwAwebsite_17210628Awp-includesAblocks HTTP/2.0" 409 83 "https://www.event.acesolutions-ksa.com/immortal-tech-net.immortal-designs.net?p=Ahome1Aimmorth6AwwwAwebsite_17210628Awp-includesAblocks" "Mozilla/5.0 AppleWebKit/537.36 (KHTML, like Gecko; compatible; GPTBot/1.3; +https://openai.com/gptbot)" www.event.acesolutions-ksa.com 74.220.219.162
74.7.227.146 - - [17/Mar/2026:12:04:07 -0600] "GET /ar/267/website_8f025ff1_ovochi_com_c0e00_039ad_1777700093_900e978536101c2c8cef4e8162dc544b.crt/sso.php HTTP/2.0" 409 83 "https://event.acesolutions-ksa.com/ar/267/website_8f025ff1_ovochi_com_c0e00_039ad_1777700093_900e978536101c2c8cef4e8162dc544b.crt/" "Mozilla/5.0 AppleWebKit/537.36 (KHTML, like Gecko; compatible; GPTBot/1.3; +https://openai.com/gptbot)" event.acesolutions-ksa.com 74.220.219.162
74.220.219.162 - - [17/Mar/2026:12:04:19 -0600] "POST /wp-cron.php?doing_wp_cron=1773770659.7224340438842773437500 HTTP/2.0" 200 - "-" "WordPress/6.9; https://event.acesolutions-ksa.com" event.acesolutions-ksa.com 74.220.219.162
74.7.242.19 - - [17/Mar/2026:12:04:19 -0600] "GET /390?p=Ahome1Aimmorth6 HTTP/1.1" 200 11781 "https://www.event.acesolutions-ksa.com/390" "Mozilla/5.0 AppleWebKit/537.36 (KHTML, like Gecko; compatible; GPTBot/1.3; +https://openai.com/gptbot)" www.event.acesolutions-ksa.com 74.220.219.162
74.7.242.19 - - [17/Mar/2026:12:04:19 -0600] "GET /390?p=Ahome1Aimmorth6 HTTP/2.0" 200 11781 "https://www.event.acesolutions-ksa.com/390" "Mozilla/5.0 AppleWebKit/537.36 (KHTML, like Gecko; compatible; GPTBot/1.3; +https://openai.com/gptbot)" www.event.acesolutions-ksa.com 74.220.219.162
74.7.227.146 - - [17/Mar/2026:12:05:05 -0600] "GET /ar/267/www_ilq_ypm_mybluehost_me_d7ce0_e27c9_1771306279_bf757708790f08b4225ce479479a6056.crt/sso.php HTTP/2.0" 409 83 "https://event.acesolutions-ksa.com/ar/267/www_ilq_ypm_mybluehost_me_d7ce0_e27c9_1771306279_bf757708790f08b4225ce479479a6056.crt/" "Mozilla/5.0 AppleWebKit/537.36 (KHTML, like Gecko; compatible; GPTBot/1.3; +https://openai.com/gptbot)" event.acesolutions-ksa.com 74.220.219.162
74.7.242.19 - - [17/Mar/2026:12:05:20 -0600] "GET /316?p=Ahome1Aimmorth6 HTTP/1.1" 200 11781 "https://www.event.acesolutions-ksa.com/316" "Mozilla/5.0 AppleWebKit/537.36 (KHTML, like Gecko; compatible; GPTBot/1.3; +https://openai.com/gptbot)" www.event.acesolutions-ksa.com 74.220.219.162
74.7.242.19 - - [17/Mar/2026:12:05:20 -0600] "GET /316?p=Ahome1Aimmorth6 HTTP/2.0" 200 11781 "https://www.event.acesolutions-ksa.com/316" "Mozilla/5.0 AppleWebKit/537.36 (KHTML, like Gecko; compatible; GPTBot/1.3; +https://openai.com/gptbot)" www.event.acesolutions-ksa.com 74.220.219.162
74.7.227.146 - - [17/Mar/2026:12:06:16 -0600] "GET /267/www_ilq_ypm_mybluehost_me_d7ce0_e27c9_1771306279_bf757708790f08b4225ce479479a6056.crt/ HTTP/2.0" 200 54375 "https://event.acesolutions-ksa.com/ar/267/www_ilq_ypm_mybluehost_me_d7ce0_e27c9_1771306279_bf757708790f08b4225ce479479a6056.crt/" "Mozilla/5.0 AppleWebKit/537.36 (KHTML, like Gecko; compatible; GPTBot/1.3; +https://openai.com/gptbot)" event.acesolutions-ksa.com 74.220.219.162
74.7.242.19 - - [17/Mar/2026:12:06:18 -0600] "GET /299?p=Ahome1Aimmorth6 HTTP/1.1" 200 11781 "https://www.event.acesolutions-ksa.com/299" "Mozilla/5.0 AppleWebKit/537.36 (KHTML, like Gecko; compatible; GPTBot/1.3; +https://openai.com/gptbot)" www.event.acesolutions-ksa.com 74.220.219.162
74.7.242.19 - - [17/Mar/2026:12:06:18 -0600] "GET /299?p=Ahome1Aimmorth6 HTTP/2.0" 200 11781 "https://www.event.acesolutions-ksa.com/299" "Mozilla/5.0 AppleWebKit/537.36 (KHTML, like Gecko; compatible; GPTBot/1.3; +https://openai.com/gptbot)" www.event.acesolutions-ksa.com 74.220.219.162
74.220.219.162 - - [17/Mar/2026:12:06:33 -0600] "POST /wp-cron.php?doing_wp_cron=1773770793.5721619129180908203125 HTTP/2.0" 200 - "-" "WordPress/6.9; https://event.acesolutions-ksa.com" event.acesolutions-ksa.com 74.220.219.162
74.7.242.19 - - [17/Mar/2026:12:07:10 -0600] "GET /391?p=Ahome1Aimmorth6 HTTP/1.1" 200 11781 "https://www.event.acesolutions-ksa.com/391" "Mozilla/5.0 AppleWebKit/537.36 (KHTML, like Gecko; compatible; GPTBot/1.3; +https://openai.com/gptbot)" www.event.acesolutions-ksa.com 74.220.219.162
74.7.242.19 - - [17/Mar/2026:12:07:10 -0600] "GET /391?p=Ahome1Aimmorth6 HTTP/2.0" 200 11781 "https://www.event.acesolutions-ksa.com/391" "Mozilla/5.0 AppleWebKit/537.36 (KHTML, like Gecko; compatible; GPTBot/1.3; +https://openai.com/gptbot)" www.event.acesolutions-ksa.com 74.220.219.162
74.7.227.146 - - [17/Mar/2026:12:07:10 -0600] "GET /ar/267/www_ilq_ypm_mybluehost_me_d7ce0_e27c9_1771306279_bf757708790f08b4225ce479479a6056.crt/endurance-page-cache.php HTTP/2.0" 409 83 "https://event.acesolutions-ksa.com/ar/267/www_ilq_ypm_mybluehost_me_d7ce0_e27c9_1771306279_bf757708790f08b4225ce479479a6056.crt/" "Mozilla/5.0 AppleWebKit/537.36 (KHTML, like Gecko; compatible; GPTBot/1.3; +https://openai.com/gptbot)" event.acesolutions-ksa.com 74.220.219.162
74.7.242.19 - - [17/Mar/2026:12:07:56 -0600] "GET /649?p=Ahome1Aimmorth6 HTTP/1.1" 200 11781 "https://www.event.acesolutions-ksa.com/649" "Mozilla/5.0 AppleWebKit/537.36 (KHTML, like Gecko; compatible; GPTBot/1.3; +https://openai.com/gptbot)" www.event.acesolutions-ksa.com 74.220.219.162
74.7.242.19 - - [17/Mar/2026:12:07:56 -0600] "GET /649?p=Ahome1Aimmorth6 HTTP/2.0" 200 11781 "https://www.event.acesolutions-ksa.com/649" "Mozilla/5.0 AppleWebKit/537.36 (KHTML, like Gecko; compatible; GPTBot/1.3; +https://openai.com/gptbot)" www.event.acesolutions-ksa.com 74.220.219.162
74.220.219.162 - - [17/Mar/2026:12:08:37 -0600] "POST /wp-cron.php?doing_wp_cron=1773770917.3839709758758544921875 HTTP/2.0" 200 - "-" "WordPress/6.9; https://event.acesolutions-ksa.com" event.acesolutions-ksa.com 74.220.219.162
74.7.242.19 - - [17/Mar/2026:12:08:36 -0600] "GET /77d?edit=immorth6_WPHWL.1726674878.sql.gz&p=Ahome1Aimmorth6 HTTP/2.0" 200 702 "https://www.event.acesolutions-ksa.com/77d?p=Ahome1Aimmorth6" "Mozilla/5.0 AppleWebKit/537.36 (KHTML, like Gecko; compatible; GPTBot/1.3; +https://openai.com/gptbot)" www.event.acesolutions-ksa.com 74.220.219.162
74.7.242.19 - - [17/Mar/2026:12:09:12 -0600] "GET /1749146874.M981623P863250.box2010.bluehost.com,S=3331,W=3420:2,?edit=db-202504291021.sql&p=Ahome1Aimmorth6Apublic_htmlAwebsite_efd5428fAwp-content HTTP/1.1" 200 99851 "https://www.event.acesolutions-ksa.com/1749146874.M981623P863250.box2010.bluehost.com,S=3331,W=3420:2,?p=Ahome1Aimmorth6Apublic_htmlAwebsite_efd5428fAwp-content" "Mozilla/5.0 AppleWebKit/537.36 (KHTML, like Gecko; compatible; GPTBot/1.3; +https://openai.com/gptbot)" www.event.acesolutions-ksa.com 74.220.219.162
74.7.242.19 - - [17/Mar/2026:12:09:12 -0600] "GET /1749146874.M981623P863250.box2010.bluehost.com,S=3331,W=3420:2,?edit=db-202504291021.sql&p=Ahome1Aimmorth6Apublic_htmlAwebsite_efd5428fAwp-content HTTP/2.0" 200 99851 "https://www.event.acesolutions-ksa.com/1749146874.M981623P863250.box2010.bluehost.com,S=3331,W=3420:2,?p=Ahome1Aimmorth6Apublic_htmlAwebsite_efd5428fAwp-content" "Mozilla/5.0 AppleWebKit/537.36 (KHTML, like Gecko; compatible; GPTBot/1.3; +https://openai.com/gptbot)" www.event.acesolutions-ksa.com 74.220.219.162
74.7.227.146 - - [17/Mar/2026:12:09:15 -0600] "GET /ar/267/website_8f025ff1_ovochi_com_c0e00_039ad_1777700093_900e978536101c2c8cef4e8162dc544b.crt/51.php HTTP/2.0" 409 83 "https://event.acesolutions-ksa.com/ar/267/website_8f025ff1_ovochi_com_c0e00_039ad_1777700093_900e978536101c2c8cef4e8162dc544b.crt/" "Mozilla/5.0 AppleWebKit/537.36 (KHTML, like Gecko; compatible; GPTBot/1.3; +https://openai.com/gptbot)" event.acesolutions-ksa.com 74.220.219.162
74.7.242.19 - - [17/Mar/2026:12:09:47 -0600] "GET /immortal-tech-net.immortal-designs.net?p=Ahome1Aimmorth6AwwwAwebsite_17210628Awp-includesAblocksAcomment-content HTTP/1.1" 200 2114 "https://www.event.acesolutions-ksa.com/immortal-tech-net.immortal-designs.net?p=Ahome1Aimmorth6AwwwAwebsite_17210628Awp-includesAblocks" "Mozilla/5.0 AppleWebKit/537.36 (KHTML, like Gecko; compatible; GPTBot/1.3; +https://openai.com/gptbot)" www.event.acesolutions-ksa.com 74.220.219.162
74.7.242.19 - - [17/Mar/2026:12:09:47 -0600] "GET /immortal-tech-net.immortal-designs.net?p=Ahome1Aimmorth6AwwwAwebsite_17210628Awp-includesAblocksAcomment-content HTTP/2.0" 200 2114 "https://www.event.acesolutions-ksa.com/immortal-tech-net.immortal-designs.net?p=Ahome1Aimmorth6AwwwAwebsite_17210628Awp-includesAblocks" "Mozilla/5.0 AppleWebKit/537.36 (KHTML, like Gecko; compatible; GPTBot/1.3; +https://openai.com/gptbot)" www.event.acesolutions-ksa.com 74.220.219.162
74.7.242.19 - - [17/Mar/2026:12:10:16 -0600] "GET /aa6?edit=.spamassassinenable&p=Ahome1Aimmorth6 HTTP/1.1" 200 686 "https://www.event.acesolutions-ksa.com/aa6?p=Ahome1Aimmorth6" "Mozilla/5.0 AppleWebKit/537.36 (KHTML, like Gecko; compatible; GPTBot/1.3; +https://openai.com/gptbot)" www.event.acesolutions-ksa.com 74.220.219.162
74.7.242.19 - - [17/Mar/2026:12:10:16 -0600] "GET /aa6?edit=.spamassassinenable&p=Ahome1Aimmorth6 HTTP/2.0" 200 686 "https://www.event.acesolutions-ksa.com/aa6?p=Ahome1Aimmorth6" "Mozilla/5.0 AppleWebKit/537.36 (KHTML, like Gecko; compatible; GPTBot/1.3; +https://openai.com/gptbot)" www.event.acesolutions-ksa.com 74.220.219.162
74.7.227.146 - - [17/Mar/2026:12:10:20 -0600] "GET /ar/267/wear_moda_ovochi_com_bc8c0_c658f_1768969930_b5ad5286aee2121d273e832678c3f252.crt/.htaccess.nfd-backup HTTP/2.0" 200 55875 "https://event.acesolutions-ksa.com/ar/267/wear_moda_ovochi_com_bc8c0_c658f_1768969930_b5ad5286aee2121d273e832678c3f252.crt/?p=Ahome1Aimmorth6Apublic_htmlAwebsite_efd5428f" "Mozilla/5.0 AppleWebKit/537.36 (KHTML, like Gecko; compatible; GPTBot/1.3; +https://openai.com/gptbot)" event.acesolutions-ksa.com 74.220.219.162
74.220.219.162 - - [17/Mar/2026:12:10:44 -0600] "POST /wp-cron.php?doing_wp_cron=1773771043.8855619430541992187500 HTTP/2.0" 200 - "-" "WordPress/6.9; https://event.acesolutions-ksa.com" event.acesolutions-ksa.com 74.220.219.162
74.7.242.19 - - [17/Mar/2026:12:10:43 -0600] "GET /aa6?p=Ahome1Aimmorth6Aaccess-logs HTTP/1.1" 200 17155 "https://www.event.acesolutions-ksa.com/aa6?p=Ahome1Aimmorth6" "Mozilla/5.0 AppleWebKit/537.36 (KHTML, like Gecko; compatible; GPTBot/1.3; +https://openai.com/gptbot)" www.event.acesolutions-ksa.com 74.220.219.162
74.7.242.19 - - [17/Mar/2026:12:10:43 -0600] "GET /aa6?p=Ahome1Aimmorth6Aaccess-logs HTTP/2.0" 200 17155 "https://www.event.acesolutions-ksa.com/aa6?p=Ahome1Aimmorth6" "Mozilla/5.0 AppleWebKit/537.36 (KHTML, like Gecko; compatible; GPTBot/1.3; +https://openai.com/gptbot)" www.event.acesolutions-ksa.com 74.220.219.162
74.7.242.19 - - [17/Mar/2026:12:11:08 -0600] "GET /immortal-tech-net.immortal-designs.net?p=Ahome1Aimmorth6AwwwAwebsite_17210628Awp-includesAblocksApost-content HTTP/1.1" 200 2052 "https://www.event.acesolutions-ksa.com/immortal-tech-net.immortal-designs.net?p=Ahome1Aimmorth6AwwwAwebsite_17210628Awp-includesAblocks" "Mozilla/5.0 AppleWebKit/537.36 (KHTML, like Gecko; compatible; GPTBot/1.3; +https://openai.com/gptbot)" www.event.acesolutions-ksa.com 74.220.219.162
74.7.242.19 - - [17/Mar/2026:12:11:08 -0600] "GET /immortal-tech-net.immortal-designs.net?p=Ahome1Aimmorth6AwwwAwebsite_17210628Awp-includesAblocksApost-content HTTP/2.0" 200 2052 "https://www.event.acesolutions-ksa.com/immortal-tech-net.immortal-designs.net?p=Ahome1Aimmorth6AwwwAwebsite_17210628Awp-includesAblocks" "Mozilla/5.0 AppleWebKit/537.36 (KHTML, like Gecko; compatible; GPTBot/1.3; +https://openai.com/gptbot)" www.event.acesolutions-ksa.com 74.220.219.162
74.7.242.19 - - [17/Mar/2026:12:11:31 -0600] "GET /390?p=Ahome1Aimmorth6AIcphorde HTTP/1.1" 200 1284 "https://www.event.acesolutions-ksa.com/390?p=Ahome1Aimmorth6" "Mozilla/5.0 AppleWebKit/537.36 (KHTML, like Gecko; compatible; GPTBot/1.3; +https://openai.com/gptbot)" www.event.acesolutions-ksa.com 74.220.219.162
74.7.242.19 - - [17/Mar/2026:12:11:31 -0600] "GET /390?p=Ahome1Aimmorth6AIcphorde HTTP/2.0" 200 1284 "https://www.event.acesolutions-ksa.com/390?p=Ahome1Aimmorth6" "Mozilla/5.0 AppleWebKit/537.36 (KHTML, like Gecko; compatible; GPTBot/1.3; +https://openai.com/gptbot)" www.event.acesolutions-ksa.com 74.220.219.162
74.7.242.19 - - [17/Mar/2026:12:11:50 -0600] "GET /316?p=Ahome1Aimmorth6AIcphorde HTTP/1.1" 200 1284 "https://www.event.acesolutions-ksa.com/316?p=Ahome1Aimmorth6" "Mozilla/5.0 AppleWebKit/537.36 (KHTML, like Gecko; compatible; GPTBot/1.3; +https://openai.com/gptbot)" www.event.acesolutions-ksa.com 74.220.219.162
74.7.242.19 - - [17/Mar/2026:12:11:50 -0600] "GET /316?p=Ahome1Aimmorth6AIcphorde HTTP/2.0" 200 1284 "https://www.event.acesolutions-ksa.com/316?p=Ahome1Aimmorth6" "Mozilla/5.0 AppleWebKit/537.36 (KHTML, like Gecko; compatible; GPTBot/1.3; +https://openai.com/gptbot)" www.event.acesolutions-ksa.com 74.220.219.162
74.7.242.19 - - [17/Mar/2026:12:12:08 -0600] "GET /299?edit=immorth6_wearmoda.1638377192.sql&p=Ahome1Aimmorth6 HTTP/1.1" 200 698 "https://www.event.acesolutions-ksa.com/299?p=Ahome1Aimmorth6" "Mozilla/5.0 AppleWebKit/537.36 (KHTML, like Gecko; compatible; GPTBot/1.3; +https://openai.com/gptbot)" www.event.acesolutions-ksa.com 74.220.219.162
74.7.242.19 - - [17/Mar/2026:12:12:08 -0600] "GET /299?edit=immorth6_wearmoda.1638377192.sql&p=Ahome1Aimmorth6 HTTP/2.0" 200 698 "https://www.event.acesolutions-ksa.com/299?p=Ahome1Aimmorth6" "Mozilla/5.0 AppleWebKit/537.36 (KHTML, like Gecko; compatible; GPTBot/1.3; +https://openai.com/gptbot)" www.event.acesolutions-ksa.com 74.220.219.162
74.7.242.19 - - [17/Mar/2026:12:12:25 -0600] "GET /391?edit=immorth6_WPHWL.1723741832.sql.gz&p=Ahome1Aimmorth6 HTTP/2.0" 200 702 "https://www.event.acesolutions-ksa.com/391?p=Ahome1Aimmorth6" "Mozilla/5.0 AppleWebKit/537.36 (KHTML, like Gecko; compatible; GPTBot/1.3; +https://openai.com/gptbot)" www.event.acesolutions-ksa.com 74.220.219.162
74.7.242.19 - - [17/Mar/2026:12:12:39 -0600] "GET /391?edit=.bash_logout&p=Ahome1Aimmorth6 HTTP/1.1" 200 692 "https://www.event.acesolutions-ksa.com/391?p=Ahome1Aimmorth6" "Mozilla/5.0 AppleWebKit/537.36 (KHTML, like Gecko; compatible; GPTBot/1.3; +https://openai.com/gptbot)" www.event.acesolutions-ksa.com 74.220.219.162
74.7.242.19 - - [17/Mar/2026:12:12:39 -0600] "GET /391?edit=.bash_logout&p=Ahome1Aimmorth6 HTTP/2.0" 200 692 "https://www.event.acesolutions-ksa.com/391?p=Ahome1Aimmorth6" "Mozilla/5.0 AppleWebKit/537.36 (KHTML, like Gecko; compatible; GPTBot/1.3; +https://openai.com/gptbot)" www.event.acesolutions-ksa.com 74.220.219.162
74.7.242.19 - - [17/Mar/2026:12:12:52 -0600] "GET /299?edit=51.php&p=Ahome1Aimmorth6 HTTP/2.0" 409 83 "https://www.event.acesolutions-ksa.com/299?p=Ahome1Aimmorth6" "Mozilla/5.0 AppleWebKit/537.36 (KHTML, like Gecko; compatible; GPTBot/1.3; +https://openai.com/gptbot)" www.event.acesolutions-ksa.com 74.220.219.162
74.220.219.162 - - [17/Mar/2026:12:13:07 -0600] "POST /wp-cron.php?doing_wp_cron=1773771186.9326190948486328125000 HTTP/2.0" 200 - "-" "WordPress/6.9; https://event.acesolutions-ksa.com" event.acesolutions-ksa.com 74.220.219.162
74.7.242.19 - - [17/Mar/2026:12:13:03 -0600] "GET /299?p=Ahome1Aimmorth6AIcphorde HTTP/1.1" 200 1284 "https://www.event.acesolutions-ksa.com/299?p=Ahome1Aimmorth6" "Mozilla/5.0 AppleWebKit/537.36 (KHTML, like Gecko; compatible; GPTBot/1.3; +https://openai.com/gptbot)" www.event.acesolutions-ksa.com 74.220.219.162
74.7.242.19 - - [17/Mar/2026:12:13:03 -0600] "GET /299?p=Ahome1Aimmorth6AIcphorde HTTP/2.0" 200 1284 "https://www.event.acesolutions-ksa.com/299?p=Ahome1Aimmorth6" "Mozilla/5.0 AppleWebKit/537.36 (KHTML, like Gecko; compatible; GPTBot/1.3; +https://openai.com/gptbot)" www.event.acesolutions-ksa.com 74.220.219.162
74.220.219.162 - - [17/Mar/2026:12:13:07 -0600] "POST /wp-cron.php?doing_wp_cron=1773771187.1935880184173583984375 HTTP/2.0" 200 - "-" "WordPress/6.9; https://event.acesolutions-ksa.com" event.acesolutions-ksa.com 74.220.219.162
74.7.227.146 - - [17/Mar/2026:12:13:17 -0600] "GET /c81/.htaccess.lock-12d4ae123cb05-136b6aa8b-1fcbc/endurance-page-cache.php HTTP/2.0" 409 83 "https://event.acesolutions-ksa.com/c81/.htaccess.lock-12d4ae123cb05-136b6aa8b-1fcbc/" "Mozilla/5.0 AppleWebKit/537.36 (KHTML, like Gecko; compatible; GPTBot/1.3; +https://openai.com/gptbot)" event.acesolutions-ksa.com 74.220.219.162
74.7.242.19 - - [17/Mar/2026:12:13:39 -0600] "GET /immortal-tech-net.immortal-designs.net?edit=block.json&p=Ahome1Aimmorth6AwwwAwebsite_17210628Awp-includesAblocksAcomment-content HTTP/2.0" 200 1294 "https://www.event.acesolutions-ksa.com/immortal-tech-net.immortal-designs.net?p=Ahome1Aimmorth6AwwwAwebsite_17210628Awp-includesAblocksAcomment-content" "Mozilla/5.0 AppleWebKit/537.36 (KHTML, like Gecko; compatible; GPTBot/1.3; +https://openai.com/gptbot)" www.event.acesolutions-ksa.com 74.220.219.162
74.7.242.19 - - [17/Mar/2026:12:14:10 -0600] "GET /391?p=Ahome1Aimmorth6AIcphorde HTTP/1.1" 200 1284 "https://www.event.acesolutions-ksa.com/391?p=Ahome1Aimmorth6" "Mozilla/5.0 AppleWebKit/537.36 (KHTML, like Gecko; compatible; GPTBot/1.3; +https://openai.com/gptbot)" www.event.acesolutions-ksa.com 74.220.219.162
74.7.242.19 - - [17/Mar/2026:12:14:10 -0600] "GET /391?p=Ahome1Aimmorth6AIcphorde HTTP/2.0" 200 1284 "https://www.event.acesolutions-ksa.com/391?p=Ahome1Aimmorth6" "Mozilla/5.0 AppleWebKit/537.36 (KHTML, like Gecko; compatible; GPTBot/1.3; +https://openai.com/gptbot)" www.event.acesolutions-ksa.com 74.220.219.162
74.7.227.146 - - [17/Mar/2026:12:14:22 -0600] "GET /c81/.htaccess.lock-12d4ae123cb05-136b6aa8b-1fcbc/51.php HTTP/2.0" 409 83 "https://event.acesolutions-ksa.com/c81/.htaccess.lock-12d4ae123cb05-136b6aa8b-1fcbc/" "Mozilla/5.0 AppleWebKit/537.36 (KHTML, like Gecko; compatible; GPTBot/1.3; +https://openai.com/gptbot)" event.acesolutions-ksa.com 74.220.219.162
74.7.242.19 - - [17/Mar/2026:12:14:37 -0600] "GET /aa6?edit=immortal-tech-net.immortal-designs.net-ssl_log&p=Ahome1Aimmorth6Aaccess-logs HTTP/1.1" 200 1744 "https://www.event.acesolutions-ksa.com/aa6?p=Ahome1Aimmorth6Aaccess-logs" "Mozilla/5.0 AppleWebKit/537.36 (KHTML, like Gecko; compatible; GPTBot/1.3; +https://openai.com/gptbot)" www.event.acesolutions-ksa.com 74.220.219.162
74.7.242.19 - - [17/Mar/2026:12:14:37 -0600] "GET /aa6?edit=immortal-tech-net.immortal-designs.net-ssl_log&p=Ahome1Aimmorth6Aaccess-logs HTTP/2.0" 200 1744 "https://www.event.acesolutions-ksa.com/aa6?p=Ahome1Aimmorth6Aaccess-logs" "Mozilla/5.0 AppleWebKit/537.36 (KHTML, like Gecko; compatible; GPTBot/1.3; +https://openai.com/gptbot)" www.event.acesolutions-ksa.com 74.220.219.162
216.73.216.97 - - [17/Mar/2026:12:14:44 -0600] "GET /theme-install.php HTTP/2.0" 409 83 "-" "Mozilla/5.0 AppleWebKit/537.36 (KHTML, like Gecko; compatible; ClaudeBot/1.0; +claudebot@anthropic.com)" www.event.acesolutions-ksa.com 74.220.219.162
216.73.216.97 - - [17/Mar/2026:12:14:54 -0600] "GET /SupportToolkit.php HTTP/2.0" 409 83 "-" "Mozilla/5.0 AppleWebKit/537.36 (KHTML, like Gecko; compatible; ClaudeBot/1.0; +claudebot@anthropic.com)" www.event.acesolutions-ksa.com 74.220.219.162
216.73.216.97 - - [17/Mar/2026:12:14:59 -0600] "GET /ms-admin.php HTTP/2.0" 409 83 "-" "Mozilla/5.0 AppleWebKit/537.36 (KHTML, like Gecko; compatible; ClaudeBot/1.0; +claudebot@anthropic.com)" www.event.acesolutions-ksa.com 74.220.219.162
74.7.242.19 - - [17/Mar/2026:12:15:02 -0600] "GET /aa6?edit=immortal-tech-net.immortal-designs.net&p=Ahome1Aimmorth6Aaccess-logs HTTP/1.1" 200 922 "https://www.event.acesolutions-ksa.com/aa6?p=Ahome1Aimmorth6Aaccess-logs" "Mozilla/5.0 AppleWebKit/537.36 (KHTML, like Gecko; compatible; GPTBot/1.3; +https://openai.com/gptbot)" www.event.acesolutions-ksa.com 74.220.219.162
74.7.242.19 - - [17/Mar/2026:12:15:02 -0600] "GET /aa6?edit=immortal-tech-net.immortal-designs.net&p=Ahome1Aimmorth6Aaccess-logs HTTP/2.0" 200 922 "https://www.event.acesolutions-ksa.com/aa6?p=Ahome1Aimmorth6Aaccess-logs" "Mozilla/5.0 AppleWebKit/537.36 (KHTML, like Gecko; compatible; GPTBot/1.3; +https://openai.com/gptbot)" www.event.acesolutions-ksa.com 74.220.219.162
216.73.216.97 - - [17/Mar/2026:12:15:04 -0600] "GET /admin-functions.php HTTP/2.0" 409 83 "-" "Mozilla/5.0 AppleWebKit/537.36 (KHTML, like Gecko; compatible; ClaudeBot/1.0; +claudebot@anthropic.com)" www.event.acesolutions-ksa.com 74.220.219.162
216.73.216.97 - - [17/Mar/2026:12:15:09 -0600] "GET /users.php HTTP/2.0" 409 83 "-" "Mozilla/5.0 AppleWebKit/537.36 (KHTML, like Gecko; compatible; ClaudeBot/1.0; +claudebot@anthropic.com)" www.event.acesolutions-ksa.com 74.220.219.162
216.73.216.97 - - [17/Mar/2026:12:15:14 -0600] "GET /class.db.php HTTP/2.0" 409 83 "-" "Mozilla/5.0 AppleWebKit/537.36 (KHTML, like Gecko; compatible; ClaudeBot/1.0; +claudebot@anthropic.com)" www.event.acesolutions-ksa.com 74.220.219.162
216.73.216.97 - - [17/Mar/2026:12:15:19 -0600] "GET /class.logging.php HTTP/2.0" 409 83 "-" "Mozilla/5.0 AppleWebKit/537.36 (KHTML, like Gecko; compatible; ClaudeBot/1.0; +claudebot@anthropic.com)" www.event.acesolutions-ksa.com 74.220.219.162
74.220.219.162 - - [17/Mar/2026:12:15:24 -0600] "POST /wp-cron.php?doing_wp_cron=1773771324.1839580535888671875000 HTTP/2.0" 200 - "-" "WordPress/6.9; https://event.acesolutions-ksa.com" event.acesolutions-ksa.com 74.220.219.162
74.7.227.146 - - [17/Mar/2026:12:15:23 -0600] "GET /267/.ftpquota HTTP/2.0" 200 54131 "https://event.acesolutions-ksa.com/267/wear_moda_ovochi_com_bc8c0_c658f_1768969930_b5ad5286aee2121d273e832678c3f252.crt?p=Ahome1Aimmorth6" "Mozilla/5.0 AppleWebKit/537.36 (KHTML, like Gecko; compatible; GPTBot/1.3; +https://openai.com/gptbot)" event.acesolutions-ksa.com 74.220.219.162
216.73.216.97 - - [17/Mar/2026:12:15:24 -0600] "GET /link.php HTTP/2.0" 409 83 "-" "Mozilla/5.0 AppleWebKit/537.36 (KHTML, like Gecko; compatible; ClaudeBot/1.0; +claudebot@anthropic.com)" www.event.acesolutions-ksa.com 74.220.219.162
74.7.242.19 - - [17/Mar/2026:12:15:25 -0600] "GET /immortal-tech-net.immortal-designs.net?edit=block.json&p=Ahome1Aimmorth6AwwwAwebsite_17210628Awp-includesAblocksApost-content HTTP/2.0" 200 1425 "https://www.event.acesolutions-ksa.com/immortal-tech-net.immortal-designs.net?p=Ahome1Aimmorth6AwwwAwebsite_17210628Awp-includesAblocksApost-content" "Mozilla/5.0 AppleWebKit/537.36 (KHTML, like Gecko; compatible; GPTBot/1.3; +https://openai.com/gptbot)" www.event.acesolutions-ksa.com 74.220.219.162
216.73.216.97 - - [17/Mar/2026:12:15:29 -0600] "GET /Mobile_Detect.php HTTP/2.0" 409 83 "-" "Mozilla/5.0 AppleWebKit/537.36 (KHTML, like Gecko; compatible; ClaudeBot/1.0; +claudebot@anthropic.com)" www.event.acesolutions-ksa.com 74.220.219.162
216.73.216.97 - - [17/Mar/2026:12:15:34 -0600] "GET /import.php HTTP/2.0" 409 83 "-" "Mozilla/5.0 AppleWebKit/537.36 (KHTML, like Gecko; compatible; ClaudeBot/1.0; +claudebot@anthropic.com)" www.event.acesolutions-ksa.com 74.220.219.162
216.73.216.97 - - [17/Mar/2026:12:15:40 -0600] "GET /?p=Ahome1Aimmorth6Apublic_htmlAwebsite_efd5428fAwp-contentApluginsAtranslatepress-multilingualAassets HTTP/1.1" 200 1344 "-" "Mozilla/5.0 AppleWebKit/537.36 (KHTML, like Gecko; compatible; ClaudeBot/1.0; +claudebot@anthropic.com)" www.event.acesolutions-ksa.com 74.220.219.162
216.73.216.97 - - [17/Mar/2026:12:15:40 -0600] "GET /?p=Ahome1Aimmorth6Apublic_htmlAwebsite_efd5428fAwp-contentApluginsAtranslatepress-multilingualAassets HTTP/2.0" 200 1344 "-" "Mozilla/5.0 AppleWebKit/537.36 (KHTML, like Gecko; compatible; ClaudeBot/1.0; +claudebot@anthropic.com)" www.event.acesolutions-ksa.com 74.220.219.162
74.7.242.19 - - [17/Mar/2026:12:15:46 -0600] "GET /aa6?edit=ovochi.immortal-designs.net&p=Ahome1Aimmorth6Aaccess-logs HTTP/1.1" 200 3709 "https://www.event.acesolutions-ksa.com/aa6?p=Ahome1Aimmorth6Aaccess-logs" "Mozilla/5.0 AppleWebKit/537.36 (KHTML, like Gecko; compatible; GPTBot/1.3; +https://openai.com/gptbot)" www.event.acesolutions-ksa.com 74.220.219.162
74.7.242.19 - - [17/Mar/2026:12:15:46 -0600] "GET /aa6?edit=ovochi.immortal-designs.net&p=Ahome1Aimmorth6Aaccess-logs HTTP/2.0" 200 3709 "https://www.event.acesolutions-ksa.com/aa6?p=Ahome1Aimmorth6Aaccess-logs" "Mozilla/5.0 AppleWebKit/537.36 (KHTML, like Gecko; compatible; GPTBot/1.3; +https://openai.com/gptbot)" www.event.acesolutions-ksa.com 74.220.219.162
216.73.216.97 - - [17/Mar/2026:12:15:50 -0600] "GET /?p=Ahome1Aimmorth6Apublic_htmlAwebsite_efd5428fAwp-contentApluginsAgoogle-site-kitAthird-partyApsr HTTP/1.1" 200 1394 "-" "Mozilla/5.0 AppleWebKit/537.36 (KHTML, like Gecko; compatible; ClaudeBot/1.0; +claudebot@anthropic.com)" www.event.acesolutions-ksa.com 74.220.219.162
216.73.216.97 - - [17/Mar/2026:12:15:50 -0600] "GET /?p=Ahome1Aimmorth6Apublic_htmlAwebsite_efd5428fAwp-contentApluginsAgoogle-site-kitAthird-partyApsr HTTP/2.0" 200 1394 "-" "Mozilla/5.0 AppleWebKit/537.36 (KHTML, like Gecko; compatible; ClaudeBot/1.0; +claudebot@anthropic.com)" www.event.acesolutions-ksa.com 74.220.219.162
74.7.242.19 - - [17/Mar/2026:12:16:05 -0600] "GET /aa6?edit=immortal-designs.net&p=Ahome1Aimmorth6Aaccess-logs HTTP/1.1" 200 701 "https://www.event.acesolutions-ksa.com/aa6?p=Ahome1Aimmorth6Aaccess-logs" "Mozilla/5.0 AppleWebKit/537.36 (KHTML, like Gecko; compatible; GPTBot/1.3; +https://openai.com/gptbot)" www.event.acesolutions-ksa.com 74.220.219.162
74.7.242.19 - - [17/Mar/2026:12:16:05 -0600] "GET /aa6?edit=immortal-designs.net&p=Ahome1Aimmorth6Aaccess-logs HTTP/2.0" 200 701 "https://www.event.acesolutions-ksa.com/aa6?p=Ahome1Aimmorth6Aaccess-logs" "Mozilla/5.0 AppleWebKit/537.36 (KHTML, like Gecko; compatible; GPTBot/1.3; +https://openai.com/gptbot)" www.event.acesolutions-ksa.com 74.220.219.162
74.7.227.146 - - [17/Mar/2026:12:16:10 -0600] "GET /267/.permslog HTTP/2.0" 200 54130 "https://event.acesolutions-ksa.com/267/wear_moda_ovochi_com_bc8c0_c658f_1768969930_b5ad5286aee2121d273e832678c3f252.crt?p=Ahome1Aimmorth6" "Mozilla/5.0 AppleWebKit/537.36 (KHTML, like Gecko; compatible; GPTBot/1.3; +https://openai.com/gptbot)" event.acesolutions-ksa.com 74.220.219.162
74.7.242.19 - - [17/Mar/2026:12:16:23 -0600] "GET /aa6?edit=immortal-designs.net-ssl_log&p=Ahome1Aimmorth6Aaccess-logs HTTP/1.1" 200 709 "https://www.event.acesolutions-ksa.com/aa6?p=Ahome1Aimmorth6Aaccess-logs" "Mozilla/5.0 AppleWebKit/537.36 (KHTML, like Gecko; compatible; GPTBot/1.3; +https://openai.com/gptbot)" www.event.acesolutions-ksa.com 74.220.219.162
74.7.242.19 - - [17/Mar/2026:12:16:23 -0600] "GET /aa6?edit=immortal-designs.net-ssl_log&p=Ahome1Aimmorth6Aaccess-logs HTTP/2.0" 200 709 "https://www.event.acesolutions-ksa.com/aa6?p=Ahome1Aimmorth6Aaccess-logs" "Mozilla/5.0 AppleWebKit/537.36 (KHTML, like Gecko; compatible; GPTBot/1.3; +https://openai.com/gptbot)" www.event.acesolutions-ksa.com 74.220.219.162
74.7.242.19 - - [17/Mar/2026:12:16:39 -0600] "GET /aa6?edit=academy.immortal-tech.net&p=Ahome1Aimmorth6Aaccess-logs HTTP/1.1" 200 704 "https://www.event.acesolutions-ksa.com/aa6?p=Ahome1Aimmorth6Aaccess-logs" "Mozilla/5.0 AppleWebKit/537.36 (KHTML, like Gecko; compatible; GPTBot/1.3; +https://openai.com/gptbot)" www.event.acesolutions-ksa.com 74.220.219.162
74.7.242.19 - - [17/Mar/2026:12:16:38 -0600] "GET /aa6?edit=academy.immortal-tech.net&p=Ahome1Aimmorth6Aaccess-logs HTTP/2.0" 200 704 "https://www.event.acesolutions-ksa.com/aa6?p=Ahome1Aimmorth6Aaccess-logs" "Mozilla/5.0 AppleWebKit/537.36 (KHTML, like Gecko; compatible; GPTBot/1.3; +https://openai.com/gptbot)" www.event.acesolutions-ksa.com 74.220.219.162
74.7.242.19 - - [17/Mar/2026:12:16:52 -0600] "GET /aa6?edit=immortal-designs-net.ovochi.com&p=Ahome1Aimmorth6Aaccess-logs HTTP/1.1" 200 710 "https://www.event.acesolutions-ksa.com/aa6?p=Ahome1Aimmorth6Aaccess-logs" "Mozilla/5.0 AppleWebKit/537.36 (KHTML, like Gecko; compatible; GPTBot/1.3; +https://openai.com/gptbot)" www.event.acesolutions-ksa.com 74.220.219.162
74.7.242.19 - - [17/Mar/2026:12:16:52 -0600] "GET /aa6?edit=immortal-designs-net.ovochi.com&p=Ahome1Aimmorth6Aaccess-logs HTTP/2.0" 200 710 "https://www.event.acesolutions-ksa.com/aa6?p=Ahome1Aimmorth6Aaccess-logs" "Mozilla/5.0 AppleWebKit/537.36 (KHTML, like Gecko; compatible; GPTBot/1.3; +https://openai.com/gptbot)" www.event.acesolutions-ksa.com 74.220.219.162
74.7.242.19 - - [17/Mar/2026:12:17:05 -0600] "GET /aa6?edit=academy.immortal-tech.net-ssl_log&p=Ahome1Aimmorth6Aaccess-logs HTTP/1.1" 200 712 "https://www.event.acesolutions-ksa.com/aa6?p=Ahome1Aimmorth6Aaccess-logs" "Mozilla/5.0 AppleWebKit/537.36 (KHTML, like Gecko; compatible; GPTBot/1.3; +https://openai.com/gptbot)" www.event.acesolutions-ksa.com 74.220.219.162
74.7.242.19 - - [17/Mar/2026:12:17:04 -0600] "GET /aa6?edit=academy.immortal-tech.net-ssl_log&p=Ahome1Aimmorth6Aaccess-logs HTTP/2.0" 200 712 "https://www.event.acesolutions-ksa.com/aa6?p=Ahome1Aimmorth6Aaccess-logs" "Mozilla/5.0 AppleWebKit/537.36 (KHTML, like Gecko; compatible; GPTBot/1.3; +https://openai.com/gptbot)" www.event.acesolutions-ksa.com 74.220.219.162
74.7.242.19 - - [17/Mar/2026:12:17:16 -0600] "GET /aa6?edit=immortal-designs-net.ovochi.com-ssl_log&p=Ahome1Aimmorth6Aaccess-logs HTTP/1.1" 200 716 "https://www.event.acesolutions-ksa.com/aa6?p=Ahome1Aimmorth6Aaccess-logs" "Mozilla/5.0 AppleWebKit/537.36 (KHTML, like Gecko; compatible; GPTBot/1.3; +https://openai.com/gptbot)" www.event.acesolutions-ksa.com 74.220.219.162
74.7.242.19 - - [17/Mar/2026:12:17:16 -0600] "GET /aa6?edit=immortal-designs-net.ovochi.com-ssl_log&p=Ahome1Aimmorth6Aaccess-logs HTTP/2.0" 200 716 "https://www.event.acesolutions-ksa.com/aa6?p=Ahome1Aimmorth6Aaccess-logs" "Mozilla/5.0 AppleWebKit/537.36 (KHTML, like Gecko; compatible; GPTBot/1.3; +https://openai.com/gptbot)" www.event.acesolutions-ksa.com 74.220.219.162
74.220.219.162 - - [17/Mar/2026:12:17:27 -0600] "POST /wp-cron.php?doing_wp_cron=1773771447.3500680923461914062500 HTTP/2.0" 200 - "-" "WordPress/6.9; https://event.acesolutions-ksa.com" event.acesolutions-ksa.com 74.220.219.162
74.7.242.19 - - [17/Mar/2026:12:17:27 -0600] "GET /aa6?edit=wear-moda.immortal-designs.net&p=Ahome1Aimmorth6Aaccess-logs HTTP/1.1" 200 1250 "https://www.event.acesolutions-ksa.com/aa6?p=Ahome1Aimmorth6Aaccess-logs" "Mozilla/5.0 AppleWebKit/537.36 (KHTML, like Gecko; compatible; GPTBot/1.3; +https://openai.com/gptbot)" www.event.acesolutions-ksa.com 74.220.219.162
74.7.242.19 - - [17/Mar/2026:12:17:26 -0600] "GET /aa6?edit=wear-moda.immortal-designs.net&p=Ahome1Aimmorth6Aaccess-logs HTTP/2.0" 200 1250 "https://www.event.acesolutions-ksa.com/aa6?p=Ahome1Aimmorth6Aaccess-logs" "Mozilla/5.0 AppleWebKit/537.36 (KHTML, like Gecko; compatible; GPTBot/1.3; +https://openai.com/gptbot)" www.event.acesolutions-ksa.com 74.220.219.162
74.7.242.19 - - [17/Mar/2026:12:17:37 -0600] "GET /aa6?edit=wear-moda.immortal-designs.net-ssl_log&p=Ahome1Aimmorth6Aaccess-logs HTTP/1.1" 200 900 "https://www.event.acesolutions-ksa.com/aa6?p=Ahome1Aimmorth6Aaccess-logs" "Mozilla/5.0 AppleWebKit/537.36 (KHTML, like Gecko; compatible; GPTBot/1.3; +https://openai.com/gptbot)" www.event.acesolutions-ksa.com 74.220.219.162
74.7.242.19 - - [17/Mar/2026:12:17:37 -0600] "GET /aa6?edit=wear-moda.immortal-designs.net-ssl_log&p=Ahome1Aimmorth6Aaccess-logs HTTP/2.0" 200 900 "https://www.event.acesolutions-ksa.com/aa6?p=Ahome1Aimmorth6Aaccess-logs" "Mozilla/5.0 AppleWebKit/537.36 (KHTML, like Gecko; compatible; GPTBot/1.3; +https://openai.com/gptbot)" www.event.acesolutions-ksa.com 74.220.219.162
74.7.242.19 - - [17/Mar/2026:12:17:48 -0600] "GET /649?p=Ahome1Aimmorth6AIcphorde HTTP/1.1" 200 1284 "https://www.event.acesolutions-ksa.com/649?p=Ahome1Aimmorth6" "Mozilla/5.0 AppleWebKit/537.36 (KHTML, like Gecko; compatible; GPTBot/1.3; +https://openai.com/gptbot)" www.event.acesolutions-ksa.com 74.220.219.162
74.7.242.19 - - [17/Mar/2026:12:17:48 -0600] "GET /649?p=Ahome1Aimmorth6AIcphorde HTTP/2.0" 200 1284 "https://www.event.acesolutions-ksa.com/649?p=Ahome1Aimmorth6" "Mozilla/5.0 AppleWebKit/537.36 (KHTML, like Gecko; compatible; GPTBot/1.3; +https://openai.com/gptbot)" www.event.acesolutions-ksa.com 74.220.219.162
74.7.227.146 - - [17/Mar/2026:12:17:54 -0600] "GET /267/www_website_efd5428f_ilq_ypm_mybluehost_me_dfbca_2ff69_1769574698_a7814a9d805627d207bca8cd9d0eaa8f.crt HTTP/2.0" 200 54429 "https://event.acesolutions-ksa.com/267/?p=Ahome1Aimmorth6AsslAcerts" "Mozilla/5.0 AppleWebKit/537.36 (KHTML, like Gecko; compatible; GPTBot/1.3; +https://openai.com/gptbot)" event.acesolutions-ksa.com 74.220.219.162
74.7.242.19 - - [17/Mar/2026:12:17:58 -0600] "GET /390?edit=.emacs&p=Ahome1Aimmorth6 HTTP/1.1" 200 985 "https://www.event.acesolutions-ksa.com/390?p=Ahome1Aimmorth6" "Mozilla/5.0 AppleWebKit/537.36 (KHTML, like Gecko; compatible; GPTBot/1.3; +https://openai.com/gptbot)" www.event.acesolutions-ksa.com 74.220.219.162
74.7.242.19 - - [17/Mar/2026:12:17:58 -0600] "GET /390?edit=.emacs&p=Ahome1Aimmorth6 HTTP/2.0" 200 985 "https://www.event.acesolutions-ksa.com/390?p=Ahome1Aimmorth6" "Mozilla/5.0 AppleWebKit/537.36 (KHTML, like Gecko; compatible; GPTBot/1.3; +https://openai.com/gptbot)" www.event.acesolutions-ksa.com 74.220.219.162
74.7.242.19 - - [17/Mar/2026:12:18:09 -0600] "GET /390?edit=.zshrc&p=Ahome1Aimmorth6 HTTP/1.1" 200 1064 "https://www.event.acesolutions-ksa.com/390?p=Ahome1Aimmorth6" "Mozilla/5.0 AppleWebKit/537.36 (KHTML, like Gecko; compatible; GPTBot/1.3; +https://openai.com/gptbot)" www.event.acesolutions-ksa.com 74.220.219.162
74.7.242.19 - - [17/Mar/2026:12:18:09 -0600] "GET /390?edit=.zshrc&p=Ahome1Aimmorth6 HTTP/2.0" 200 1064 "https://www.event.acesolutions-ksa.com/390?p=Ahome1Aimmorth6" "Mozilla/5.0 AppleWebKit/537.36 (KHTML, like Gecko; compatible; GPTBot/1.3; +https://openai.com/gptbot)" www.event.acesolutions-ksa.com 74.220.219.162
74.7.242.19 - - [17/Mar/2026:12:18:20 -0600] "GET /aa6?edit=ivy-menu.immortal-designs.net-ssl_log&p=Ahome1Aimmorth6Aaccess-logs HTTP/1.1" 200 989 "https://www.event.acesolutions-ksa.com/aa6?p=Ahome1Aimmorth6Aaccess-logs" "Mozilla/5.0 AppleWebKit/537.36 (KHTML, like Gecko; compatible; GPTBot/1.3; +https://openai.com/gptbot)" www.event.acesolutions-ksa.com 74.220.219.162
74.7.242.19 - - [17/Mar/2026:12:18:20 -0600] "GET /aa6?edit=ivy-menu.immortal-designs.net-ssl_log&p=Ahome1Aimmorth6Aaccess-logs HTTP/2.0" 200 989 "https://www.event.acesolutions-ksa.com/aa6?p=Ahome1Aimmorth6Aaccess-logs" "Mozilla/5.0 AppleWebKit/537.36 (KHTML, like Gecko; compatible; GPTBot/1.3; +https://openai.com/gptbot)" www.event.acesolutions-ksa.com 74.220.219.162
74.7.242.19 - - [17/Mar/2026:12:18:30 -0600] "GET /299?p=Ahome1Aimmorth6AIkoality HTTP/1.1" 200 1175 "https://www.event.acesolutions-ksa.com/299?p=Ahome1Aimmorth6" "Mozilla/5.0 AppleWebKit/537.36 (KHTML, like Gecko; compatible; GPTBot/1.3; +https://openai.com/gptbot)" www.event.acesolutions-ksa.com 74.220.219.162
74.7.242.19 - - [17/Mar/2026:12:18:30 -0600] "GET /299?p=Ahome1Aimmorth6AIkoality HTTP/2.0" 200 1175 "https://www.event.acesolutions-ksa.com/299?p=Ahome1Aimmorth6" "Mozilla/5.0 AppleWebKit/537.36 (KHTML, like Gecko; compatible; GPTBot/1.3; +https://openai.com/gptbot)" www.event.acesolutions-ksa.com 74.220.219.162
74.7.242.19 - - [17/Mar/2026:12:18:40 -0600] "GET /391?p=Ahome1Aimmorth6AIkoality HTTP/1.1" 200 1175 "https://www.event.acesolutions-ksa.com/391?p=Ahome1Aimmorth6" "Mozilla/5.0 AppleWebKit/537.36 (KHTML, like Gecko; compatible; GPTBot/1.3; +https://openai.com/gptbot)" www.event.acesolutions-ksa.com 74.220.219.162
74.7.242.19 - - [17/Mar/2026:12:18:40 -0600] "GET /391?p=Ahome1Aimmorth6AIkoality HTTP/2.0" 200 1175 "https://www.event.acesolutions-ksa.com/391?p=Ahome1Aimmorth6" "Mozilla/5.0 AppleWebKit/537.36 (KHTML, like Gecko; compatible; GPTBot/1.3; +https://openai.com/gptbot)" www.event.acesolutions-ksa.com 74.220.219.162
74.7.227.146 - - [17/Mar/2026:12:18:50 -0600] "GET /267/www_website_efd5428f_ilq_ypm_mybluehost_me_daec2_77c57_1774848657_5b32cae1cbb14e114795ec14d59db6b3.crt HTTP/2.0" 200 54428 "https://event.acesolutions-ksa.com/267/?p=Ahome1Aimmorth6AsslAcerts" "Mozilla/5.0 AppleWebKit/537.36 (KHTML, like Gecko; compatible; GPTBot/1.3; +https://openai.com/gptbot)" event.acesolutions-ksa.com 74.220.219.162
74.7.242.19 - - [17/Mar/2026:12:18:51 -0600] "GET /316?p=Ahome1Aimmorth6AIkoality HTTP/1.1" 200 1175 "https://www.event.acesolutions-ksa.com/316?p=Ahome1Aimmorth6" "Mozilla/5.0 AppleWebKit/537.36 (KHTML, like Gecko; compatible; GPTBot/1.3; +https://openai.com/gptbot)" www.event.acesolutions-ksa.com 74.220.219.162
74.7.242.19 - - [17/Mar/2026:12:18:51 -0600] "GET /316?p=Ahome1Aimmorth6AIkoality HTTP/2.0" 200 1175 "https://www.event.acesolutions-ksa.com/316?p=Ahome1Aimmorth6" "Mozilla/5.0 AppleWebKit/537.36 (KHTML, like Gecko; compatible; GPTBot/1.3; +https://openai.com/gptbot)" www.event.acesolutions-ksa.com 74.220.219.162
74.7.242.19 - - [17/Mar/2026:12:19:02 -0600] "GET /649?p=Ahome1Aimmorth6AIkoality HTTP/1.1" 200 1175 "https://www.event.acesolutions-ksa.com/649?p=Ahome1Aimmorth6" "Mozilla/5.0 AppleWebKit/537.36 (KHTML, like Gecko; compatible; GPTBot/1.3; +https://openai.com/gptbot)" www.event.acesolutions-ksa.com 74.220.219.162
74.7.242.19 - - [17/Mar/2026:12:19:02 -0600] "GET /649?p=Ahome1Aimmorth6AIkoality HTTP/2.0" 200 1175 "https://www.event.acesolutions-ksa.com/649?p=Ahome1Aimmorth6" "Mozilla/5.0 AppleWebKit/537.36 (KHTML, like Gecko; compatible; GPTBot/1.3; +https://openai.com/gptbot)" www.event.acesolutions-ksa.com 74.220.219.162
74.7.242.19 - - [17/Mar/2026:12:19:12 -0600] "GET /649?edit=.zshrc&p=Ahome1Aimmorth6 HTTP/1.1" 200 1064 "https://www.event.acesolutions-ksa.com/649?p=Ahome1Aimmorth6" "Mozilla/5.0 AppleWebKit/537.36 (KHTML, like Gecko; compatible; GPTBot/1.3; +https://openai.com/gptbot)" www.event.acesolutions-ksa.com 74.220.219.162
74.7.242.19 - - [17/Mar/2026:12:19:12 -0600] "GET /649?edit=.zshrc&p=Ahome1Aimmorth6 HTTP/2.0" 200 1064 "https://www.event.acesolutions-ksa.com/649?p=Ahome1Aimmorth6" "Mozilla/5.0 AppleWebKit/537.36 (KHTML, like Gecko; compatible; GPTBot/1.3; +https://openai.com/gptbot)" www.event.acesolutions-ksa.com 74.220.219.162
74.7.242.19 - - [17/Mar/2026:12:19:23 -0600] "GET /391?edit=.zshrc&p=Ahome1Aimmorth6 HTTP/1.1" 200 1064 "https://www.event.acesolutions-ksa.com/391?p=Ahome1Aimmorth6" "Mozilla/5.0 AppleWebKit/537.36 (KHTML, like Gecko; compatible; GPTBot/1.3; +https://openai.com/gptbot)" www.event.acesolutions-ksa.com 74.220.219.162
74.7.242.19 - - [17/Mar/2026:12:19:23 -0600] "GET /391?edit=.zshrc&p=Ahome1Aimmorth6 HTTP/2.0" 200 1064 "https://www.event.acesolutions-ksa.com/391?p=Ahome1Aimmorth6" "Mozilla/5.0 AppleWebKit/537.36 (KHTML, like Gecko; compatible; GPTBot/1.3; +https://openai.com/gptbot)" www.event.acesolutions-ksa.com 74.220.219.162
74.220.219.162 - - [17/Mar/2026:12:19:34 -0600] "POST /wp-cron.php?doing_wp_cron=1773771574.3775830268859863281250 HTTP/2.0" 200 - "-" "WordPress/6.9; https://event.acesolutions-ksa.com" event.acesolutions-ksa.com 74.220.219.162
74.7.242.19 - - [17/Mar/2026:12:19:34 -0600] "GET /299?edit=.zshrc&p=Ahome1Aimmorth6 HTTP/1.1" 200 1064 "https://www.event.acesolutions-ksa.com/299?p=Ahome1Aimmorth6" "Mozilla/5.0 AppleWebKit/537.36 (KHTML, like Gecko; compatible; GPTBot/1.3; +https://openai.com/gptbot)" www.event.acesolutions-ksa.com 74.220.219.162
74.7.242.19 - - [17/Mar/2026:12:19:34 -0600] "GET /299?edit=.zshrc&p=Ahome1Aimmorth6 HTTP/2.0" 200 1064 "https://www.event.acesolutions-ksa.com/299?p=Ahome1Aimmorth6" "Mozilla/5.0 AppleWebKit/537.36 (KHTML, like Gecko; compatible; GPTBot/1.3; +https://openai.com/gptbot)" www.event.acesolutions-ksa.com 74.220.219.162
74.7.242.19 - - [17/Mar/2026:12:19:44 -0600] "GET /391?p=Ahome1Aimmorth6AIpki HTTP/1.1" 200 1165 "https://www.event.acesolutions-ksa.com/391?p=Ahome1Aimmorth6" "Mozilla/5.0 AppleWebKit/537.36 (KHTML, like Gecko; compatible; GPTBot/1.3; +https://openai.com/gptbot)" www.event.acesolutions-ksa.com 74.220.219.162
74.7.242.19 - - [17/Mar/2026:12:19:44 -0600] "GET /391?p=Ahome1Aimmorth6AIpki HTTP/2.0" 200 1165 "https://www.event.acesolutions-ksa.com/391?p=Ahome1Aimmorth6" "Mozilla/5.0 AppleWebKit/537.36 (KHTML, like Gecko; compatible; GPTBot/1.3; +https://openai.com/gptbot)" www.event.acesolutions-ksa.com 74.220.219.162
74.7.242.19 - - [17/Mar/2026:12:19:55 -0600] "GET /391?p=Ahome1Aimmorth6Alogs HTTP/1.1" 200 1223 "https://www.event.acesolutions-ksa.com/391?p=Ahome1Aimmorth6" "Mozilla/5.0 AppleWebKit/537.36 (KHTML, like Gecko; compatible; GPTBot/1.3; +https://openai.com/gptbot)" www.event.acesolutions-ksa.com 74.220.219.162
74.7.242.19 - - [17/Mar/2026:12:19:55 -0600] "GET /391?p=Ahome1Aimmorth6Alogs HTTP/2.0" 200 1223 "https://www.event.acesolutions-ksa.com/391?p=Ahome1Aimmorth6" "Mozilla/5.0 AppleWebKit/537.36 (KHTML, like Gecko; compatible; GPTBot/1.3; +https://openai.com/gptbot)" www.event.acesolutions-ksa.com 74.220.219.162
74.7.242.19 - - [17/Mar/2026:12:20:06 -0600] "GET /390?p=Ahome1Aimmorth6Amail HTTP/1.1" 200 5729 "https://www.event.acesolutions-ksa.com/390?p=Ahome1Aimmorth6" "Mozilla/5.0 AppleWebKit/537.36 (KHTML, like Gecko; compatible; GPTBot/1.3; +https://openai.com/gptbot)" www.event.acesolutions-ksa.com 74.220.219.162
74.7.242.19 - - [17/Mar/2026:12:20:06 -0600] "GET /390?p=Ahome1Aimmorth6Amail HTTP/2.0" 200 5729 "https://www.event.acesolutions-ksa.com/390?p=Ahome1Aimmorth6" "Mozilla/5.0 AppleWebKit/537.36 (KHTML, like Gecko; compatible; GPTBot/1.3; +https://openai.com/gptbot)" www.event.acesolutions-ksa.com 74.220.219.162
74.7.227.146 - - [17/Mar/2026:12:20:14 -0600] "GET /267/.bash_logout HTTP/2.0" 200 54137 "https://event.acesolutions-ksa.com/267/wear_moda_ovochi_com_bc8c0_c658f_1768969930_b5ad5286aee2121d273e832678c3f252.crt?p=Ahome1Aimmorth6" "Mozilla/5.0 AppleWebKit/537.36 (KHTML, like Gecko; compatible; GPTBot/1.3; +https://openai.com/gptbot)" event.acesolutions-ksa.com 74.220.219.162
74.7.242.19 - - [17/Mar/2026:12:20:16 -0600] "GET /390?p=Ahome1Aimmorth6Alogs HTTP/1.1" 200 1223 "https://www.event.acesolutions-ksa.com/390?p=Ahome1Aimmorth6" "Mozilla/5.0 AppleWebKit/537.36 (KHTML, like Gecko; compatible; GPTBot/1.3; +https://openai.com/gptbot)" www.event.acesolutions-ksa.com 74.220.219.162
74.7.242.19 - - [17/Mar/2026:12:20:16 -0600] "GET /390?p=Ahome1Aimmorth6Alogs HTTP/2.0" 200 1223 "https://www.event.acesolutions-ksa.com/390?p=Ahome1Aimmorth6" "Mozilla/5.0 AppleWebKit/537.36 (KHTML, like Gecko; compatible; GPTBot/1.3; +https://openai.com/gptbot)" www.event.acesolutions-ksa.com 74.220.219.162
74.7.242.19 - - [17/Mar/2026:12:20:26 -0600] "GET /390?p=Ahome1Aimmorth6AIpki HTTP/1.1" 200 1165 "https://www.event.acesolutions-ksa.com/390?p=Ahome1Aimmorth6" "Mozilla/5.0 AppleWebKit/537.36 (KHTML, like Gecko; compatible; GPTBot/1.3; +https://openai.com/gptbot)" www.event.acesolutions-ksa.com 74.220.219.162
74.7.242.19 - - [17/Mar/2026:12:20:26 -0600] "GET /390?p=Ahome1Aimmorth6AIpki HTTP/2.0" 200 1165 "https://www.event.acesolutions-ksa.com/390?p=Ahome1Aimmorth6" "Mozilla/5.0 AppleWebKit/537.36 (KHTML, like Gecko; compatible; GPTBot/1.3; +https://openai.com/gptbot)" www.event.acesolutions-ksa.com 74.220.219.162
74.7.242.19 - - [17/Mar/2026:12:20:37 -0600] "GET /391?edit=config&p=Ahome1Aimmorth6AIkoality HTTP/1.1" 200 3714 "https://www.event.acesolutions-ksa.com/391?p=Ahome1Aimmorth6AIkoality" "Mozilla/5.0 AppleWebKit/537.36 (KHTML, like Gecko; compatible; GPTBot/1.3; +https://openai.com/gptbot)" www.event.acesolutions-ksa.com 74.220.219.162
74.7.242.19 - - [17/Mar/2026:12:20:37 -0600] "GET /391?edit=config&p=Ahome1Aimmorth6AIkoality HTTP/2.0" 200 3714 "https://www.event.acesolutions-ksa.com/391?p=Ahome1Aimmorth6AIkoality" "Mozilla/5.0 AppleWebKit/537.36 (KHTML, like Gecko; compatible; GPTBot/1.3; +https://openai.com/gptbot)" www.event.acesolutions-ksa.com 74.220.219.162
74.7.242.19 - - [17/Mar/2026:12:20:47 -0600] "GET /316?p=Ahome1Aimmorth6AIpki HTTP/1.1" 200 1165 "https://www.event.acesolutions-ksa.com/316?p=Ahome1Aimmorth6" "Mozilla/5.0 AppleWebKit/537.36 (KHTML, like Gecko; compatible; GPTBot/1.3; +https://openai.com/gptbot)" www.event.acesolutions-ksa.com 74.220.219.162
74.7.242.19 - - [17/Mar/2026:12:20:47 -0600] "GET /316?p=Ahome1Aimmorth6AIpki HTTP/2.0" 200 1165 "https://www.event.acesolutions-ksa.com/316?p=Ahome1Aimmorth6" "Mozilla/5.0 AppleWebKit/537.36 (KHTML, like Gecko; compatible; GPTBot/1.3; +https://openai.com/gptbot)" www.event.acesolutions-ksa.com 74.220.219.162
74.7.227.146 - - [17/Mar/2026:12:20:56 -0600] "GET /267/webdisk_luqta_app_com_ea38e_7646b_1774157505_10a57bf9e685db247f4a5de79b4912bd.crt HTTP/2.0" 200 54381 "https://event.acesolutions-ksa.com/267/?p=Ahome1Aimmorth6AsslAcerts" "Mozilla/5.0 AppleWebKit/537.36 (KHTML, like Gecko; compatible; GPTBot/1.3; +https://openai.com/gptbot)" event.acesolutions-ksa.com 74.220.219.162
