74.7.227.146 - - [17/Mar/2026:15:36:23 -0600] "GET /ar/98a/?edit=immortal-tech.net.zip&p=Ahome1Aimmorth6Aetc HTTP/2.0" 200 307606 "https://www.website-efd5428f.ilq.ypm.mybluehost.me" "Mozilla/5.0 AppleWebKit/537.36 (KHTML, like Gecko; compatible; GPTBot/1.3; +https://openai.com/gptbot)" event.acesolutions-ksa.com 74.220.219.162
74.220.219.162 - - [17/Mar/2026:15:36:39 -0600] "POST /wp-cron.php?doing_wp_cron=1773783399.2298550605773925781250 HTTP/2.0" 200 - "-" "WordPress/6.9; https://event.acesolutions-ksa.com" event.acesolutions-ksa.com 74.220.219.162
74.7.242.19 - - [17/Mar/2026:15:36:38 -0600] "GET /immortal-tech-net.immortal-designs.net?edit=block.json&p=Ahome1Aimmorth6AwwwAwebsite_17210628Awp-includesAblocksAhtml HTTP/2.0" 200 1112 "https://www.event.acesolutions-ksa.com/immortal-tech-net.immortal-designs.net?p=Ahome1Aimmorth6AwwwAwebsite_17210628Awp-includesAblocksAhtml" "Mozilla/5.0 AppleWebKit/537.36 (KHTML, like Gecko; compatible; GPTBot/1.3; +https://openai.com/gptbot)" www.event.acesolutions-ksa.com 74.220.219.162
74.7.227.146 - - [17/Mar/2026:15:37:20 -0600] "GET /Helpers.php HTTP/2.0" 409 83 "https://event.acesolutions-ksa.com/1773037111.M713909P2123.box2010.bluehost.com,S=2338,W=2403?p=Ahome1Aimmorth6Apublic_htmlAwebsite_efd5428fAwp-contentAplugins-202504291021Awpforms-liteAsrcAEmails" "Mozilla/5.0 AppleWebKit/537.36 (KHTML, like Gecko; compatible; GPTBot/1.3; +https://openai.com/gptbot)" event.acesolutions-ksa.com 74.220.219.162
74.7.242.19 - - [17/Mar/2026:15:37:31 -0600] "GET /immortal-tech-net.immortal-designs.net?edit=block.json&p=Ahome1Aimmorth6AwwwAwebsite_17210628Awp-includesAblocksAembed HTTP/2.0" 200 1206 "https://www.event.acesolutions-ksa.com/immortal-tech-net.immortal-designs.net?p=Ahome1Aimmorth6AwwwAwebsite_17210628Awp-includesAblocksAembed" "Mozilla/5.0 AppleWebKit/537.36 (KHTML, like Gecko; compatible; GPTBot/1.3; +https://openai.com/gptbot)" www.event.acesolutions-ksa.com 74.220.219.162
216.73.216.97 - - [17/Mar/2026:15:37:38 -0600] "GET /sitemap.xml?edit=privacy-policy-guide.php&p=Ahome1Aimmorth6Apublic_htmlAwebsite_efd5428fAwp-admin HTTP/2.0" 409 83 "-" "Mozilla/5.0 AppleWebKit/537.36 (KHTML, like Gecko; compatible; ClaudeBot/1.0; +claudebot@anthropic.com)" www.event.acesolutions-ksa.com 74.220.219.162
216.73.216.97 - - [17/Mar/2026:15:37:50 -0600] "GET /wordpress-seo-ar.mo?p=Ahome1Aimmorth6AIpki HTTP/1.1" 200 1165 "-" "Mozilla/5.0 AppleWebKit/537.36 (KHTML, like Gecko; compatible; ClaudeBot/1.0; +claudebot@anthropic.com)" www.event.acesolutions-ksa.com 74.220.219.162
216.73.216.97 - - [17/Mar/2026:15:37:50 -0600] "GET /wordpress-seo-ar.mo?p=Ahome1Aimmorth6AIpki HTTP/2.0" 200 1165 "-" "Mozilla/5.0 AppleWebKit/537.36 (KHTML, like Gecko; compatible; ClaudeBot/1.0; +claudebot@anthropic.com)" www.event.acesolutions-ksa.com 74.220.219.162
216.73.216.97 - - [17/Mar/2026:15:37:53 -0600] "GET /sitemap.xml?edit=themes.php&p=Ahome1Aimmorth6Apublic_htmlAwebsite_efd5428fAwp-admin HTTP/2.0" 409 83 "-" "Mozilla/5.0 AppleWebKit/537.36 (KHTML, like Gecko; compatible; ClaudeBot/1.0; +claudebot@anthropic.com)" www.event.acesolutions-ksa.com 74.220.219.162
216.73.216.97 - - [17/Mar/2026:15:38:05 -0600] "GET /sitemap.xml?edit=user-new.php&p=Ahome1Aimmorth6Apublic_htmlAwebsite_efd5428fAwp-admin HTTP/2.0" 409 83 "-" "Mozilla/5.0 AppleWebKit/537.36 (KHTML, like Gecko; compatible; ClaudeBot/1.0; +claudebot@anthropic.com)" www.event.acesolutions-ksa.com 74.220.219.162
216.73.216.97 - - [17/Mar/2026:15:38:07 -0600] "GET /admin-network-ar.po?edit=wp-activate.php&p=Ahome1Aimmorth6Aimmortal-techInet HTTP/2.0" 409 83 "-" "Mozilla/5.0 AppleWebKit/537.36 (KHTML, like Gecko; compatible; ClaudeBot/1.0; +claudebot@anthropic.com)" www.event.acesolutions-ksa.com 74.220.219.162
216.73.216.97 - - [17/Mar/2026:15:38:12 -0600] "GET /sitemap.xml?edit=contribute.php&p=Ahome1Aimmorth6Apublic_htmlAwebsite_efd5428fAwp-admin HTTP/2.0" 409 83 "-" "Mozilla/5.0 AppleWebKit/537.36 (KHTML, like Gecko; compatible; ClaudeBot/1.0; +claudebot@anthropic.com)" www.event.acesolutions-ksa.com 74.220.219.162
74.7.227.146 - - [17/Mar/2026:15:38:13 -0600] "GET /1773037111.M713909P2123.box2010.bluehost.com,S=2338,W=2403?p=Ahome1Aimmorth6Apublic_htmlAwebsite_efd5428fAwp-contentAplugins-202504291021Awpforms-liteAsrcALite HTTP/2.0" 200 54164 "https://website-efd5428f.ilq.ypm.mybluehost.me" "Mozilla/5.0 AppleWebKit/537.36 (KHTML, like Gecko; compatible; GPTBot/1.3; +https://openai.com/gptbot)" event.acesolutions-ksa.com 74.220.219.162
74.7.242.19 - - [17/Mar/2026:15:38:15 -0600] "GET /immortal-tech-net.immortal-designs.net?edit=block.json&p=Ahome1Aimmorth6AwwwAwebsite_17210628Awp-includesAblocksAblock HTTP/2.0" 200 1119 "https://www.event.acesolutions-ksa.com/immortal-tech-net.immortal-designs.net?p=Ahome1Aimmorth6AwwwAwebsite_17210628Awp-includesAblocksAblock" "Mozilla/5.0 AppleWebKit/537.36 (KHTML, like Gecko; compatible; GPTBot/1.3; +https://openai.com/gptbot)" www.event.acesolutions-ksa.com 74.220.219.162
216.73.216.97 - - [17/Mar/2026:15:38:17 -0600] "GET /sitemap.xml?edit=privacy.php&p=Ahome1Aimmorth6Apublic_htmlAwebsite_efd5428fAwp-admin HTTP/2.0" 409 83 "-" "Mozilla/5.0 AppleWebKit/537.36 (KHTML, like Gecko; compatible; ClaudeBot/1.0; +claudebot@anthropic.com)" www.event.acesolutions-ksa.com 74.220.219.162
216.73.216.97 - - [17/Mar/2026:15:38:22 -0600] "GET /wordpress-seo-ar.mo?edit=wp-load.php&p=Ahome1Aimmorth6Aimmortal-techInet HTTP/2.0" 409 83 "-" "Mozilla/5.0 AppleWebKit/537.36 (KHTML, like Gecko; compatible; ClaudeBot/1.0; +claudebot@anthropic.com)" www.event.acesolutions-ksa.com 74.220.219.162
216.73.216.97 - - [17/Mar/2026:15:38:27 -0600] "GET /sitemap.xml?edit=error_log&p=Ahome1Aimmorth6Apublic_htmlAwebsite_efd5428fAwp-admin HTTP/2.0" 200 1434 "-" "Mozilla/5.0 AppleWebKit/537.36 (KHTML, like Gecko; compatible; ClaudeBot/1.0; +claudebot@anthropic.com)" www.event.acesolutions-ksa.com 74.220.219.162
74.220.219.162 - - [17/Mar/2026:15:38:45 -0600] "POST /wp-cron.php?doing_wp_cron=1773783525.8330500125885009765625 HTTP/2.0" 200 - "-" "WordPress/6.9; https://event.acesolutions-ksa.com" event.acesolutions-ksa.com 74.220.219.162
74.7.242.19 - - [17/Mar/2026:15:38:58 -0600] "GET /immortal-tech-net.immortal-designs.net?edit=block.json&p=Ahome1Aimmorth6AwwwAwebsite_17210628Awp-includesAblocksAquery HTTP/2.0" 200 1429 "https://www.event.acesolutions-ksa.com/immortal-tech-net.immortal-designs.net?p=Ahome1Aimmorth6AwwwAwebsite_17210628Awp-includesAblocksAquery" "Mozilla/5.0 AppleWebKit/537.36 (KHTML, like Gecko; compatible; GPTBot/1.3; +https://openai.com/gptbot)" www.event.acesolutions-ksa.com 74.220.219.162
74.7.227.146 - - [17/Mar/2026:15:39:18 -0600] "GET /ar/1773037111.M713909P2123.box2010.bluehost.com,S=2338,W=2403/?p=Ahome1Aimmorth6Apublic_htmlAwebsite_efd5428fAwp-contentAplugins-202504291021Awpforms-liteAsrcALite HTTP/2.0" 200 55503 "https://website-efd5428f.ilq.ypm.mybluehost.me" "Mozilla/5.0 AppleWebKit/537.36 (KHTML, like Gecko; compatible; GPTBot/1.3; +https://openai.com/gptbot)" event.acesolutions-ksa.com 74.220.219.162
74.7.242.19 - - [17/Mar/2026:15:39:33 -0600] "GET /immortal-tech-net.immortal-designs.net?edit=block.json&p=Ahome1Aimmorth6AwwwAwebsite_17210628Awp-includesAblocksAcover HTTP/2.0" 200 1828 "https://www.event.acesolutions-ksa.com/immortal-tech-net.immortal-designs.net?p=Ahome1Aimmorth6AwwwAwebsite_17210628Awp-includesAblocksAcover" "Mozilla/5.0 AppleWebKit/537.36 (KHTML, like Gecko; compatible; GPTBot/1.3; +https://openai.com/gptbot)" www.event.acesolutions-ksa.com 74.220.219.162
74.7.242.19 - - [17/Mar/2026:15:40:07 -0600] "GET /immortal-tech-net.immortal-designs.net?edit=block.json&p=Ahome1Aimmorth6AwwwAwebsite_17210628Awp-includesAblocksAmath HTTP/2.0" 200 1084 "https://www.event.acesolutions-ksa.com/immortal-tech-net.immortal-designs.net?p=Ahome1Aimmorth6AwwwAwebsite_17210628Awp-includesAblocksAmath" "Mozilla/5.0 AppleWebKit/537.36 (KHTML, like Gecko; compatible; GPTBot/1.3; +https://openai.com/gptbot)" www.event.acesolutions-ksa.com 74.220.219.162
74.7.227.146 - - [17/Mar/2026:15:40:14 -0600] "GET /ar/528/?edit=immortal-tech.net.zip&p=Ahome1Aimmorth6Aetc HTTP/2.0" 200 307607 "https://www.website-efd5428f.ilq.ypm.mybluehost.me" "Mozilla/5.0 AppleWebKit/537.36 (KHTML, like Gecko; compatible; GPTBot/1.3; +https://openai.com/gptbot)" event.acesolutions-ksa.com 74.220.219.162
74.7.242.19 - - [17/Mar/2026:15:40:36 -0600] "GET /immortal-tech-net.immortal-designs.net?edit=block.json&p=Ahome1Aimmorth6AwwwAwebsite_17210628Awp-includesAblocksAcode HTTP/2.0" 200 1349 "https://www.event.acesolutions-ksa.com/immortal-tech-net.immortal-designs.net?p=Ahome1Aimmorth6AwwwAwebsite_17210628Awp-includesAblocksAcode" "Mozilla/5.0 AppleWebKit/537.36 (KHTML, like Gecko; compatible; GPTBot/1.3; +https://openai.com/gptbot)" www.event.acesolutions-ksa.com 74.220.219.162
74.7.242.19 - - [17/Mar/2026:15:41:03 -0600] "GET /view.js HTTP/2.0" 404 - "https://www.event.acesolutions-ksa.com/immortal-tech-net.immortal-designs.net?p=Ahome1Aimmorth6AwwwAwebsite_17210628Awp-includesAblocksAsearch" "Mozilla/5.0 AppleWebKit/537.36 (KHTML, like Gecko; compatible; GPTBot/1.3; +https://openai.com/gptbot)" www.event.acesolutions-ksa.com 74.220.219.162
74.7.227.146 - - [17/Mar/2026:15:41:07 -0600] "GET /FetchInfoBlocksTask.php HTTP/2.0" 409 83 "https://event.acesolutions-ksa.com/1773037111.M713909P2123.box2010.bluehost.com,S=2338,W=2403?p=Ahome1Aimmorth6Apublic_htmlAwebsite_efd5428fAwp-contentAplugins-202504291021Awpforms-liteAsrcAEmails" "Mozilla/5.0 AppleWebKit/537.36 (KHTML, like Gecko; compatible; GPTBot/1.3; +https://openai.com/gptbot)" event.acesolutions-ksa.com 74.220.219.162
74.220.219.162 - - [17/Mar/2026:15:41:09 -0600] "POST /wp-cron.php?doing_wp_cron=1773783669.1080670356750488281250 HTTP/2.0" 200 - "-" "WordPress/6.9; https://event.acesolutions-ksa.com" event.acesolutions-ksa.com 74.220.219.162
74.7.242.19 - - [17/Mar/2026:15:41:27 -0600] "GET /immortal-tech-net.immortal-designs.net?p=Ahome1Aimmorth6AwwwAwebsite_17210628Awp-includesAblocksAtable HTTP/1.1" 200 3359 "https://www.event.acesolutions-ksa.com/immortal-tech-net.immortal-designs.net?p=Ahome1Aimmorth6AwwwAwebsite_17210628Awp-includesAblocks" "Mozilla/5.0 AppleWebKit/537.36 (KHTML, like Gecko; compatible; GPTBot/1.3; +https://openai.com/gptbot)" www.event.acesolutions-ksa.com 74.220.219.162
74.7.242.19 - - [17/Mar/2026:15:41:27 -0600] "GET /immortal-tech-net.immortal-designs.net?p=Ahome1Aimmorth6AwwwAwebsite_17210628Awp-includesAblocksAtable HTTP/2.0" 200 3359 "https://www.event.acesolutions-ksa.com/immortal-tech-net.immortal-designs.net?p=Ahome1Aimmorth6AwwwAwebsite_17210628Awp-includesAblocks" "Mozilla/5.0 AppleWebKit/537.36 (KHTML, like Gecko; compatible; GPTBot/1.3; +https://openai.com/gptbot)" www.event.acesolutions-ksa.com 74.220.219.162
74.7.242.19 - - [17/Mar/2026:15:41:52 -0600] "GET /immortal-tech-net.immortal-designs.net?p=Ahome1Aimmorth6AwwwAwebsite_17210628Awp-includesAblocksAmissing HTTP/1.1" 200 1269 "https://www.event.acesolutions-ksa.com/immortal-tech-net.immortal-designs.net?p=Ahome1Aimmorth6AwwwAwebsite_17210628Awp-includesAblocks" "Mozilla/5.0 AppleWebKit/537.36 (KHTML, like Gecko; compatible; GPTBot/1.3; +https://openai.com/gptbot)" www.event.acesolutions-ksa.com 74.220.219.162
74.7.242.19 - - [17/Mar/2026:15:41:52 -0600] "GET /immortal-tech-net.immortal-designs.net?p=Ahome1Aimmorth6AwwwAwebsite_17210628Awp-includesAblocksAmissing HTTP/2.0" 200 1269 "https://www.event.acesolutions-ksa.com/immortal-tech-net.immortal-designs.net?p=Ahome1Aimmorth6AwwwAwebsite_17210628Awp-includesAblocks" "Mozilla/5.0 AppleWebKit/537.36 (KHTML, like Gecko; compatible; GPTBot/1.3; +https://openai.com/gptbot)" www.event.acesolutions-ksa.com 74.220.219.162
74.7.227.146 - - [17/Mar/2026:15:41:53 -0600] "GET /NotificationBlocks.php HTTP/2.0" 409 83 "https://event.acesolutions-ksa.com/1773037111.M713909P2123.box2010.bluehost.com,S=2338,W=2403?p=Ahome1Aimmorth6Apublic_htmlAwebsite_efd5428fAwp-contentAplugins-202504291021Awpforms-liteAsrcAEmails" "Mozilla/5.0 AppleWebKit/537.36 (KHTML, like Gecko; compatible; GPTBot/1.3; +https://openai.com/gptbot)" event.acesolutions-ksa.com 74.220.219.162
74.7.242.19 - - [17/Mar/2026:15:42:15 -0600] "GET /immortal-tech-net.immortal-designs.net?p=Ahome1Aimmorth6AwwwAwebsite_17210628Awp-includesAblocksAquote HTTP/1.1" 200 2525 "https://www.event.acesolutions-ksa.com/immortal-tech-net.immortal-designs.net?p=Ahome1Aimmorth6AwwwAwebsite_17210628Awp-includesAblocks" "Mozilla/5.0 AppleWebKit/537.36 (KHTML, like Gecko; compatible; GPTBot/1.3; +https://openai.com/gptbot)" www.event.acesolutions-ksa.com 74.220.219.162
74.7.242.19 - - [17/Mar/2026:15:42:15 -0600] "GET /immortal-tech-net.immortal-designs.net?p=Ahome1Aimmorth6AwwwAwebsite_17210628Awp-includesAblocksAquote HTTP/2.0" 200 2525 "https://www.event.acesolutions-ksa.com/immortal-tech-net.immortal-designs.net?p=Ahome1Aimmorth6AwwwAwebsite_17210628Awp-includesAblocks" "Mozilla/5.0 AppleWebKit/537.36 (KHTML, like Gecko; compatible; GPTBot/1.3; +https://openai.com/gptbot)" www.event.acesolutions-ksa.com 74.220.219.162
74.7.242.19 - - [17/Mar/2026:15:42:34 -0600] "GET /immortal-tech-net.immortal-designs.net?p=Ahome1Aimmorth6AwwwAwebsite_17210628Awp-includesAblocksAvideo HTTP/1.1" 200 3343 "https://www.event.acesolutions-ksa.com/immortal-tech-net.immortal-designs.net?p=Ahome1Aimmorth6AwwwAwebsite_17210628Awp-includesAblocks" "Mozilla/5.0 AppleWebKit/537.36 (KHTML, like Gecko; compatible; GPTBot/1.3; +https://openai.com/gptbot)" www.event.acesolutions-ksa.com 74.220.219.162
74.7.242.19 - - [17/Mar/2026:15:42:34 -0600] "GET /immortal-tech-net.immortal-designs.net?p=Ahome1Aimmorth6AwwwAwebsite_17210628Awp-includesAblocksAvideo HTTP/2.0" 200 3343 "https://www.event.acesolutions-ksa.com/immortal-tech-net.immortal-designs.net?p=Ahome1Aimmorth6AwwwAwebsite_17210628Awp-includesAblocks" "Mozilla/5.0 AppleWebKit/537.36 (KHTML, like Gecko; compatible; GPTBot/1.3; +https://openai.com/gptbot)" www.event.acesolutions-ksa.com 74.220.219.162
74.7.242.19 - - [17/Mar/2026:15:42:52 -0600] "GET /immortal-tech-net.immortal-designs.net?p=Ahome1Aimmorth6AwwwAwebsite_17210628Awp-includesAblocksAverse HTTP/1.1" 200 1845 "https://www.event.acesolutions-ksa.com/immortal-tech-net.immortal-designs.net?p=Ahome1Aimmorth6AwwwAwebsite_17210628Awp-includesAblocks" "Mozilla/5.0 AppleWebKit/537.36 (KHTML, like Gecko; compatible; GPTBot/1.3; +https://openai.com/gptbot)" www.event.acesolutions-ksa.com 74.220.219.162
74.7.242.19 - - [17/Mar/2026:15:42:52 -0600] "GET /immortal-tech-net.immortal-designs.net?p=Ahome1Aimmorth6AwwwAwebsite_17210628Awp-includesAblocksAverse HTTP/2.0" 200 1845 "https://www.event.acesolutions-ksa.com/immortal-tech-net.immortal-designs.net?p=Ahome1Aimmorth6AwwwAwebsite_17210628Awp-includesAblocks" "Mozilla/5.0 AppleWebKit/537.36 (KHTML, like Gecko; compatible; GPTBot/1.3; +https://openai.com/gptbot)" www.event.acesolutions-ksa.com 74.220.219.162
74.7.227.146 - - [17/Mar/2026:15:42:58 -0600] "GET /ar/98a/.htaccess.no_htaccess.phpupgrader HTTP/2.0" 409 83 "https://event.acesolutions-ksa.com/ar/98a/?p=Ahome1Aimmorth6Awww" "Mozilla/5.0 AppleWebKit/537.36 (KHTML, like Gecko; compatible; GPTBot/1.3; +https://openai.com/gptbot)" event.acesolutions-ksa.com 74.220.219.162
74.7.242.19 - - [17/Mar/2026:15:43:08 -0600] "GET /immortal-tech-net.immortal-designs.net?p=Ahome1Aimmorth6AwwwAwebsite_17210628Awp-includesAblocksAfile HTTP/1.1" 200 3283 "https://www.event.acesolutions-ksa.com/immortal-tech-net.immortal-designs.net?p=Ahome1Aimmorth6AwwwAwebsite_17210628Awp-includesAblocks" "Mozilla/5.0 AppleWebKit/537.36 (KHTML, like Gecko; compatible; GPTBot/1.3; +https://openai.com/gptbot)" www.event.acesolutions-ksa.com 74.220.219.162
74.7.242.19 - - [17/Mar/2026:15:43:08 -0600] "GET /immortal-tech-net.immortal-designs.net?p=Ahome1Aimmorth6AwwwAwebsite_17210628Awp-includesAblocksAfile HTTP/2.0" 200 3283 "https://www.event.acesolutions-ksa.com/immortal-tech-net.immortal-designs.net?p=Ahome1Aimmorth6AwwwAwebsite_17210628Awp-includesAblocks" "Mozilla/5.0 AppleWebKit/537.36 (KHTML, like Gecko; compatible; GPTBot/1.3; +https://openai.com/gptbot)" www.event.acesolutions-ksa.com 74.220.219.162
74.220.219.162 - - [17/Mar/2026:15:43:14 -0600] "POST /wp-cron.php?doing_wp_cron=1773783794.4931950569152832031250 HTTP/2.0" 200 - "-" "WordPress/6.9; https://event.acesolutions-ksa.com" event.acesolutions-ksa.com 74.220.219.162
74.7.242.19 - - [17/Mar/2026:15:43:22 -0600] "GET /immortal-tech-net.immortal-designs.net?p=Ahome1Aimmorth6AwwwAwebsite_17210628Awp-includesAblocksAavatar HTTP/1.1" 200 2699 "https://www.event.acesolutions-ksa.com/immortal-tech-net.immortal-designs.net?p=Ahome1Aimmorth6AwwwAwebsite_17210628Awp-includesAblocks" "Mozilla/5.0 AppleWebKit/537.36 (KHTML, like Gecko; compatible; GPTBot/1.3; +https://openai.com/gptbot)" www.event.acesolutions-ksa.com 74.220.219.162
74.7.242.19 - - [17/Mar/2026:15:43:22 -0600] "GET /immortal-tech-net.immortal-designs.net?p=Ahome1Aimmorth6AwwwAwebsite_17210628Awp-includesAblocksAavatar HTTP/2.0" 200 2699 "https://www.event.acesolutions-ksa.com/immortal-tech-net.immortal-designs.net?p=Ahome1Aimmorth6AwwwAwebsite_17210628Awp-includesAblocks" "Mozilla/5.0 AppleWebKit/537.36 (KHTML, like Gecko; compatible; GPTBot/1.3; +https://openai.com/gptbot)" www.event.acesolutions-ksa.com 74.220.219.162
74.7.242.19 - - [17/Mar/2026:15:43:35 -0600] "GET /immortal-tech-net.immortal-designs.net?p=Ahome1Aimmorth6AwwwAwebsite_17210628Awp-includesAblocksAspacer HTTP/1.1" 200 2681 "https://www.event.acesolutions-ksa.com/immortal-tech-net.immortal-designs.net?p=Ahome1Aimmorth6AwwwAwebsite_17210628Awp-includesAblocks" "Mozilla/5.0 AppleWebKit/537.36 (KHTML, like Gecko; compatible; GPTBot/1.3; +https://openai.com/gptbot)" www.event.acesolutions-ksa.com 74.220.219.162
74.7.242.19 - - [17/Mar/2026:15:43:35 -0600] "GET /immortal-tech-net.immortal-designs.net?p=Ahome1Aimmorth6AwwwAwebsite_17210628Awp-includesAblocksAspacer HTTP/2.0" 200 2681 "https://www.event.acesolutions-ksa.com/immortal-tech-net.immortal-designs.net?p=Ahome1Aimmorth6AwwwAwebsite_17210628Awp-includesAblocks" "Mozilla/5.0 AppleWebKit/537.36 (KHTML, like Gecko; compatible; GPTBot/1.3; +https://openai.com/gptbot)" www.event.acesolutions-ksa.com 74.220.219.162
74.7.242.19 - - [17/Mar/2026:15:43:47 -0600] "GET /immortal-tech-net.immortal-designs.net?p=Ahome1Aimmorth6AwwwAwebsite_17210628Awp-includesAblocksAgroup HTTP/1.1" 200 3334 "https://www.event.acesolutions-ksa.com/immortal-tech-net.immortal-designs.net?p=Ahome1Aimmorth6AwwwAwebsite_17210628Awp-includesAblocks" "Mozilla/5.0 AppleWebKit/537.36 (KHTML, like Gecko; compatible; GPTBot/1.3; +https://openai.com/gptbot)" www.event.acesolutions-ksa.com 74.220.219.162
74.7.242.19 - - [17/Mar/2026:15:43:47 -0600] "GET /immortal-tech-net.immortal-designs.net?p=Ahome1Aimmorth6AwwwAwebsite_17210628Awp-includesAblocksAgroup HTTP/2.0" 200 3334 "https://www.event.acesolutions-ksa.com/immortal-tech-net.immortal-designs.net?p=Ahome1Aimmorth6AwwwAwebsite_17210628Awp-includesAblocks" "Mozilla/5.0 AppleWebKit/537.36 (KHTML, like Gecko; compatible; GPTBot/1.3; +https://openai.com/gptbot)" www.event.acesolutions-ksa.com 74.220.219.162
74.7.242.19 - - [17/Mar/2026:15:43:58 -0600] "GET /immortal-tech-net.immortal-designs.net?p=Ahome1Aimmorth6AwwwAwebsite_17210628Awp-includesAblocksAheading HTTP/1.1" 200 1942 "https://www.event.acesolutions-ksa.com/immortal-tech-net.immortal-designs.net?p=Ahome1Aimmorth6AwwwAwebsite_17210628Awp-includesAblocks" "Mozilla/5.0 AppleWebKit/537.36 (KHTML, like Gecko; compatible; GPTBot/1.3; +https://openai.com/gptbot)" www.event.acesolutions-ksa.com 74.220.219.162
74.7.242.19 - - [17/Mar/2026:15:43:58 -0600] "GET /immortal-tech-net.immortal-designs.net?p=Ahome1Aimmorth6AwwwAwebsite_17210628Awp-includesAblocksAheading HTTP/2.0" 200 1942 "https://www.event.acesolutions-ksa.com/immortal-tech-net.immortal-designs.net?p=Ahome1Aimmorth6AwwwAwebsite_17210628Awp-includesAblocks" "Mozilla/5.0 AppleWebKit/537.36 (KHTML, like Gecko; compatible; GPTBot/1.3; +https://openai.com/gptbot)" www.event.acesolutions-ksa.com 74.220.219.162
74.7.227.146 - - [17/Mar/2026:15:44:02 -0600] "GET /1c5/.dns?p=Ahome1 HTTP/2.0" 200 53288 "https://event.acesolutions-ksa.com/1c5/.dns" "Mozilla/5.0 AppleWebKit/537.36 (KHTML, like Gecko; compatible; GPTBot/1.3; +https://openai.com/gptbot)" event.acesolutions-ksa.com 74.220.219.162
74.7.242.19 - - [17/Mar/2026:15:44:08 -0600] "GET /immortal-tech-net.immortal-designs.net?p=Ahome1Aimmorth6AwwwAwebsite_17210628Awp-includesAblocksAgallery HTTP/1.1" 200 3459 "https://www.event.acesolutions-ksa.com/immortal-tech-net.immortal-designs.net?p=Ahome1Aimmorth6AwwwAwebsite_17210628Awp-includesAblocks" "Mozilla/5.0 AppleWebKit/537.36 (KHTML, like Gecko; compatible; GPTBot/1.3; +https://openai.com/gptbot)" www.event.acesolutions-ksa.com 74.220.219.162
74.7.242.19 - - [17/Mar/2026:15:44:08 -0600] "GET /immortal-tech-net.immortal-designs.net?p=Ahome1Aimmorth6AwwwAwebsite_17210628Awp-includesAblocksAgallery HTTP/2.0" 200 3459 "https://www.event.acesolutions-ksa.com/immortal-tech-net.immortal-designs.net?p=Ahome1Aimmorth6AwwwAwebsite_17210628Awp-includesAblocks" "Mozilla/5.0 AppleWebKit/537.36 (KHTML, like Gecko; compatible; GPTBot/1.3; +https://openai.com/gptbot)" www.event.acesolutions-ksa.com 74.220.219.162
74.7.242.19 - - [17/Mar/2026:15:44:19 -0600] "GET /immortal-tech-net.immortal-designs.net?edit=block.json&p=Ahome1Aimmorth6AwwwAwebsite_17210628Awp-includesAblocksAtable HTTP/2.0" 200 2026 "https://www.event.acesolutions-ksa.com/immortal-tech-net.immortal-designs.net?p=Ahome1Aimmorth6AwwwAwebsite_17210628Awp-includesAblocksAtable" "Mozilla/5.0 AppleWebKit/537.36 (KHTML, like Gecko; compatible; GPTBot/1.3; +https://openai.com/gptbot)" www.event.acesolutions-ksa.com 74.220.219.162
74.7.242.19 - - [17/Mar/2026:15:44:29 -0600] "GET /immortal-tech-net.immortal-designs.net?edit=block.json&p=Ahome1Aimmorth6AwwwAwebsite_17210628Awp-includesAblocksAmissing HTTP/2.0" 200 1128 "https://www.event.acesolutions-ksa.com/immortal-tech-net.immortal-designs.net?p=Ahome1Aimmorth6AwwwAwebsite_17210628Awp-includesAblocksAmissing" "Mozilla/5.0 AppleWebKit/537.36 (KHTML, like Gecko; compatible; GPTBot/1.3; +https://openai.com/gptbot)" www.event.acesolutions-ksa.com 74.220.219.162
74.7.242.19 - - [17/Mar/2026:15:44:39 -0600] "GET /immortal-tech-net.immortal-designs.net?edit=block.json&p=Ahome1Aimmorth6AwwwAwebsite_17210628Awp-includesAblocksAquote HTTP/2.0" 200 1621 "https://www.event.acesolutions-ksa.com/immortal-tech-net.immortal-designs.net?p=Ahome1Aimmorth6AwwwAwebsite_17210628Awp-includesAblocksAquote" "Mozilla/5.0 AppleWebKit/537.36 (KHTML, like Gecko; compatible; GPTBot/1.3; +https://openai.com/gptbot)" www.event.acesolutions-ksa.com 74.220.219.162
74.7.242.19 - - [17/Mar/2026:15:44:50 -0600] "GET /immortal-tech-net.immortal-designs.net?edit=block.json&p=Ahome1Aimmorth6AwwwAwebsite_17210628Awp-includesAblocksAvideo HTTP/2.0" 200 1421 "https://www.event.acesolutions-ksa.com/immortal-tech-net.immortal-designs.net?p=Ahome1Aimmorth6AwwwAwebsite_17210628Awp-includesAblocksAvideo" "Mozilla/5.0 AppleWebKit/537.36 (KHTML, like Gecko; compatible; GPTBot/1.3; +https://openai.com/gptbot)" www.event.acesolutions-ksa.com 74.220.219.162
74.7.242.19 - - [17/Mar/2026:15:45:00 -0600] "GET /immortal-tech-net.immortal-designs.net?edit=block.json&p=Ahome1Aimmorth6AwwwAwebsite_17210628Awp-includesAblocksAverse HTTP/2.0" 200 1414 "https://www.event.acesolutions-ksa.com/immortal-tech-net.immortal-designs.net?p=Ahome1Aimmorth6AwwwAwebsite_17210628Awp-includesAblocksAverse" "Mozilla/5.0 AppleWebKit/537.36 (KHTML, like Gecko; compatible; GPTBot/1.3; +https://openai.com/gptbot)" www.event.acesolutions-ksa.com 74.220.219.162
74.7.227.146 - - [17/Mar/2026:15:45:04 -0600] "GET /98a/readme.html HTTP/2.0" 404 - "https://event.acesolutions-ksa.com/98a/.dns?p=Ahome1Aimmorth6Apublic_html" "Mozilla/5.0 AppleWebKit/537.36 (KHTML, like Gecko; compatible; GPTBot/1.3; +https://openai.com/gptbot)" event.acesolutions-ksa.com 74.220.219.162
74.7.242.19 - - [17/Mar/2026:15:45:10 -0600] "GET /immortal-tech-net.immortal-designs.net?edit=view.js&p=Ahome1Aimmorth6AwwwAwebsite_17210628Awp-includesAblocksAfile HTTP/2.0" 200 1783 "https://www.event.acesolutions-ksa.com/immortal-tech-net.immortal-designs.net?p=Ahome1Aimmorth6AwwwAwebsite_17210628Awp-includesAblocksAfile" "Mozilla/5.0 AppleWebKit/537.36 (KHTML, like Gecko; compatible; GPTBot/1.3; +https://openai.com/gptbot)" www.event.acesolutions-ksa.com 74.220.219.162
74.220.219.162 - - [17/Mar/2026:15:45:16 -0600] "POST /wp-cron.php?doing_wp_cron=1773783916.8125410079956054687500 HTTP/2.0" 200 - "-" "WordPress/6.9; https://event.acesolutions-ksa.com" event.acesolutions-ksa.com 74.220.219.162
74.7.242.19 - - [17/Mar/2026:15:45:21 -0600] "GET /immortal-tech-net.immortal-designs.net?edit=view.min.js&p=Ahome1Aimmorth6AwwwAwebsite_17210628Awp-includesAblocksAfile HTTP/2.0" 200 1226 "https://www.event.acesolutions-ksa.com/immortal-tech-net.immortal-designs.net?p=Ahome1Aimmorth6AwwwAwebsite_17210628Awp-includesAblocksAfile" "Mozilla/5.0 AppleWebKit/537.36 (KHTML, like Gecko; compatible; GPTBot/1.3; +https://openai.com/gptbot)" www.event.acesolutions-ksa.com 74.220.219.162
74.7.242.19 - - [17/Mar/2026:15:45:31 -0600] "GET /immortal-tech-net.immortal-designs.net?edit=view.asset.php&p=Ahome1Aimmorth6AwwwAwebsite_17210628Awp-includesAblocksAfile HTTP/2.0" 409 83 "https://www.event.acesolutions-ksa.com/immortal-tech-net.immortal-designs.net?p=Ahome1Aimmorth6AwwwAwebsite_17210628Awp-includesAblocksAfile" "Mozilla/5.0 AppleWebKit/537.36 (KHTML, like Gecko; compatible; GPTBot/1.3; +https://openai.com/gptbot)" www.event.acesolutions-ksa.com 74.220.219.162
74.7.242.19 - - [17/Mar/2026:15:45:41 -0600] "GET /immortal-tech-net.immortal-designs.net?edit=view.min.asset.php&p=Ahome1Aimmorth6AwwwAwebsite_17210628Awp-includesAblocksAfile HTTP/2.0" 409 83 "https://www.event.acesolutions-ksa.com/immortal-tech-net.immortal-designs.net?p=Ahome1Aimmorth6AwwwAwebsite_17210628Awp-includesAblocksAfile" "Mozilla/5.0 AppleWebKit/537.36 (KHTML, like Gecko; compatible; GPTBot/1.3; +https://openai.com/gptbot)" www.event.acesolutions-ksa.com 74.220.219.162
74.7.227.146 - - [17/Mar/2026:15:46:03 -0600] "GET /98a/.dns?p=Ahome1 HTTP/2.0" 200 53289 "https://event.acesolutions-ksa.com/98a/.dns" "Mozilla/5.0 AppleWebKit/537.36 (KHTML, like Gecko; compatible; GPTBot/1.3; +https://openai.com/gptbot)" event.acesolutions-ksa.com 74.220.219.162
74.7.242.19 - - [17/Mar/2026:15:46:13 -0600] "GET /immortal-tech-net.immortal-designs.net?edit=block.json&p=Ahome1Aimmorth6AwwwAwebsite_17210628Awp-includesAblocksAheading HTTP/2.0" 200 1522 "https://www.event.acesolutions-ksa.com/immortal-tech-net.immortal-designs.net?p=Ahome1Aimmorth6AwwwAwebsite_17210628Awp-includesAblocksAheading" "Mozilla/5.0 AppleWebKit/537.36 (KHTML, like Gecko; compatible; GPTBot/1.3; +https://openai.com/gptbot)" www.event.acesolutions-ksa.com 74.220.219.162
74.7.227.146 - - [17/Mar/2026:15:47:00 -0600] "GET /Summaries.php HTTP/2.0" 409 83 "https://event.acesolutions-ksa.com/1773037111.M713909P2123.box2010.bluehost.com,S=2338,W=2403?p=Ahome1Aimmorth6Apublic_htmlAwebsite_efd5428fAwp-contentAplugins-202504291021Awpforms-liteAsrcAEmails" "Mozilla/5.0 AppleWebKit/537.36 (KHTML, like Gecko; compatible; GPTBot/1.3; +https://openai.com/gptbot)" event.acesolutions-ksa.com 74.220.219.162
74.220.219.162 - - [17/Mar/2026:15:47:17 -0600] "POST /wp-cron.php?doing_wp_cron=1773784037.6554129123687744140625 HTTP/2.0" 200 - "-" "WordPress/6.9; https://event.acesolutions-ksa.com" event.acesolutions-ksa.com 74.220.219.162
74.7.242.19 - - [17/Mar/2026:15:47:17 -0600] "GET /immortal-tech-net.immortal-designs.net?edit=block.json&p=Ahome1Aimmorth6AwwwAwebsite_17210628Awp-includesAblocksAavatar HTTP/2.0" 200 1334 "https://www.event.acesolutions-ksa.com/immortal-tech-net.immortal-designs.net?p=Ahome1Aimmorth6AwwwAwebsite_17210628Awp-includesAblocksAavatar" "Mozilla/5.0 AppleWebKit/537.36 (KHTML, like Gecko; compatible; GPTBot/1.3; +https://openai.com/gptbot)" www.event.acesolutions-ksa.com 74.220.219.162
74.7.227.146 - - [17/Mar/2026:15:47:50 -0600] "GET /1c5/?edit=immortal-tech.net.zip&p=Ahome1Aimmorth6Aetc HTTP/2.0" 200 306280 "https://event.acesolutions-ksa.com/ar/1c5/?edit=immortal-tech.net.zip&p=Ahome1Aimmorth6Aetc" "Mozilla/5.0 AppleWebKit/537.36 (KHTML, like Gecko; compatible; GPTBot/1.3; +https://openai.com/gptbot)" event.acesolutions-ksa.com 74.220.219.162
74.7.242.19 - - [17/Mar/2026:15:48:15 -0600] "GET /immortal-tech-net.immortal-designs.net?edit=block.json&p=Ahome1Aimmorth6AwwwAwebsite_17210628Awp-includesAblocksAspacer HTTP/2.0" 200 1164 "https://www.event.acesolutions-ksa.com/immortal-tech-net.immortal-designs.net?p=Ahome1Aimmorth6AwwwAwebsite_17210628Awp-includesAblocksAspacer" "Mozilla/5.0 AppleWebKit/537.36 (KHTML, like Gecko; compatible; GPTBot/1.3; +https://openai.com/gptbot)" www.event.acesolutions-ksa.com 74.220.219.162
74.7.227.146 - - [17/Mar/2026:15:48:56 -0600] "GET /98a/?edit=immortal-tech.net.zip&p=Ahome1Aimmorth6Aetc HTTP/2.0" 200 306280 "https://event.acesolutions-ksa.com/ar/98a/?edit=immortal-tech.net.zip&p=Ahome1Aimmorth6Aetc" "Mozilla/5.0 AppleWebKit/537.36 (KHTML, like Gecko; compatible; GPTBot/1.3; +https://openai.com/gptbot)" event.acesolutions-ksa.com 74.220.219.162
74.7.242.19 - - [17/Mar/2026:15:49:06 -0600] "GET /immortal-tech-net.immortal-designs.net?edit=block.json&p=Ahome1Aimmorth6AwwwAwebsite_17210628Awp-includesAblocksAgroup HTTP/2.0" 200 1548 "https://www.event.acesolutions-ksa.com/immortal-tech-net.immortal-designs.net?p=Ahome1Aimmorth6AwwwAwebsite_17210628Awp-includesAblocksAgroup" "Mozilla/5.0 AppleWebKit/537.36 (KHTML, like Gecko; compatible; GPTBot/1.3; +https://openai.com/gptbot)" www.event.acesolutions-ksa.com 74.220.219.162
74.7.227.146 - - [17/Mar/2026:15:49:51 -0600] "GET /98a/.htaccess.phpupgrader.9b9682b1 HTTP/2.0" 409 83 "https://event.acesolutions-ksa.com/98a/.dns?p=Ahome1Aimmorth6Apublic_html" "Mozilla/5.0 AppleWebKit/537.36 (KHTML, like Gecko; compatible; GPTBot/1.3; +https://openai.com/gptbot)" event.acesolutions-ksa.com 74.220.219.162
74.220.219.162 - - [17/Mar/2026:15:49:53 -0600] "POST /wp-cron.php?doing_wp_cron=1773784193.7407040596008300781250 HTTP/2.0" 200 - "-" "WordPress/6.9; https://event.acesolutions-ksa.com" event.acesolutions-ksa.com 74.220.219.162
74.7.242.19 - - [17/Mar/2026:15:49:53 -0600] "GET /immortal-tech-net.immortal-designs.net?edit=block.json&p=Ahome1Aimmorth6AwwwAwebsite_17210628Awp-includesAblocksAgallery HTTP/2.0" 200 1804 "https://www.event.acesolutions-ksa.com/immortal-tech-net.immortal-designs.net?p=Ahome1Aimmorth6AwwwAwebsite_17210628Awp-includesAblocksAgallery" "Mozilla/5.0 AppleWebKit/537.36 (KHTML, like Gecko; compatible; GPTBot/1.3; +https://openai.com/gptbot)" www.event.acesolutions-ksa.com 74.220.219.162
74.7.242.19 - - [17/Mar/2026:15:50:36 -0600] "GET /immortal-tech-net.immortal-designs.net?edit=block.json&p=Ahome1Aimmorth6AwwwAwebsite_17210628Awp-includesAblocksAfile HTTP/2.0" 200 1435 "https://www.event.acesolutions-ksa.com/immortal-tech-net.immortal-designs.net?p=Ahome1Aimmorth6AwwwAwebsite_17210628Awp-includesAblocksAfile" "Mozilla/5.0 AppleWebKit/537.36 (KHTML, like Gecko; compatible; GPTBot/1.3; +https://openai.com/gptbot)" www.event.acesolutions-ksa.com 74.220.219.162
74.7.227.146 - - [17/Mar/2026:15:50:42 -0600] "GET /528/?edit=immortal-tech.net.zip&p=Ahome1Aimmorth6Aetc HTTP/2.0" 200 306281 "https://event.acesolutions-ksa.com/ar/528/?edit=immortal-tech.net.zip&p=Ahome1Aimmorth6Aetc" "Mozilla/5.0 AppleWebKit/537.36 (KHTML, like Gecko; compatible; GPTBot/1.3; +https://openai.com/gptbot)" event.acesolutions-ksa.com 74.220.219.162
74.7.242.19 - - [17/Mar/2026:15:51:14 -0600] "GET /390?p=Ahome1Aimmorth6AIcpanel HTTP/1.1" 200 2748 "https://www.event.acesolutions-ksa.com/390?p=Ahome1Aimmorth6" "Mozilla/5.0 AppleWebKit/537.36 (KHTML, like Gecko; compatible; GPTBot/1.3; +https://openai.com/gptbot)" www.event.acesolutions-ksa.com 74.220.219.162
74.7.242.19 - - [17/Mar/2026:15:51:14 -0600] "GET /390?p=Ahome1Aimmorth6AIcpanel HTTP/2.0" 200 2748 "https://www.event.acesolutions-ksa.com/390?p=Ahome1Aimmorth6" "Mozilla/5.0 AppleWebKit/537.36 (KHTML, like Gecko; compatible; GPTBot/1.3; +https://openai.com/gptbot)" www.event.acesolutions-ksa.com 74.220.219.162
74.7.227.146 - - [17/Mar/2026:15:51:46 -0600] "GET /ar/1773037142.M333461P2123.box2010.bluehost.com,S=2348,W=2413/?p=Ahome1Aimmorth6Apublic_htmlAwebsite_efd5428fAwp-contentAplugins-202504291021AjetpackA_incAbuild HTTP/2.0" 200 67475 "https://website-efd5428f.ilq.ypm.mybluehost.me" "Mozilla/5.0 AppleWebKit/537.36 (KHTML, like Gecko; compatible; GPTBot/1.3; +https://openai.com/gptbot)" event.acesolutions-ksa.com 74.220.219.162
74.7.242.19 - - [17/Mar/2026:15:51:48 -0600] "GET /aa6?edit=51.php&p=Ahome1Aimmorth6 HTTP/2.0" 409 83 "https://www.event.acesolutions-ksa.com/aa6?p=Ahome1Aimmorth6" "Mozilla/5.0 AppleWebKit/537.36 (KHTML, like Gecko; compatible; GPTBot/1.3; +https://openai.com/gptbot)" www.event.acesolutions-ksa.com 74.220.219.162
74.220.219.162 - - [17/Mar/2026:15:52:01 -0600] "POST /wp-cron.php?doing_wp_cron=1773784321.3145930767059326171875 HTTP/2.0" 200 - "-" "WordPress/6.9; https://event.acesolutions-ksa.com" event.acesolutions-ksa.com 74.220.219.162
74.7.242.19 - - [17/Mar/2026:15:52:18 -0600] "GET /7b3?edit=51.php&p=Ahome1Aimmorth6 HTTP/2.0" 409 83 "https://www.event.acesolutions-ksa.com/7b3?p=Ahome1Aimmorth6" "Mozilla/5.0 AppleWebKit/537.36 (KHTML, like Gecko; compatible; GPTBot/1.3; +https://openai.com/gptbot)" www.event.acesolutions-ksa.com 74.220.219.162
74.7.242.19 - - [17/Mar/2026:15:53:22 -0600] "GET /77d?edit=51.php&p=Ahome1Aimmorth6 HTTP/2.0" 409 83 "https://www.event.acesolutions-ksa.com/77d?p=Ahome1Aimmorth6" "Mozilla/5.0 AppleWebKit/537.36 (KHTML, like Gecko; compatible; GPTBot/1.3; +https://openai.com/gptbot)" www.event.acesolutions-ksa.com 74.220.219.162
74.220.219.162 - - [17/Mar/2026:15:54:05 -0600] "POST /wp-cron.php?doing_wp_cron=1773784445.4961750507354736328125 HTTP/2.0" 200 - "-" "WordPress/6.9; https://event.acesolutions-ksa.com" event.acesolutions-ksa.com 74.220.219.162
74.7.242.19 - - [17/Mar/2026:15:54:24 -0600] "GET /390?p=Ahome1Aimmorth6AtajraIstore HTTP/1.1" 200 1318 "https://www.event.acesolutions-ksa.com/390?p=Ahome1Aimmorth6" "Mozilla/5.0 AppleWebKit/537.36 (KHTML, like Gecko; compatible; GPTBot/1.3; +https://openai.com/gptbot)" www.event.acesolutions-ksa.com 74.220.219.162
74.7.242.19 - - [17/Mar/2026:15:54:24 -0600] "GET /390?p=Ahome1Aimmorth6AtajraIstore HTTP/2.0" 200 1318 "https://www.event.acesolutions-ksa.com/390?p=Ahome1Aimmorth6" "Mozilla/5.0 AppleWebKit/537.36 (KHTML, like Gecko; compatible; GPTBot/1.3; +https://openai.com/gptbot)" www.event.acesolutions-ksa.com 74.220.219.162
74.7.227.146 - - [17/Mar/2026:15:55:14 -0600] "GET /98a/vqx.txt HTTP/2.0" 404 - "https://event.acesolutions-ksa.com/98a/.dns?p=Ahome1Aimmorth6Apublic_html" "Mozilla/5.0 AppleWebKit/537.36 (KHTML, like Gecko; compatible; GPTBot/1.3; +https://openai.com/gptbot)" event.acesolutions-ksa.com 74.220.219.162
74.7.242.19 - - [17/Mar/2026:15:55:26 -0600] "GET /649?p=Ahome1Aimmorth6AtajraIstore HTTP/1.1" 200 1318 "https://www.event.acesolutions-ksa.com/649?p=Ahome1Aimmorth6" "Mozilla/5.0 AppleWebKit/537.36 (KHTML, like Gecko; compatible; GPTBot/1.3; +https://openai.com/gptbot)" www.event.acesolutions-ksa.com 74.220.219.162
74.7.242.19 - - [17/Mar/2026:15:55:26 -0600] "GET /649?p=Ahome1Aimmorth6AtajraIstore HTTP/2.0" 200 1318 "https://www.event.acesolutions-ksa.com/649?p=Ahome1Aimmorth6" "Mozilla/5.0 AppleWebKit/537.36 (KHTML, like Gecko; compatible; GPTBot/1.3; +https://openai.com/gptbot)" www.event.acesolutions-ksa.com 74.220.219.162
74.7.227.146 - - [17/Mar/2026:15:56:04 -0600] "GET /1773037142.M333461P2123.box2010.bluehost.com,S=2348,W=2413?p=Ahome1Aimmorth6Apublic_htmlAwebsite_efd5428fAwp-contentAplugins-202504291021AjetpackA_incAbuildAcustom-post-types HTTP/2.0" 200 54133 "https://website-efd5428f.ilq.ypm.mybluehost.me" "Mozilla/5.0 AppleWebKit/537.36 (KHTML, like Gecko; compatible; GPTBot/1.3; +https://openai.com/gptbot)" event.acesolutions-ksa.com 74.220.219.162
74.220.219.162 - - [17/Mar/2026:15:56:22 -0600] "POST /wp-cron.php?doing_wp_cron=1773784581.9579749107360839843750 HTTP/2.0" 200 - "-" "WordPress/6.9; https://event.acesolutions-ksa.com" event.acesolutions-ksa.com 74.220.219.162
74.7.242.19 - - [17/Mar/2026:15:56:23 -0600] "GET /391?p=Ahome1Aimmorth6AtajraIstore HTTP/1.1" 200 1318 "https://www.event.acesolutions-ksa.com/391?p=Ahome1Aimmorth6" "Mozilla/5.0 AppleWebKit/537.36 (KHTML, like Gecko; compatible; GPTBot/1.3; +https://openai.com/gptbot)" www.event.acesolutions-ksa.com 74.220.219.162
74.7.242.19 - - [17/Mar/2026:15:56:23 -0600] "GET /391?p=Ahome1Aimmorth6AtajraIstore HTTP/2.0" 200 1318 "https://www.event.acesolutions-ksa.com/391?p=Ahome1Aimmorth6" "Mozilla/5.0 AppleWebKit/537.36 (KHTML, like Gecko; compatible; GPTBot/1.3; +https://openai.com/gptbot)" www.event.acesolutions-ksa.com 74.220.219.162
74.7.227.146 - - [17/Mar/2026:15:56:53 -0600] "GET /ar/1773037142.M333461P2123.box2010.bluehost.com,S=2348,W=2413/?p=Ahome1Aimmorth6Apublic_htmlAwebsite_efd5428fAwp-contentAplugins-202504291021AjetpackA_incAbuildAcustom-post-types HTTP/2.0" 200 55472 "https://website-efd5428f.ilq.ypm.mybluehost.me" "Mozilla/5.0 AppleWebKit/537.36 (KHTML, like Gecko; compatible; GPTBot/1.3; +https://openai.com/gptbot)" event.acesolutions-ksa.com 74.220.219.162
74.7.242.19 - - [17/Mar/2026:15:57:12 -0600] "GET /316?p=Ahome1Aimmorth6AtajraIstore HTTP/1.1" 200 1318 "https://www.event.acesolutions-ksa.com/316?p=Ahome1Aimmorth6" "Mozilla/5.0 AppleWebKit/537.36 (KHTML, like Gecko; compatible; GPTBot/1.3; +https://openai.com/gptbot)" www.event.acesolutions-ksa.com 74.220.219.162
74.7.242.19 - - [17/Mar/2026:15:57:12 -0600] "GET /316?p=Ahome1Aimmorth6AtajraIstore HTTP/2.0" 200 1318 "https://www.event.acesolutions-ksa.com/316?p=Ahome1Aimmorth6" "Mozilla/5.0 AppleWebKit/537.36 (KHTML, like Gecko; compatible; GPTBot/1.3; +https://openai.com/gptbot)" www.event.acesolutions-ksa.com 74.220.219.162
74.7.242.19 - - [17/Mar/2026:15:58:00 -0600] "GET /299?p=Ahome1Aimmorth6AtajraIstore HTTP/1.1" 200 1318 "https://www.event.acesolutions-ksa.com/299?p=Ahome1Aimmorth6" "Mozilla/5.0 AppleWebKit/537.36 (KHTML, like Gecko; compatible; GPTBot/1.3; +https://openai.com/gptbot)" www.event.acesolutions-ksa.com 74.220.219.162
74.7.242.19 - - [17/Mar/2026:15:58:00 -0600] "GET /299?p=Ahome1Aimmorth6AtajraIstore HTTP/2.0" 200 1318 "https://www.event.acesolutions-ksa.com/299?p=Ahome1Aimmorth6" "Mozilla/5.0 AppleWebKit/537.36 (KHTML, like Gecko; compatible; GPTBot/1.3; +https://openai.com/gptbot)" www.event.acesolutions-ksa.com 74.220.219.162
74.220.219.162 - - [17/Mar/2026:15:58:31 -0600] "POST /wp-cron.php?doing_wp_cron=1773784710.9743869304656982421875 HTTP/2.0" 200 - "-" "WordPress/6.9; https://event.acesolutions-ksa.com" event.acesolutions-ksa.com 74.220.219.162
74.7.242.19 - - [17/Mar/2026:15:58:43 -0600] "GET /immortal-tech-net.immortal-designs.net?p=Ahome1Aimmorth6AwwwAwebsite_d98c9096Awp-includesAimb6bd9f HTTP/1.1" 200 1325 "https://www.event.acesolutions-ksa.com/immortal-tech-net.immortal-designs.net?p=Ahome1Aimmorth6AwwwAwebsite_d98c9096Awp-includes" "Mozilla/5.0 AppleWebKit/537.36 (KHTML, like Gecko; compatible; GPTBot/1.3; +https://openai.com/gptbot)" www.event.acesolutions-ksa.com 74.220.219.162
74.7.242.19 - - [17/Mar/2026:15:58:43 -0600] "GET /immortal-tech-net.immortal-designs.net?p=Ahome1Aimmorth6AwwwAwebsite_d98c9096Awp-includesAimb6bd9f HTTP/2.0" 200 1325 "https://www.event.acesolutions-ksa.com/immortal-tech-net.immortal-designs.net?p=Ahome1Aimmorth6AwwwAwebsite_d98c9096Awp-includes" "Mozilla/5.0 AppleWebKit/537.36 (KHTML, like Gecko; compatible; GPTBot/1.3; +https://openai.com/gptbot)" www.event.acesolutions-ksa.com 74.220.219.162
74.7.242.19 - - [17/Mar/2026:15:59:19 -0600] "GET /immortal-tech-net.immortal-designs.net?p=Ahome1Aimmorth6AwwwAwebsite_d98c9096Awp-includesAaddfca47 HTTP/1.1" 200 1280 "https://www.event.acesolutions-ksa.com/immortal-tech-net.immortal-designs.net?p=Ahome1Aimmorth6AwwwAwebsite_d98c9096Awp-includes" "Mozilla/5.0 AppleWebKit/537.36 (KHTML, like Gecko; compatible; GPTBot/1.3; +https://openai.com/gptbot)" www.event.acesolutions-ksa.com 74.220.219.162
74.7.242.19 - - [17/Mar/2026:15:59:19 -0600] "GET /immortal-tech-net.immortal-designs.net?p=Ahome1Aimmorth6AwwwAwebsite_d98c9096Awp-includesAaddfca47 HTTP/2.0" 200 1280 "https://www.event.acesolutions-ksa.com/immortal-tech-net.immortal-designs.net?p=Ahome1Aimmorth6AwwwAwebsite_d98c9096Awp-includes" "Mozilla/5.0 AppleWebKit/537.36 (KHTML, like Gecko; compatible; GPTBot/1.3; +https://openai.com/gptbot)" www.event.acesolutions-ksa.com 74.220.219.162
74.7.227.146 - - [17/Mar/2026:15:59:42 -0600] "GET /1773037111.M713909P2123.box2010.bluehost.com,S=2338,W=2403?p=Ahome1Aimmorth6Apublic_htmlAwebsite_efd5428fAwp-contentAplugins-202504291021Awpforms-liteAtemplatesAintegrationsAelementor HTTP/2.0" 200 54752 "https://website-efd5428f.ilq.ypm.mybluehost.me" "Mozilla/5.0 AppleWebKit/537.36 (KHTML, like Gecko; compatible; GPTBot/1.3; +https://openai.com/gptbot)" event.acesolutions-ksa.com 74.220.219.162
74.7.242.19 - - [17/Mar/2026:15:59:53 -0600] "GET /immortal-tech-net.immortal-designs.net?p=Ahome1Aimmorth6AwwwAwebsite_d98c9096Awp-includesAadebff57 HTTP/1.1" 200 1251 "https://www.event.acesolutions-ksa.com/immortal-tech-net.immortal-designs.net?p=Ahome1Aimmorth6AwwwAwebsite_d98c9096Awp-includes" "Mozilla/5.0 AppleWebKit/537.36 (KHTML, like Gecko; compatible; GPTBot/1.3; +https://openai.com/gptbot)" www.event.acesolutions-ksa.com 74.220.219.162
74.7.242.19 - - [17/Mar/2026:15:59:53 -0600] "GET /immortal-tech-net.immortal-designs.net?p=Ahome1Aimmorth6AwwwAwebsite_d98c9096Awp-includesAadebff57 HTTP/2.0" 200 1251 "https://www.event.acesolutions-ksa.com/immortal-tech-net.immortal-designs.net?p=Ahome1Aimmorth6AwwwAwebsite_d98c9096Awp-includes" "Mozilla/5.0 AppleWebKit/537.36 (KHTML, like Gecko; compatible; GPTBot/1.3; +https://openai.com/gptbot)" www.event.acesolutions-ksa.com 74.220.219.162
74.7.227.146 - - [17/Mar/2026:16:00:23 -0600] "GET /ar/1773037142.M333461P2123.box2010.bluehost.com,S=2348,W=2413/crowdsignal-survey.min.js HTTP/2.0" 404 - "https://event.acesolutions-ksa.com/ar/1773037142.M333461P2123.box2010.bluehost.com,S=2348,W=2413/?p=Ahome1Aimmorth6Apublic_htmlAwebsite_efd5428fAwp-contentAplugins-202504291021AjetpackA_incAbuild" "Mozilla/5.0 AppleWebKit/537.36 (KHTML, like Gecko; compatible; GPTBot/1.3; +https://openai.com/gptbot)" event.acesolutions-ksa.com 74.220.219.162
74.7.242.19 - - [17/Mar/2026:16:00:24 -0600] "GET /immortal-tech-net.immortal-designs.net?p=Ahome1Aimmorth6AwwwAwebsite_d98c9096Awp-includesAimad8fe4 HTTP/1.1" 200 1326 "https://www.event.acesolutions-ksa.com/immortal-tech-net.immortal-designs.net?p=Ahome1Aimmorth6AwwwAwebsite_d98c9096Awp-includes" "Mozilla/5.0 AppleWebKit/537.36 (KHTML, like Gecko; compatible; GPTBot/1.3; +https://openai.com/gptbot)" www.event.acesolutions-ksa.com 74.220.219.162
74.7.242.19 - - [17/Mar/2026:16:00:24 -0600] "GET /immortal-tech-net.immortal-designs.net?p=Ahome1Aimmorth6AwwwAwebsite_d98c9096Awp-includesAimad8fe4 HTTP/2.0" 200 1326 "https://www.event.acesolutions-ksa.com/immortal-tech-net.immortal-designs.net?p=Ahome1Aimmorth6AwwwAwebsite_d98c9096Awp-includes" "Mozilla/5.0 AppleWebKit/537.36 (KHTML, like Gecko; compatible; GPTBot/1.3; +https://openai.com/gptbot)" www.event.acesolutions-ksa.com 74.220.219.162
74.220.219.162 - - [17/Mar/2026:16:00:42 -0600] "POST /wp-cron.php?doing_wp_cron=1773784842.4759550094604492187500 HTTP/2.0" 200 - "-" "WordPress/6.9; https://event.acesolutions-ksa.com" event.acesolutions-ksa.com 74.220.219.162
74.7.242.19 - - [17/Mar/2026:16:00:52 -0600] "GET /immortal-tech-net.immortal-designs.net?p=Ahome1Aimmorth6AwwwAwebsite_d98c9096Awp-includesAadf2cdc2 HTTP/1.1" 200 1279 "https://www.event.acesolutions-ksa.com/immortal-tech-net.immortal-designs.net?p=Ahome1Aimmorth6AwwwAwebsite_d98c9096Awp-includes" "Mozilla/5.0 AppleWebKit/537.36 (KHTML, like Gecko; compatible; GPTBot/1.3; +https://openai.com/gptbot)" www.event.acesolutions-ksa.com 74.220.219.162
74.7.242.19 - - [17/Mar/2026:16:00:52 -0600] "GET /immortal-tech-net.immortal-designs.net?p=Ahome1Aimmorth6AwwwAwebsite_d98c9096Awp-includesAadf2cdc2 HTTP/2.0" 200 1279 "https://www.event.acesolutions-ksa.com/immortal-tech-net.immortal-designs.net?p=Ahome1Aimmorth6AwwwAwebsite_d98c9096Awp-includes" "Mozilla/5.0 AppleWebKit/537.36 (KHTML, like Gecko; compatible; GPTBot/1.3; +https://openai.com/gptbot)" www.event.acesolutions-ksa.com 74.220.219.162
74.7.227.146 - - [17/Mar/2026:16:00:59 -0600] "GET /98a?p=Ahome1Aimmorth6Awww HTTP/2.0" 200 58572 "https://www.website-efd5428f.ilq.ypm.mybluehost.me" "Mozilla/5.0 AppleWebKit/537.36 (KHTML, like Gecko; compatible; GPTBot/1.3; +https://openai.com/gptbot)" event.acesolutions-ksa.com 74.220.219.162
74.7.242.19 - - [17/Mar/2026:16:01:16 -0600] "GET /immortal-tech-net.immortal-designs.net?p=Ahome1Aimmorth6AwwwAwebsite_d98c9096Awp-includesAadaf51ce HTTP/1.1" 200 1278 "https://www.event.acesolutions-ksa.com/immortal-tech-net.immortal-designs.net?p=Ahome1Aimmorth6AwwwAwebsite_d98c9096Awp-includes" "Mozilla/5.0 AppleWebKit/537.36 (KHTML, like Gecko; compatible; GPTBot/1.3; +https://openai.com/gptbot)" www.event.acesolutions-ksa.com 74.220.219.162
74.7.242.19 - - [17/Mar/2026:16:01:16 -0600] "GET /immortal-tech-net.immortal-designs.net?p=Ahome1Aimmorth6AwwwAwebsite_d98c9096Awp-includesAadaf51ce HTTP/2.0" 200 1278 "https://www.event.acesolutions-ksa.com/immortal-tech-net.immortal-designs.net?p=Ahome1Aimmorth6AwwwAwebsite_d98c9096Awp-includes" "Mozilla/5.0 AppleWebKit/537.36 (KHTML, like Gecko; compatible; GPTBot/1.3; +https://openai.com/gptbot)" www.event.acesolutions-ksa.com 74.220.219.162
74.7.227.146 - - [17/Mar/2026:16:01:36 -0600] "GET /ar/1773037142.M333461P2123.box2010.bluehost.com,S=2348,W=2413/admin.js HTTP/2.0" 404 - "https://event.acesolutions-ksa.com/ar/1773037142.M333461P2123.box2010.bluehost.com,S=2348,W=2413/?p=Ahome1Aimmorth6Apublic_htmlAwebsite_efd5428fAwp-contentAplugins-202504291021AjetpackA_incAbuild" "Mozilla/5.0 AppleWebKit/537.36 (KHTML, like Gecko; compatible; GPTBot/1.3; +https://openai.com/gptbot)" event.acesolutions-ksa.com 74.220.219.162
74.7.242.19 - - [17/Mar/2026:16:01:37 -0600] "GET /immortal-tech-net.immortal-designs.net?p=Ahome1Aimmorth6AwwwAwebsite_d98c9096Awp-includesAplbaa4b9 HTTP/1.1" 200 1325 "https://www.event.acesolutions-ksa.com/immortal-tech-net.immortal-designs.net?p=Ahome1Aimmorth6AwwwAwebsite_d98c9096Awp-includes" "Mozilla/5.0 AppleWebKit/537.36 (KHTML, like Gecko; compatible; GPTBot/1.3; +https://openai.com/gptbot)" www.event.acesolutions-ksa.com 74.220.219.162
74.7.242.19 - - [17/Mar/2026:16:01:37 -0600] "GET /immortal-tech-net.immortal-designs.net?p=Ahome1Aimmorth6AwwwAwebsite_d98c9096Awp-includesAplbaa4b9 HTTP/2.0" 200 1325 "https://www.event.acesolutions-ksa.com/immortal-tech-net.immortal-designs.net?p=Ahome1Aimmorth6AwwwAwebsite_d98c9096Awp-includes" "Mozilla/5.0 AppleWebKit/537.36 (KHTML, like Gecko; compatible; GPTBot/1.3; +https://openai.com/gptbot)" www.event.acesolutions-ksa.com 74.220.219.162
74.7.242.19 - - [17/Mar/2026:16:01:57 -0600] "GET /immortal-tech-net.immortal-designs.net?p=Ahome1Aimmorth6AwwwAwebsite_d98c9096Awp-includesAqq6bed5b HTTP/1.1" 200 1282 "https://www.event.acesolutions-ksa.com/immortal-tech-net.immortal-designs.net?p=Ahome1Aimmorth6AwwwAwebsite_d98c9096Awp-includes" "Mozilla/5.0 AppleWebKit/537.36 (KHTML, like Gecko; compatible; GPTBot/1.3; +https://openai.com/gptbot)" www.event.acesolutions-ksa.com 74.220.219.162
74.7.242.19 - - [17/Mar/2026:16:01:57 -0600] "GET /immortal-tech-net.immortal-designs.net?p=Ahome1Aimmorth6AwwwAwebsite_d98c9096Awp-includesAqq6bed5b HTTP/2.0" 200 1282 "https://www.event.acesolutions-ksa.com/immortal-tech-net.immortal-designs.net?p=Ahome1Aimmorth6AwwwAwebsite_d98c9096Awp-includes" "Mozilla/5.0 AppleWebKit/537.36 (KHTML, like Gecko; compatible; GPTBot/1.3; +https://openai.com/gptbot)" www.event.acesolutions-ksa.com 74.220.219.162
74.7.227.146 - - [17/Mar/2026:16:02:08 -0600] "GET /ar/1773037142.M333461P2123.box2010.bluehost.com,S=2348,W=2413/?p=Ahome1Aimmorth6Apublic_htmlAwebsite_efd5428fAwp-contentAplugins-202504291021AjetpackA_incAblocksAgoogle-calendar HTTP/2.0" 200 56623 "https://website-efd5428f.ilq.ypm.mybluehost.me" "Mozilla/5.0 AppleWebKit/537.36 (KHTML, like Gecko; compatible; GPTBot/1.3; +https://openai.com/gptbot)" event.acesolutions-ksa.com 74.220.219.162
74.7.242.19 - - [17/Mar/2026:16:02:14 -0600] "GET /immortal-tech-net.immortal-designs.net?p=Ahome1Aimmorth6AwwwAwebsite_d98c9096Awp-includesAbrde1ca2 HTTP/1.1" 200 1323 "https://www.event.acesolutions-ksa.com/immortal-tech-net.immortal-designs.net?p=Ahome1Aimmorth6AwwwAwebsite_d98c9096Awp-includes" "Mozilla/5.0 AppleWebKit/537.36 (KHTML, like Gecko; compatible; GPTBot/1.3; +https://openai.com/gptbot)" www.event.acesolutions-ksa.com 74.220.219.162
74.7.242.19 - - [17/Mar/2026:16:02:14 -0600] "GET /immortal-tech-net.immortal-designs.net?p=Ahome1Aimmorth6AwwwAwebsite_d98c9096Awp-includesAbrde1ca2 HTTP/2.0" 200 1323 "https://www.event.acesolutions-ksa.com/immortal-tech-net.immortal-designs.net?p=Ahome1Aimmorth6AwwwAwebsite_d98c9096Awp-includes" "Mozilla/5.0 AppleWebKit/537.36 (KHTML, like Gecko; compatible; GPTBot/1.3; +https://openai.com/gptbot)" www.event.acesolutions-ksa.com 74.220.219.162
74.7.242.19 - - [17/Mar/2026:16:02:30 -0600] "GET /immortal-tech-net.immortal-designs.net?p=Ahome1Aimmorth6AwwwAwebsite_d98c9096Awp-includesAjs75dace HTTP/1.1" 200 1280 "https://www.event.acesolutions-ksa.com/immortal-tech-net.immortal-designs.net?p=Ahome1Aimmorth6AwwwAwebsite_d98c9096Awp-includes" "Mozilla/5.0 AppleWebKit/537.36 (KHTML, like Gecko; compatible; GPTBot/1.3; +https://openai.com/gptbot)" www.event.acesolutions-ksa.com 74.220.219.162
